--
-- Table structure for table `aclfolder`
--

CREATE TABLE IF NOT EXISTS `aclfolder` (
  `aclfolder_user` int(10) unsigned DEFAULT NULL,
  `aclfolder_folder` int(10) unsigned DEFAULT NULL,
  `aclfolder_rights` int(1) DEFAULT NULL,
  `expiration_date` date NOT NULL DEFAULT '0000-00-00'
) ENGINE=MyISAM;

--
-- Dumping data for table `aclfolder`
--


-- --------------------------------------------------------

--
-- Table structure for table `address_book`
--

CREATE TABLE IF NOT EXISTS `address_book` (
  `id` int(10) unsigned NOT NULL AUTO_INCREMENT,
  `user` int(10) unsigned NOT NULL DEFAULT '0',
  `ship_to_name` varchar(50) NOT NULL DEFAULT '',
  `salutation` varchar(50) NOT NULL DEFAULT '',
  `first_name` varchar(50) NOT NULL DEFAULT '',
  `last_name` varchar(50) NOT NULL DEFAULT '',
  `company` varchar(50) NOT NULL DEFAULT '',
  `address_1` varchar(50) NOT NULL DEFAULT '',
  `address_2` varchar(50) NOT NULL DEFAULT '',
  `city` varchar(50) NOT NULL DEFAULT '',
  `state` varchar(50) NOT NULL DEFAULT '',
  `zip_code` varchar(50) NOT NULL DEFAULT '',
  `country` varchar(50) NOT NULL DEFAULT '',
  `phone_number` varchar(50) NOT NULL DEFAULT '',
  `address_type` enum('','residential','business') NOT NULL DEFAULT '',
  PRIMARY KEY (`id`),
  KEY `user` (`user`)
) ENGINE=MyISAM  AUTO_INCREMENT=12 ;

--
-- Dumping data for table `address_book`
--


-- --------------------------------------------------------

--
-- Table structure for table `ads`
--

CREATE TABLE IF NOT EXISTS `ads` (
  `id` int(10) unsigned NOT NULL AUTO_INCREMENT,
  `name` varchar(100) NOT NULL DEFAULT '',
  `content` mediumtext NOT NULL,
  `ad_region_id` int(10) unsigned NOT NULL DEFAULT '0',
  `label` varchar(255) NOT NULL DEFAULT '',
  `sort_order` smallint(5) unsigned NOT NULL DEFAULT '0',
  `created_user_id` int(10) unsigned NOT NULL DEFAULT '0',
  `created_timestamp` int(10) unsigned NOT NULL DEFAULT '0',
  `last_modified_user_id` int(10) unsigned NOT NULL DEFAULT '0',
  `last_modified_timestamp` int(10) unsigned NOT NULL DEFAULT '0',
  `caption` mediumtext NOT NULL,
  PRIMARY KEY (`id`),
  KEY `ad_region_id` (`ad_region_id`)
) ENGINE=MyISAM  AUTO_INCREMENT=42 ;

--
-- Dumping data for table `ads`
--

INSERT INTO `ads` (`id`, `name`, `content`, `ad_region_id`, `label`, `sort_order`, `created_user_id`, `created_timestamp`, `last_modified_user_id`, `last_modified_timestamp`, `caption`) VALUES
(18, 'Experience & Expertise', '<div class="theme-sample-ad-6">&nbsp;</div>', 1, '6', 6, 2, 1333955843, 2, 1364642286, '<h1>Experience &amp; Expertise</h1>\r\n<h2>Professional Web Architects ready to jump in.</h2>\r\n<p>From installation to customization and support, our team of professionals with over 20 years of experience<br /> can help you build the website you need. No project is too large or too small!</p>'),
(14, 'Front End Design', '<div class="theme-sample-ad-5">&nbsp;</div>', 1, '5', 5, 2, 1333079995, 2, 1365633091, '<h1>Built-In Theme Designer</h1>\r\n<h2>Create your own web designs.</h2>\r\n<p>With point-and-click design options, you can create a professional-looking site that works on all browsers and mobile devices.<br />Pick a theme and add custom fonts, colors, and backgrounds &mdash; all without any CSS coding or additional web design tools.</p>'),
(30, 'Experience & Expertise Mobile', '<div class="theme-sample-ad-6-mobile">&nbsp;</div>', 10, '6', 6, 2, 1361912609, 2, 1361914255, '<h1>Experience &amp; Expertise</h1>\r\n<p>Professional Web Architects ready to jump in.</p>'),
(23, 'All-inclusive Functionality', '<div class="theme-sample-ad-1">&nbsp;</div>', 1, '1', 1, 2, 1360953392, 2, 1365632789, '<h1>All-In-One Functionality</h1>\r\n<h2>One software tool does it all.</h2>\r\n<p>To design, build, and manage a professional website, you no longer need several complex and expensive software programs.<br />Now you can do it all with one online tool.</p>'),
(26, 'Web Development Without Coding', '<div class="theme-sample-ad-2">&nbsp;</div>', 1, '2', 2, 2, 1361003224, 2, 1361527628, '<h1>Web Development For All</h1>\r\n<h2>Create your own secure, database-driven website without coding.</h2>\r\n<p>You don''t need to hire expensive programmers to code the site of your dreams.<br />Now you can build it yourself using our point-and-click software to suit your needs.</p>'),
(27, 'Mobile Ready', '<div class="theme-sample-ad-3">&nbsp;</div>', 1, '3', 3, 2, 1361003240, 2, 1361527647, '<h1>Mobile Ready</h1>\r\n<h2>One Site.&nbsp; Many Devices.</h2>\r\n<p>While most website software platforms require you to create and manage different web pages for your mobile visitors &mdash; we don''t.<br />While responsive design is good, total freedom on the layout and presentation of your pages on mobile devices is better.</p>'),
(25, 'Built-In Modules', '<div class="theme-sample-ad-4">&nbsp;</div>', 1, '4', 4, 2, 1361000021, 2, 1365631964, '<h1>Built-In Modules</h1>\r\n<h2>Say no to plug-ins.</h2>\r\n<p>No need to worry about out-of-date, poorly supported and many times insecure plug-ins that may not work together.<br />All modules are included and with continuous software updates, your site will always have the latest features.</p>'),
(31, 'Front End Design Mobile', '<div class="theme-sample-ad-5-mobile">&nbsp;</div>', 10, '5', 5, 2, 1361912650, 2, 1361914371, '<h1>Built-In Theme Designer</h1>\r\n<p>Create your own web designs.</p>'),
(32, 'Built-In Modules Mobile', '<div class="theme-sample-ad-4-mobile">&nbsp;</div>', 10, '4', 4, 2, 1361962435, 2, 1361962710, '<h1>Built-In Modules</h1>\r\n<p>Say no to plug-ins.</p>'),
(33, 'Mobile Ready Mobile', '<div class="theme-sample-ad-3-mobile">&nbsp;</div>', 10, '3', 3, 2, 1361962487, 2, 1361962696, '<h1>Mobile Ready</h1>\r\n<p>One Site.&nbsp; Many Devices.</p>'),
(34, 'Web Development Without Coding Mobile', '<div class="theme-sample-ad-2-mobile">&nbsp;</div>', 10, '2', 2, 2, 1361962542, 2, 1361964219, '<h1>Web Development For All</h1>\r\n<p>Create your own secure, database-driven website without coding.</p>'),
(35, 'All-inclusive Functionality Mobile', '<div class="theme-sample-ad-1-mobile">&nbsp;</div>', 10, '1', 1, 2, 1361962591, 2, 1364572935, '<h1>All-In-One Functionality</h1>\r\n<p>One software tool does it all.</p>'),
(36, 'testimonial-1', '<p>&nbsp;</p>\r\n<p style="text-align: center;"><span class="text-quote">Before I got married I had six theories about bringing up children; <br />now I have six children and no theories.<br />&mdash;John Wilmot</span></p>\r\n<p>&nbsp;</p>', 11, '', 0, 2, 1364810573, 2, 1364811128, ''),
(37, 'testimonial-2', '<p>&nbsp;</p>\r\n<p style="text-align: center;"><span class="text-quote">What the world needs is more geniuses with humility, there are so few of us left.<br />&mdash;Oscar Levant</span></p>\r\n<p>&nbsp;</p>', 11, '', 0, 2, 1364810615, 2, 1364810964, ''),
(38, 'testimonial-3', '<p>&nbsp;</p>\r\n<p style="text-align: center;"><span class="text-quote">Always forgive your enemies; nothing annoys them so much.<br />&mdash;Oscar Wilde</span></p>\r\n<p>&nbsp;</p>', 11, '', 0, 2, 1364810638, 2, 1364810941, ''),
(39, 'testimonial-4', '<p>&nbsp;</p>\r\n<p style="text-align: center;"><span class="text-quote">Those who believe in telekinetics, raise my hand.<br />&mdash;Kurt Vonnegut</span></p>\r\n<p>&nbsp;</p>', 11, '', 0, 2, 1364810655, 2, 1364810915, ''),
(40, 'testimonial-5', '<p>&nbsp;</p>\r\n<p style="text-align: center;"><span class="text-quote">I quit therapy because my analyst was trying to help me behind my back.<br />&mdash;Richard Lewis</span></p>\r\n<p>&nbsp;</p>', 11, '', 0, 2, 1364810670, 2, 1364810890, ''),
(41, 'testimonial-6', '<p>&nbsp;</p>\r\n<p style="text-align: center;"><span class="text-quote">If the lessons of history teach us anything<br /> it is that nobody learns the lessons history teaches us.<br />&mdash;Anon</span></p>\r\n<p>&nbsp;</p>', 11, '', 0, 2, 1364810684, 2, 1364811182, '');

-- --------------------------------------------------------

--
-- Table structure for table `ad_regions`
--

CREATE TABLE IF NOT EXISTS `ad_regions` (
  `id` int(10) unsigned NOT NULL AUTO_INCREMENT,
  `name` varchar(100) NOT NULL DEFAULT '',
  `display_type` enum('static','dynamic') NOT NULL DEFAULT 'static',
  `transition_duration` smallint(6) NOT NULL DEFAULT '0',
  `slideshow` tinyint(4) NOT NULL DEFAULT '0',
  `slideshow_interval` smallint(6) NOT NULL DEFAULT '0',
  `created_user_id` int(10) unsigned NOT NULL DEFAULT '0',
  `created_timestamp` int(10) unsigned NOT NULL DEFAULT '0',
  `last_modified_user_id` int(10) unsigned NOT NULL DEFAULT '0',
  `last_modified_timestamp` int(10) unsigned NOT NULL DEFAULT '0',
  `transition_type` enum('slide','fade') NOT NULL DEFAULT 'slide',
  `slideshow_continuous` tinyint(3) unsigned NOT NULL DEFAULT '0',
  PRIMARY KEY (`id`)
) ENGINE=MyISAM  AUTO_INCREMENT=12 ;

--
-- Dumping data for table `ad_regions`
--

INSERT INTO `ad_regions` (`id`, `name`, `display_type`, `transition_duration`, `slideshow`, `slideshow_interval`, `created_user_id`, `created_timestamp`, `last_modified_user_id`, `last_modified_timestamp`, `transition_type`, `slideshow_continuous`) VALUES
(1, 'home-ad-region', 'dynamic', 0, 1, 10, 2, 1264321372, 2, 1361122689, 'fade', 1),
(10, 'home-mobile-ad-region', 'dynamic', 0, 1, 5, 2, 1361912551, 2, 1361912551, 'fade', 1),
(11, 'home-testimonials', 'static', 0, 0, 10, 2, 1364809653, 2, 1364809664, 'slide', 1);

-- --------------------------------------------------------

--
-- Table structure for table `affiliate_sign_up_form_pages`
--

CREATE TABLE IF NOT EXISTS `affiliate_sign_up_form_pages` (
  `id` int(10) unsigned NOT NULL AUTO_INCREMENT,
  `page_id` int(10) unsigned NOT NULL DEFAULT '0',
  `terms_page_id` int(10) unsigned NOT NULL DEFAULT '0',
  `submit_button_label` varchar(50) NOT NULL DEFAULT '',
  `next_page_id` int(10) unsigned NOT NULL DEFAULT '0',
  PRIMARY KEY (`id`),
  UNIQUE KEY `page_id` (`page_id`)
) ENGINE=MyISAM  AUTO_INCREMENT=10 ;

--
-- Dumping data for table `affiliate_sign_up_form_pages`
--

INSERT INTO `affiliate_sign_up_form_pages` (`id`, `page_id`, `terms_page_id`, `submit_button_label`, `next_page_id`) VALUES
(9, 169, 182, 'Apply Now', 180);

-- --------------------------------------------------------

--
-- Table structure for table `allow_new_comments_for_items`
--

CREATE TABLE IF NOT EXISTS `allow_new_comments_for_items` (
  `page_id` int(10) unsigned NOT NULL DEFAULT '0',
  `item_id` int(10) unsigned NOT NULL DEFAULT '0',
  `item_type` enum('','submitted_form','calendar_event','product_group','product') NOT NULL DEFAULT '',
  `allow_new_comments` tinyint(3) unsigned NOT NULL DEFAULT '0',
  KEY `page_id` (`page_id`),
  KEY `item_id` (`item_id`)
) ENGINE=MyISAM;

--
-- Dumping data for table `allow_new_comments_for_items`
--


-- --------------------------------------------------------

--
-- Table structure for table `applied_gift_cards`
--

CREATE TABLE IF NOT EXISTS `applied_gift_cards` (
  `id` int(10) unsigned NOT NULL AUTO_INCREMENT,
  `order_id` int(10) unsigned NOT NULL DEFAULT '0',
  `code` varchar(50) NOT NULL DEFAULT '',
  `old_balance` int(10) unsigned NOT NULL DEFAULT '0',
  `new_balance` int(10) unsigned NOT NULL DEFAULT '0',
  `authorization_number` varchar(50) NOT NULL DEFAULT '',
  PRIMARY KEY (`id`),
  KEY `order_id` (`order_id`)
) ENGINE=MyISAM AUTO_INCREMENT=1 ;

--
-- Dumping data for table `applied_gift_cards`
--


-- --------------------------------------------------------

--
-- Table structure for table `arrival_dates`
--

CREATE TABLE IF NOT EXISTS `arrival_dates` (
  `id` int(10) unsigned NOT NULL AUTO_INCREMENT,
  `name` varchar(50) NOT NULL DEFAULT '',
  `description` varchar(255) NOT NULL DEFAULT '',
  `code` varchar(50) NOT NULL DEFAULT '',
  `arrival_date` date NOT NULL DEFAULT '0000-00-00',
  `status` enum('enabled','disabled') NOT NULL DEFAULT 'enabled',
  `start_date` date NOT NULL DEFAULT '0000-00-00',
  `end_date` date NOT NULL DEFAULT '0000-00-00',
  `default_selected` tinyint(4) NOT NULL DEFAULT '0',
  `sort_order` smallint(6) NOT NULL DEFAULT '0',
  `custom` tinyint(4) NOT NULL DEFAULT '0',
  `user` int(10) unsigned NOT NULL DEFAULT '0',
  `timestamp` int(10) unsigned NOT NULL DEFAULT '0',
  `custom_maximum_arrival_date` date NOT NULL DEFAULT '0000-00-00',
  PRIMARY KEY (`id`)
) ENGINE=MyISAM  AUTO_INCREMENT=3 ;

--
-- Dumping data for table `arrival_dates`
--

INSERT INTO `arrival_dates` (`id`, `name`, `description`, `code`, `arrival_date`, `status`, `start_date`, `end_date`, `default_selected`, `sort_order`, `custom`, `user`, `timestamp`, `custom_maximum_arrival_date`) VALUES
(1, 'At Once', 'We will ship your items as soon as possible.', 'AT-ONCE', '0000-00-00', 'enabled', '2012-01-01', '2099-01-01', 1, 1, 0, 2, 1370465317, '0000-00-00'),
(2, 'Requested Arrival Date', 'Format: mm/dd/yyyy <br/>(This is an optional feature for gifts and other time-sensitive orders.)', 'SDATE', '0000-00-00', 'enabled', '2012-01-01', '2099-12-31', 0, 99, 1, 2, 1370465314, '0000-00-00');

-- --------------------------------------------------------

--
-- Table structure for table `banned_ip_addresses`
--

CREATE TABLE IF NOT EXISTS `banned_ip_addresses` (
  `id` int(10) unsigned NOT NULL AUTO_INCREMENT,
  `ip_address` varchar(15) NOT NULL DEFAULT '',
  PRIMARY KEY (`id`)
) ENGINE=MyISAM AUTO_INCREMENT=1 ;

--
-- Dumping data for table `banned_ip_addresses`
--


-- --------------------------------------------------------

--
-- Table structure for table `billing_information_pages`
--

CREATE TABLE IF NOT EXISTS `billing_information_pages` (
  `id` int(10) unsigned NOT NULL AUTO_INCREMENT,
  `page_id` int(10) unsigned NOT NULL DEFAULT '0',
  `submit_button_label` varchar(50) NOT NULL DEFAULT '',
  `next_page_id` int(10) unsigned NOT NULL DEFAULT '0',
  `po_number` tinyint(4) NOT NULL DEFAULT '0',
  `custom_field_1_label` varchar(255) NOT NULL DEFAULT '',
  `custom_field_1_required` tinyint(4) NOT NULL DEFAULT '0',
  `custom_field_2_label` varchar(255) NOT NULL DEFAULT '',
  `custom_field_2_required` tinyint(4) NOT NULL DEFAULT '0',
  PRIMARY KEY (`id`),
  UNIQUE KEY `page_id` (`page_id`)
) ENGINE=MyISAM  AUTO_INCREMENT=4 ;

--
-- Dumping data for table `billing_information_pages`
--

INSERT INTO `billing_information_pages` (`id`, `page_id`, `submit_button_label`, `next_page_id`, `po_number`, `custom_field_1_label`, `custom_field_1_required`, `custom_field_2_label`, `custom_field_2_required`) VALUES
(3, 179, 'Continue Checkout', 101, 1, '', 0, '', 0);

-- --------------------------------------------------------

--
-- Table structure for table `calendars`
--

CREATE TABLE IF NOT EXISTS `calendars` (
  `id` int(10) unsigned NOT NULL AUTO_INCREMENT,
  `name` varchar(100) NOT NULL DEFAULT '',
  `created_user_id` int(10) unsigned NOT NULL DEFAULT '0',
  `created_timestamp` int(10) unsigned NOT NULL DEFAULT '0',
  `last_modified_user_id` int(10) unsigned NOT NULL DEFAULT '0',
  `last_modified_timestamp` int(10) unsigned NOT NULL DEFAULT '0',
  PRIMARY KEY (`id`)
) ENGINE=MyISAM  AUTO_INCREMENT=7 ;

--
-- Dumping data for table `calendars`
--

INSERT INTO `calendars` (`id`, `name`, `created_user_id`, `created_timestamp`, `last_modified_user_id`, `last_modified_timestamp`) VALUES
(1, 'Public Calendar', 56, 1200284744, 2, 1366039621),
(2, 'Staff Calendar', 56, 1200285263, 2, 1343808252),
(3, 'Members Calendar', 1, 1216888307, 2, 1343808288),
(5, 'Ice Rink Reservations', 2, 1333446330, 2, 1343808276),
(6, 'Class Calendar', 2, 1333468004, 2, 1343808266);

-- --------------------------------------------------------

--
-- Table structure for table `calendar_events`
--

CREATE TABLE IF NOT EXISTS `calendar_events` (
  `id` int(10) unsigned NOT NULL AUTO_INCREMENT,
  `name` varchar(100) NOT NULL DEFAULT '',
  `published` tinyint(4) NOT NULL DEFAULT '0',
  `short_description` varchar(255) NOT NULL DEFAULT '',
  `full_description` mediumblob NOT NULL,
  `start_time` datetime NOT NULL DEFAULT '0000-00-00 00:00:00',
  `end_time` datetime NOT NULL DEFAULT '0000-00-00 00:00:00',
  `recurrence_number` int(10) unsigned NOT NULL DEFAULT '0',
  `recurrence_type` enum('','day','week','month','year') NOT NULL DEFAULT '',
  `created_user_id` int(10) unsigned NOT NULL DEFAULT '0',
  `created_timestamp` int(10) unsigned NOT NULL DEFAULT '0',
  `last_modified_user_id` int(10) unsigned NOT NULL DEFAULT '0',
  `last_modified_timestamp` int(10) unsigned NOT NULL DEFAULT '0',
  `location` varchar(100) NOT NULL DEFAULT '',
  `notes` mediumblob NOT NULL,
  `reservations` tinyint(3) unsigned NOT NULL DEFAULT '0',
  `separate_reservations` tinyint(3) unsigned NOT NULL DEFAULT '0',
  `limit_reservations` tinyint(3) unsigned NOT NULL DEFAULT '0',
  `number_of_initial_spots` int(10) unsigned NOT NULL DEFAULT '0',
  `reserve_button_label` varchar(50) NOT NULL DEFAULT '',
  `no_remaining_spots_message` text NOT NULL,
  `product_id` int(10) unsigned NOT NULL DEFAULT '0',
  `next_page_id` int(10) unsigned NOT NULL DEFAULT '0',
  `all_day` tinyint(3) unsigned NOT NULL DEFAULT '0',
  `recurrence` tinyint(3) unsigned NOT NULL DEFAULT '0',
  `recurrence_month_type` enum('day_of_the_month','day_of_the_week') NOT NULL DEFAULT 'day_of_the_month',
  PRIMARY KEY (`id`),
  KEY `product_id` (`product_id`)
) ENGINE=MyISAM  AUTO_INCREMENT=24 ;

--
-- Dumping data for table `calendar_events`
--


-- --------------------------------------------------------

--
-- Table structure for table `calendar_events_calendars_xref`
--

CREATE TABLE IF NOT EXISTS `calendar_events_calendars_xref` (
  `calendar_event_id` int(10) unsigned NOT NULL DEFAULT '0',
  `calendar_id` int(10) unsigned NOT NULL DEFAULT '0',
  KEY `calendar_event_id` (`calendar_event_id`),
  KEY `calendar_id` (`calendar_id`)
) ENGINE=MyISAM;

--
-- Dumping data for table `calendar_events_calendars_xref`
--


-- --------------------------------------------------------

--
-- Table structure for table `calendar_events_calendar_event_locations_xref`
--

CREATE TABLE IF NOT EXISTS `calendar_events_calendar_event_locations_xref` (
  `calendar_event_id` int(10) unsigned NOT NULL DEFAULT '0',
  `calendar_event_location_id` int(10) unsigned NOT NULL DEFAULT '0',
  KEY `calendar_event_id` (`calendar_event_id`),
  KEY `calendar_event_location_id` (`calendar_event_location_id`)
) ENGINE=MyISAM;

--
-- Dumping data for table `calendar_events_calendar_event_locations_xref`
--


-- --------------------------------------------------------

--
-- Table structure for table `calendar_event_exceptions`
--

CREATE TABLE IF NOT EXISTS `calendar_event_exceptions` (
  `id` int(10) unsigned NOT NULL AUTO_INCREMENT,
  `calendar_event_id` int(10) unsigned NOT NULL DEFAULT '0',
  `recurrence_number` int(10) unsigned NOT NULL DEFAULT '0',
  PRIMARY KEY (`id`),
  KEY `calendar_event_id` (`calendar_event_id`)
) ENGINE=MyISAM  AUTO_INCREMENT=2 ;

--
-- Dumping data for table `calendar_event_exceptions`
--


-- --------------------------------------------------------

--
-- Table structure for table `calendar_event_locations`
--

CREATE TABLE IF NOT EXISTS `calendar_event_locations` (
  `id` int(10) unsigned NOT NULL AUTO_INCREMENT,
  `name` varchar(100) NOT NULL DEFAULT '',
  `last_modified_user_id` int(10) unsigned NOT NULL DEFAULT '0',
  `last_modified_timestamp` int(10) unsigned NOT NULL DEFAULT '0',
  `created_user_id` int(10) unsigned NOT NULL DEFAULT '0',
  `created_timestamp` int(10) unsigned NOT NULL DEFAULT '0',
  PRIMARY KEY (`id`)
) ENGINE=MyISAM  AUTO_INCREMENT=6 ;

--
-- Dumping data for table `calendar_event_locations`
--

INSERT INTO `calendar_event_locations` (`id`, `name`, `last_modified_user_id`, `last_modified_timestamp`, `created_user_id`, `created_timestamp`) VALUES
(1, 'Conference Room', 2, 1333468050, 1, 1215167695),
(2, 'Stadium', 2, 1333468080, 1, 1215167700),
(3, 'Party Room', 2, 1333468029, 1, 1215167709),
(4, 'Outdoor Facility', 2, 1333468064, 1, 1215167717),
(5, 'Auditorium', 2, 1333468040, 1, 1215167728);

-- --------------------------------------------------------

--
-- Table structure for table `calendar_event_views_calendars_xref`
--

CREATE TABLE IF NOT EXISTS `calendar_event_views_calendars_xref` (
  `page_id` int(10) unsigned NOT NULL DEFAULT '0',
  `calendar_id` int(10) unsigned NOT NULL DEFAULT '0',
  KEY `page_id` (`page_id`),
  KEY `calendar_id` (`calendar_id`)
) ENGINE=MyISAM;

--
-- Dumping data for table `calendar_event_views_calendars_xref`
--

INSERT INTO `calendar_event_views_calendars_xref` (`page_id`, `calendar_id`) VALUES
(191, 2),
(286, 1),
(298, 2),
(191, 1),
(191, 3),
(286, 3),
(480, 2),
(480, 1),
(480, 3),
(191, 5),
(191, 6),
(482, 5),
(484, 6),
(298, 1),
(298, 3),
(298, 6),
(549, 2),
(549, 1),
(549, 3),
(549, 5),
(549, 6),
(584, 2),
(584, 1),
(584, 3);

-- --------------------------------------------------------

--
-- Table structure for table `calendar_event_view_pages`
--

CREATE TABLE IF NOT EXISTS `calendar_event_view_pages` (
  `id` int(10) unsigned NOT NULL AUTO_INCREMENT,
  `page_id` int(10) unsigned NOT NULL DEFAULT '0',
  `back_button_label` varchar(50) NOT NULL DEFAULT '',
  `notes` tinyint(4) NOT NULL DEFAULT '0',
  PRIMARY KEY (`id`),
  UNIQUE KEY `page_id` (`page_id`)
) ENGINE=MyISAM  AUTO_INCREMENT=10 ;

--
-- Dumping data for table `calendar_event_view_pages`
--

INSERT INTO `calendar_event_view_pages` (`id`, `page_id`, `back_button_label`, `notes`) VALUES
(1, 191, 'Back to Calendar', 0),
(2, 286, 'Back to Members Calendar', 0),
(3, 298, 'Back to Staff Calendar', 1),
(4, 480, 'Back to Calendar', 0),
(5, 482, 'Back to Reservations', 0),
(6, 484, 'Back to Classes', 1),
(7, 549, 'Back to Calendar', 0);

-- --------------------------------------------------------

--
-- Table structure for table `calendar_views_calendars_xref`
--

CREATE TABLE IF NOT EXISTS `calendar_views_calendars_xref` (
  `page_id` int(10) unsigned NOT NULL DEFAULT '0',
  `calendar_id` int(10) unsigned NOT NULL DEFAULT '0',
  KEY `page_id` (`page_id`),
  KEY `calendar_id` (`calendar_id`)
) ENGINE=MyISAM;

--
-- Dumping data for table `calendar_views_calendars_xref`
--

INSERT INTO `calendar_views_calendars_xref` (`page_id`, `calendar_id`) VALUES
(191, 1),
(483, 6),
(200, 2),
(462, 1),
(436, 1),
(297, 6),
(436, 3),
(436, 6),
(285, 3),
(481, 5),
(462, 3),
(200, 1),
(200, 3),
(479, 1),
(462, 6),
(297, 3),
(297, 1),
(297, 2),
(200, 6),
(548, 1),
(548, 3),
(548, 5),
(548, 6),
(564, 2),
(564, 1),
(564, 3),
(564, 6);

-- --------------------------------------------------------

--
-- Table structure for table `calendar_view_pages`
--

CREATE TABLE IF NOT EXISTS `calendar_view_pages` (
  `id` int(10) unsigned NOT NULL AUTO_INCREMENT,
  `page_id` int(10) unsigned NOT NULL DEFAULT '0',
  `default_view` enum('monthly','weekly','upcoming') NOT NULL DEFAULT 'monthly',
  `calendar_event_view_page_id` int(10) unsigned NOT NULL DEFAULT '0',
  `number_of_upcoming_events` int(10) unsigned NOT NULL DEFAULT '0',
  PRIMARY KEY (`id`),
  UNIQUE KEY `page_id` (`page_id`)
) ENGINE=MyISAM  AUTO_INCREMENT=25 ;

--
-- Dumping data for table `calendar_view_pages`
--

INSERT INTO `calendar_view_pages` (`id`, `page_id`, `default_view`, `calendar_event_view_page_id`, `number_of_upcoming_events`) VALUES
(4, 285, 'monthly', 286, 0),
(21, 200, 'monthly', 191, 5),
(5, 297, 'monthly', 298, 0),
(16, 436, 'upcoming', 191, 4),
(17, 462, 'upcoming', 191, 1),
(18, 479, 'monthly', 480, 0),
(19, 481, 'monthly', 482, 0),
(20, 483, 'monthly', 484, 0),
(22, 548, 'monthly', 549, 5);

-- --------------------------------------------------------

--
-- Table structure for table `catalog_detail_pages`
--

CREATE TABLE IF NOT EXISTS `catalog_detail_pages` (
  `id` int(10) unsigned NOT NULL AUTO_INCREMENT,
  `page_id` int(10) unsigned NOT NULL DEFAULT '0',
  `add_button_label` varchar(50) NOT NULL DEFAULT '',
  `back_button_label` varchar(50) NOT NULL DEFAULT '',
  `next_page_id` int(10) unsigned NOT NULL DEFAULT '0',
  `allow_customer_to_add_product_to_order` tinyint(4) NOT NULL DEFAULT '0',
  PRIMARY KEY (`id`),
  UNIQUE KEY `page_id` (`page_id`)
) ENGINE=MyISAM  AUTO_INCREMENT=6 ;

--
-- Dumping data for table `catalog_detail_pages`
--

INSERT INTO `catalog_detail_pages` (`id`, `page_id`, `add_button_label`, `back_button_label`, `next_page_id`, `allow_customer_to_add_product_to_order`) VALUES
(1, 361, 'Add to Cart', 'Back to Catalog', 248, 1),
(2, 382, '', 'Back to Videos', 0, 0),
(5, 536, 'Add to Cart', 'Back to Site Search', 248, 1);

-- --------------------------------------------------------

--
-- Table structure for table `catalog_pages`
--

CREATE TABLE IF NOT EXISTS `catalog_pages` (
  `id` int(10) unsigned NOT NULL AUTO_INCREMENT,
  `page_id` int(10) unsigned NOT NULL DEFAULT '0',
  `product_group_id` int(10) unsigned NOT NULL DEFAULT '0',
  `number_of_columns` int(10) unsigned NOT NULL DEFAULT '0',
  `image_width` int(10) unsigned NOT NULL DEFAULT '0',
  `image_height` int(10) unsigned NOT NULL DEFAULT '0',
  `back_button_label` varchar(50) NOT NULL DEFAULT '',
  `catalog_detail_page_id` int(10) unsigned NOT NULL DEFAULT '0',
  `menu` tinyint(4) NOT NULL DEFAULT '0',
  `search` tinyint(4) NOT NULL DEFAULT '0',
  `number_of_featured_items` tinyint(3) unsigned NOT NULL DEFAULT '0',
  `number_of_new_items` tinyint(3) unsigned NOT NULL DEFAULT '0',
  PRIMARY KEY (`id`),
  UNIQUE KEY `page_id` (`page_id`)
) ENGINE=MyISAM  AUTO_INCREMENT=10 ;

--
-- Dumping data for table `catalog_pages`
--

INSERT INTO `catalog_pages` (`id`, `page_id`, `product_group_id`, `number_of_columns`, `image_width`, `image_height`, `back_button_label`, `catalog_detail_page_id`, `menu`, `search`, `number_of_featured_items`, `number_of_new_items`) VALUES
(3, 306, 37, 5, 100, 100, 'Back', 361, 1, 1, 1, 2),
(5, 381, 38, 4, 133, 100, 'Back to Media Center', 382, 0, 1, 1, 2);

-- --------------------------------------------------------

--
-- Table structure for table `comments`
--

CREATE TABLE IF NOT EXISTS `comments` (
  `id` int(10) unsigned NOT NULL AUTO_INCREMENT,
  `page_id` int(10) unsigned NOT NULL DEFAULT '0',
  `item_id` int(10) unsigned NOT NULL DEFAULT '0',
  `item_type` enum('','submitted_form','calendar_event','product_group','product') NOT NULL DEFAULT '',
  `name` varchar(100) NOT NULL DEFAULT '',
  `message` text NOT NULL,
  `published` tinyint(4) NOT NULL DEFAULT '0',
  `created_user_id` int(10) unsigned NOT NULL DEFAULT '0',
  `created_timestamp` int(10) unsigned NOT NULL DEFAULT '0',
  `last_modified_user_id` int(10) unsigned NOT NULL DEFAULT '0',
  `last_modified_timestamp` int(10) unsigned NOT NULL DEFAULT '0',
  `file_id` int(10) unsigned NOT NULL DEFAULT '0',
  `featured` tinyint(3) unsigned NOT NULL DEFAULT '0',
  PRIMARY KEY (`id`),
  KEY `page_id` (`page_id`),
  KEY `item_id` (`item_id`),
  KEY `created_timestamp` (`created_timestamp`),
  KEY `last_modified_timestamp` (`last_modified_timestamp`)
) ENGINE=MyISAM  AUTO_INCREMENT=212 ;

--
-- Dumping data for table `comments`
--


-- --------------------------------------------------------

--
-- Table structure for table `commissions`
--

CREATE TABLE IF NOT EXISTS `commissions` (
  `id` int(10) unsigned NOT NULL AUTO_INCREMENT,
  `reference_code` varchar(10) NOT NULL DEFAULT '',
  `affiliate_code` varchar(100) NOT NULL DEFAULT '',
  `order_id` int(10) unsigned NOT NULL DEFAULT '0',
  `amount` int(10) unsigned NOT NULL DEFAULT '0',
  `status` enum('pending','payable','ineligible','paid') NOT NULL DEFAULT 'pending',
  `recurring_commission_profile_id` int(10) unsigned NOT NULL DEFAULT '0',
  `created_user_id` int(10) unsigned NOT NULL DEFAULT '0',
  `created_timestamp` int(10) unsigned NOT NULL DEFAULT '0',
  `last_modified_user_id` int(10) unsigned NOT NULL DEFAULT '0',
  `last_modified_timestamp` int(10) unsigned NOT NULL DEFAULT '0',
  PRIMARY KEY (`id`),
  UNIQUE KEY `reference_code` (`reference_code`),
  KEY `affiliate_code` (`affiliate_code`),
  KEY `order_id` (`order_id`),
  KEY `recurring_commission_profile_id` (`order_id`)
) ENGINE=MyISAM AUTO_INCREMENT=1 ;

--
-- Dumping data for table `commissions`
--


-- --------------------------------------------------------

--
-- Table structure for table `config`
--

CREATE TABLE IF NOT EXISTS `config` (
  `url_scheme` varchar(8) DEFAULT NULL,
  `email_address` varchar(100) DEFAULT NULL,
  `stats_url` varchar(255) DEFAULT NULL,
  `title` varchar(255) DEFAULT NULL,
  `meta_description` varchar(255) DEFAULT NULL,
  `meta_keywords` blob,
  `forgot_password_link` tinyint(4) DEFAULT NULL,
  `change_password_link` tinyint(4) DEFAULT NULL,
  `organization_name` varchar(100) DEFAULT NULL,
  `organization_address_1` varchar(100) DEFAULT NULL,
  `organization_address_2` varchar(100) DEFAULT NULL,
  `organization_city` varchar(100) DEFAULT NULL,
  `organization_state` varchar(100) DEFAULT NULL,
  `organization_zip_code` varchar(10) DEFAULT NULL,
  `organization_country` varchar(100) DEFAULT NULL,
  `ecommerce_email_address` varchar(100) DEFAULT NULL,
  `registration_email_address` varchar(100) DEFAULT NULL,
  `ecommerce_payment_gateway` enum('','Authorize.Net','ClearCommerce','First Data Global Gateway','PayPal Payflow Pro','PayPal Website Payments Pro','Sage') NOT NULL DEFAULT '',
  `ecommerce_paypal_payflow_pro_merchant_login` varchar(100) NOT NULL DEFAULT '',
  `ecommerce_paypal_payflow_pro_password` varchar(100) NOT NULL DEFAULT '',
  `debug` tinyint(4) DEFAULT NULL,
  `ecommerce_payment_gateway_mode` enum('test','live') NOT NULL DEFAULT 'live',
  `page_editor_font` tinyint(4) NOT NULL DEFAULT '1',
  `page_editor_font_size` tinyint(4) NOT NULL DEFAULT '1',
  `page_editor_font_style` tinyint(4) NOT NULL DEFAULT '1',
  `page_editor_font_color` tinyint(4) NOT NULL DEFAULT '1',
  `page_editor_background_color` tinyint(4) NOT NULL DEFAULT '1',
  `membership_email_address` varchar(100) DEFAULT NULL,
  `member_id_label` varchar(100) DEFAULT 'Member ID',
  `ecommerce_shipping` tinyint(4) NOT NULL DEFAULT '1',
  `ecommerce_recipient_mode` enum('single recipient','multi-recipient') NOT NULL DEFAULT 'single recipient',
  `ecommerce_tax` tinyint(4) NOT NULL DEFAULT '1',
  `ecommerce_tax_exempt` tinyint(4) NOT NULL DEFAULT '1',
  `ecommerce_product_restriction_message` varchar(255) NOT NULL DEFAULT '',
  `ecommerce_end_of_day_time` time NOT NULL DEFAULT '17:00:00',
  `ecommerce_no_shipping_methods_message` varchar(255) NOT NULL DEFAULT '',
  `opt_in_label` varchar(255) NOT NULL DEFAULT '',
  `ecommerce_tax_exempt_label` varchar(255) NOT NULL DEFAULT 'Tax-Exempt?',
  `ecommerce_american_express` tinyint(4) NOT NULL DEFAULT '1',
  `ecommerce_diners_club` tinyint(4) NOT NULL DEFAULT '1',
  `ecommerce_discover_card` tinyint(4) NOT NULL DEFAULT '1',
  `ecommerce_mastercard` tinyint(4) NOT NULL DEFAULT '1',
  `ecommerce_visa` tinyint(4) NOT NULL DEFAULT '1',
  `affiliate_program` tinyint(4) NOT NULL DEFAULT '1',
  `affiliate_default_commission_rate` decimal(5,2) unsigned NOT NULL DEFAULT '0.00',
  `affiliate_automatic_approval` tinyint(4) NOT NULL DEFAULT '1',
  `affiliate_email_address` varchar(100) NOT NULL DEFAULT '',
  `ecommerce` tinyint(4) NOT NULL DEFAULT '1',
  `forms` tinyint(4) NOT NULL DEFAULT '1',
  `visitor_tracking` tinyint(4) NOT NULL DEFAULT '1',
  `pay_per_click_flag` varchar(100) DEFAULT NULL,
  `registration_contact_group_id` int(10) unsigned NOT NULL DEFAULT '0',
  `membership_contact_group_id` int(10) unsigned NOT NULL DEFAULT '0',
  `affiliate_contact_group_id` int(10) unsigned NOT NULL DEFAULT '0',
  `ecommerce_paypal_payflow_pro_partner` varchar(100) NOT NULL DEFAULT '',
  `ecommerce_paypal_payflow_pro_user` varchar(100) NOT NULL DEFAULT '',
  `calendars` tinyint(4) NOT NULL DEFAULT '1',
  `ecommerce_authorizenet_api_login_id` varchar(100) NOT NULL DEFAULT '',
  `ecommerce_authorizenet_transaction_key` varchar(100) NOT NULL DEFAULT '',
  `proxy_address` varchar(255) NOT NULL DEFAULT '',
  `password_hint` tinyint(4) NOT NULL DEFAULT '0',
  `mass_deletion` tinyint(4) NOT NULL DEFAULT '1',
  `ecommerce_multicurrency` tinyint(4) NOT NULL DEFAULT '1',
  `ecommerce_clearcommerce_client_id` varchar(100) NOT NULL DEFAULT '',
  `ecommerce_clearcommerce_user_id` varchar(100) NOT NULL DEFAULT '',
  `ecommerce_clearcommerce_password` varchar(100) NOT NULL DEFAULT '',
  `ecommerce_payment_gateway_transaction_type` enum('Authorize','Authorize & Capture') NOT NULL DEFAULT 'Authorize & Capture',
  `ecommerce_credit_debit_card` tinyint(4) NOT NULL DEFAULT '1',
  `ecommerce_paypal_express_checkout` tinyint(4) NOT NULL DEFAULT '0',
  `ecommerce_paypal_express_checkout_transaction_type` enum('Authorize','Authorize & Capture') NOT NULL DEFAULT 'Authorize & Capture',
  `ecommerce_paypal_express_checkout_mode` enum('sandbox','live') NOT NULL DEFAULT 'live',
  `ecommerce_paypal_express_checkout_api_username` varchar(100) NOT NULL DEFAULT '',
  `ecommerce_paypal_express_checkout_api_password` varchar(100) NOT NULL DEFAULT '',
  `ecommerce_paypal_express_checkout_api_signature` varchar(100) NOT NULL DEFAULT '',
  `ecommerce_first_data_global_gateway_store_number` varchar(100) NOT NULL DEFAULT '',
  `ecommerce_first_data_global_gateway_pem_file_name` varchar(100) NOT NULL DEFAULT '',
  `ecommerce_retrieve_order_next_page_id` int(10) unsigned NOT NULL DEFAULT '0',
  `version` varchar(10) NOT NULL DEFAULT '',
  `membership_expiration_warning_email` tinyint(4) NOT NULL DEFAULT '0',
  `membership_expiration_warning_email_subject` varchar(255) NOT NULL DEFAULT '',
  `membership_expiration_warning_email_page_id` int(10) unsigned NOT NULL DEFAULT '0',
  `membership_expiration_warning_email_days_before_expiration` smallint(6) NOT NULL DEFAULT '0',
  `hostname` varchar(255) NOT NULL DEFAULT '',
  `ecommerce_paypal_website_payments_pro_api_username` varchar(100) NOT NULL DEFAULT '',
  `ecommerce_paypal_website_payments_pro_api_password` varchar(100) NOT NULL DEFAULT '',
  `ecommerce_paypal_website_payments_pro_api_signature` varchar(100) NOT NULL DEFAULT '',
  `remember_me` tinyint(4) NOT NULL DEFAULT '0',
  `translation` tinyint(4) NOT NULL DEFAULT '0',
  `translation_api_id` varchar(255) NOT NULL DEFAULT '',
  `translation_source_language` enum('Arabic','Dutch','English','French','German','Greek','Italian','Japanese','Korean','Polish','Portuguese','Russian','Simplified Chinese','Spanish','Swedish','Traditional Chinese') NOT NULL DEFAULT 'English',
  `translation_target_language_arabic` tinyint(4) NOT NULL DEFAULT '0',
  `translation_target_language_dutch` tinyint(4) NOT NULL DEFAULT '0',
  `translation_target_language_english` tinyint(4) NOT NULL DEFAULT '0',
  `translation_target_language_french` tinyint(4) NOT NULL DEFAULT '0',
  `translation_target_language_german` tinyint(4) NOT NULL DEFAULT '0',
  `translation_target_language_greek` tinyint(4) NOT NULL DEFAULT '0',
  `translation_target_language_italian` tinyint(4) NOT NULL DEFAULT '0',
  `translation_target_language_japanese` tinyint(4) NOT NULL DEFAULT '0',
  `translation_target_language_korean` tinyint(4) NOT NULL DEFAULT '0',
  `translation_target_language_polish` tinyint(4) NOT NULL DEFAULT '0',
  `translation_target_language_portuguese` tinyint(4) NOT NULL DEFAULT '0',
  `translation_target_language_russian` tinyint(4) NOT NULL DEFAULT '0',
  `translation_target_language_simplified_chinese` tinyint(4) NOT NULL DEFAULT '0',
  `translation_target_language_spanish` tinyint(4) NOT NULL DEFAULT '0',
  `translation_target_language_swedish` tinyint(4) NOT NULL DEFAULT '0',
  `translation_target_language_traditional_chinese` tinyint(4) NOT NULL DEFAULT '0',
  `strong_password` tinyint(4) NOT NULL DEFAULT '0',
  `ecommerce_address_verification` tinyint(4) NOT NULL DEFAULT '0',
  `ecommerce_address_verification_usps_user_id` varchar(100) NOT NULL DEFAULT '',
  `ecommerce_gift_card` tinyint(4) NOT NULL DEFAULT '0',
  `ecommerce_givex_primary_hostname` varchar(100) NOT NULL DEFAULT '',
  `ecommerce_givex_secondary_hostname` varchar(100) NOT NULL DEFAULT '',
  `ecommerce_givex_user_id` varchar(100) NOT NULL DEFAULT '',
  `ecommerce_givex_password` varchar(100) NOT NULL DEFAULT '',
  `number_of_queries` int(10) unsigned NOT NULL DEFAULT '0',
  `ecommerce_offline_payment` tinyint(3) unsigned NOT NULL DEFAULT '0',
  `ecommerce_offline_payment_only_specific_orders` tinyint(3) unsigned NOT NULL DEFAULT '0',
  `captcha` tinyint(3) unsigned NOT NULL DEFAULT '0',
  `subscription_id` varchar(10) NOT NULL DEFAULT '',
  `last_license_update_check_date` date NOT NULL DEFAULT '0000-00-00',
  `powered_by_link` tinyint(3) unsigned NOT NULL DEFAULT '0',
  `private_label` tinyint(3) unsigned NOT NULL DEFAULT '0',
  `last_software_update_check_timestamp` int(10) unsigned NOT NULL DEFAULT '0',
  `software_update_available` tinyint(3) unsigned NOT NULL DEFAULT '0',
  `page_editor_version` enum('latest','previous') NOT NULL DEFAULT 'latest',
  `social_networking_facebook` tinyint(3) unsigned NOT NULL DEFAULT '0',
  `social_networking_twitter` tinyint(3) unsigned NOT NULL DEFAULT '0',
  `social_networking_addthis` tinyint(3) unsigned NOT NULL DEFAULT '0',
  `special_user_id` int(10) unsigned NOT NULL DEFAULT '0',
  `number_of_email_recipients` int(10) unsigned NOT NULL DEFAULT '0',
  `google_analytics` tinyint(3) unsigned NOT NULL DEFAULT '0',
  `google_analytics_web_property_id` varchar(50) NOT NULL DEFAULT '',
  `whos_online` tinyint(3) unsigned NOT NULL DEFAULT '0',
  `whos_online_server_url` varchar(100) NOT NULL DEFAULT '',
  `whos_online_group_id` varchar(50) NOT NULL DEFAULT '',
  `whos_online_chat` tinyint(3) unsigned NOT NULL DEFAULT '0',
  `whos_online_last_chat_check_timestamp` int(10) unsigned NOT NULL DEFAULT '0',
  `whos_online_chat_button_online_file_name` varchar(100) NOT NULL DEFAULT '',
  `whos_online_chat_button_offline_file_name` varchar(100) NOT NULL DEFAULT '',
  `badge_label` varchar(100) NOT NULL DEFAULT '',
  `last_sitemap_check_timestamp` int(10) unsigned NOT NULL DEFAULT '0',
  `last_sitemap_check_hash` varchar(32) NOT NULL DEFAULT '',
  `additional_sitemap_content` mediumtext NOT NULL,
  `additional_robots_content` mediumtext NOT NULL,
  `affiliate_group_offer_id` int(10) unsigned NOT NULL DEFAULT '0',
  `last_recurring_commission_check_timestamp` int(10) unsigned NOT NULL DEFAULT '0',
  `ecommerce_reward_program` tinyint(3) unsigned NOT NULL DEFAULT '0',
  `ecommerce_reward_program_points` int(10) unsigned NOT NULL DEFAULT '0',
  `ecommerce_reward_program_membership` tinyint(3) unsigned NOT NULL DEFAULT '0',
  `ecommerce_reward_program_membership_days` int(10) unsigned NOT NULL DEFAULT '0',
  `ecommerce_reward_program_email` tinyint(3) unsigned NOT NULL DEFAULT '0',
  `ecommerce_reward_program_email_bcc_email_address` varchar(100) NOT NULL DEFAULT '',
  `ecommerce_reward_program_email_subject` varchar(255) NOT NULL DEFAULT '',
  `ecommerce_reward_program_email_page_id` int(10) unsigned NOT NULL DEFAULT '0',
  `ecommerce_sage_merchant_id` varchar(100) NOT NULL DEFAULT '',
  `ecommerce_sage_merchant_key` varchar(100) NOT NULL DEFAULT '',
  `social_networking_plusone` tinyint(3) unsigned NOT NULL DEFAULT '0',
  `social_networking_linkedin` tinyint(3) unsigned NOT NULL DEFAULT '0',
  `path` varchar(255) NOT NULL DEFAULT '',
  `social_networking` tinyint(3) unsigned NOT NULL DEFAULT '0',
  `social_networking_type` enum('simple','advanced') NOT NULL DEFAULT 'simple',
  `social_networking_code` text NOT NULL,
  `installer` varchar(50) NOT NULL DEFAULT '',
  `ecommerce_custom_product_field_1_label` varchar(255) NOT NULL DEFAULT '',
  `ecommerce_custom_product_field_2_label` varchar(255) NOT NULL DEFAULT '',
  `search_type` enum('simple','advanced') NOT NULL DEFAULT 'simple'
) ENGINE=MyISAM;

--
-- Dumping data for table `config`
--

INSERT INTO `config` (`url_scheme`, `email_address`, `stats_url`, `title`, `meta_description`, `meta_keywords`, `forgot_password_link`, `change_password_link`, `organization_name`, `organization_address_1`, `organization_address_2`, `organization_city`, `organization_state`, `organization_zip_code`, `organization_country`, `ecommerce_email_address`, `registration_email_address`, `ecommerce_payment_gateway`, `ecommerce_paypal_payflow_pro_merchant_login`, `ecommerce_paypal_payflow_pro_password`, `debug`, `ecommerce_payment_gateway_mode`, `page_editor_font`, `page_editor_font_size`, `page_editor_font_style`, `page_editor_font_color`, `page_editor_background_color`, `membership_email_address`, `member_id_label`, `ecommerce_shipping`, `ecommerce_recipient_mode`, `ecommerce_tax`, `ecommerce_tax_exempt`, `ecommerce_product_restriction_message`, `ecommerce_end_of_day_time`, `ecommerce_no_shipping_methods_message`, `opt_in_label`, `ecommerce_tax_exempt_label`, `ecommerce_american_express`, `ecommerce_diners_club`, `ecommerce_discover_card`, `ecommerce_mastercard`, `ecommerce_visa`, `affiliate_program`, `affiliate_default_commission_rate`, `affiliate_automatic_approval`, `affiliate_email_address`, `ecommerce`, `forms`, `visitor_tracking`, `pay_per_click_flag`, `registration_contact_group_id`, `membership_contact_group_id`, `affiliate_contact_group_id`, `ecommerce_paypal_payflow_pro_partner`, `ecommerce_paypal_payflow_pro_user`, `calendars`, `ecommerce_authorizenet_api_login_id`, `ecommerce_authorizenet_transaction_key`, `proxy_address`, `password_hint`, `mass_deletion`, `ecommerce_multicurrency`, `ecommerce_clearcommerce_client_id`, `ecommerce_clearcommerce_user_id`, `ecommerce_clearcommerce_password`, `ecommerce_payment_gateway_transaction_type`, `ecommerce_credit_debit_card`, `ecommerce_paypal_express_checkout`, `ecommerce_paypal_express_checkout_transaction_type`, `ecommerce_paypal_express_checkout_mode`, `ecommerce_paypal_express_checkout_api_username`, `ecommerce_paypal_express_checkout_api_password`, `ecommerce_paypal_express_checkout_api_signature`, `ecommerce_first_data_global_gateway_store_number`, `ecommerce_first_data_global_gateway_pem_file_name`, `ecommerce_retrieve_order_next_page_id`, `version`, `membership_expiration_warning_email`, `membership_expiration_warning_email_subject`, `membership_expiration_warning_email_page_id`, `membership_expiration_warning_email_days_before_expiration`, `hostname`, `ecommerce_paypal_website_payments_pro_api_username`, `ecommerce_paypal_website_payments_pro_api_password`, `ecommerce_paypal_website_payments_pro_api_signature`, `remember_me`, `translation`, `translation_api_id`, `translation_source_language`, `translation_target_language_arabic`, `translation_target_language_dutch`, `translation_target_language_english`, `translation_target_language_french`, `translation_target_language_german`, `translation_target_language_greek`, `translation_target_language_italian`, `translation_target_language_japanese`, `translation_target_language_korean`, `translation_target_language_polish`, `translation_target_language_portuguese`, `translation_target_language_russian`, `translation_target_language_simplified_chinese`, `translation_target_language_spanish`, `translation_target_language_swedish`, `translation_target_language_traditional_chinese`, `strong_password`, `ecommerce_address_verification`, `ecommerce_address_verification_usps_user_id`, `ecommerce_gift_card`, `ecommerce_givex_primary_hostname`, `ecommerce_givex_secondary_hostname`, `ecommerce_givex_user_id`, `ecommerce_givex_password`, `number_of_queries`, `ecommerce_offline_payment`, `ecommerce_offline_payment_only_specific_orders`, `captcha`, `subscription_id`, `last_license_update_check_date`, `powered_by_link`, `private_label`, `last_software_update_check_timestamp`, `software_update_available`, `page_editor_version`, `social_networking_facebook`, `social_networking_twitter`, `social_networking_addthis`, `special_user_id`, `number_of_email_recipients`, `google_analytics`, `google_analytics_web_property_id`, `whos_online`, `whos_online_server_url`, `whos_online_group_id`, `whos_online_chat`, `whos_online_last_chat_check_timestamp`, `whos_online_chat_button_online_file_name`, `whos_online_chat_button_offline_file_name`, `badge_label`, `last_sitemap_check_timestamp`, `last_sitemap_check_hash`, `additional_sitemap_content`, `additional_robots_content`, `affiliate_group_offer_id`, `last_recurring_commission_check_timestamp`, `ecommerce_reward_program`, `ecommerce_reward_program_points`, `ecommerce_reward_program_membership`, `ecommerce_reward_program_membership_days`, `ecommerce_reward_program_email`, `ecommerce_reward_program_email_bcc_email_address`, `ecommerce_reward_program_email_subject`, `ecommerce_reward_program_email_page_id`, `ecommerce_sage_merchant_id`, `ecommerce_sage_merchant_key`, `social_networking_plusone`, `social_networking_linkedin`, `path`, `social_networking`, `social_networking_type`, `social_networking_code`, `installer`, `ecommerce_custom_product_field_1_label`, `ecommerce_custom_product_field_2_label`, `search_type`) VALUES
('http://', 'example@example.com', 'http://www.google.com/analytics', 'Site Name (from Site Settings)', 'This is the default website description that is set in the Site Settings.', 0x64656661756c742c206b6579776f7264732c2066726f6d2c20736974652073657474696e6773, 1, 1, 'Our Organization', '1234 Any Street', '', 'Anytown', 'Any State', '99999', 'USA', 'example@example.com', '', '', '', '', 1, 'live', 0, 0, 1, 0, 0, '', 'Member ID', 1, 'multi-recipient', 1, 1, 'We''re sorry.  The item you have selected cannot be shipped to the desination you selected.  You will need to remove the item to complete your order.', '17:00:00', 'We''re sorry.  We currently do not have a way to ship this item to the destination you requested.  You will need to remove the item to complete your order.', 'It''s okay to send me emails.', 'Check this box if you are exempt from sales tax.', 1, 1, 1, 1, 1, 1, 30.00, 1, '', 1, 1, 1, 'ppc_', 1, 3, 4, '', '', 1, '', '', '', 1, 0, 0, '', '', '', 'Authorize & Capture', 1, 0, 'Authorize & Capture', 'sandbox', '', '', '', '', '', 256, '8.6.0', 0, 'Your membership will expire on', 0, 7, 'www.example.com', '', '', '', 1, 0, '', '', 0, 0, 0, 0, 0, 0, 0, 0, 0, 0, 0, 0, 0, 0, 0, 0, 0, 0, '', 0, '', '', '', '', 0, 1, 1, 1, '', '0000-00-00', 0, 0, 0, 0, 'latest', 0, 0, 0, 0, 0, 0, '', 0, '', '', 0, 0, 'default', 'default', 'VIP', 0, '', '', '', 7, 0, 0, 0, 0, 0, 0, '', '', 0, '', '', 0, 0, '/', 1, 'simple', '<!-- AddThis Button BEGIN -->\r\n<div class="addthis_toolbox addthis_default_style" addthis:url="{url}">\r\n<a class="addthis_button_facebook"></a>\r\n<a class="addthis_button_twitter"></a>\r\n<a class="addthis_button_google_plusone" g:plusone:count="false"></a>\r\n<a class="addthis_button_linkedin"></a>\r\n<a class="addthis_button_email"></a>\r\n<a class="addthis_button_print"></a>\r\n<rss><a class="addthis_button_rss_follow" addthis:url="{rss_url}"></a></rss>\r\n<a class="addthis_button_compact" addthis:ui_click="true"></a>\r\n<a class="addthis_counter addthis_bubble_style"></a>\r\n</div>\r\n<script type="text/javascript" src="//s7.addthis.com/js/250/addthis_widget.js"></script>\r\n<!-- AddThis Button END -->', '', 'Inventory Location', '', 'simple');

-- --------------------------------------------------------

--
-- Table structure for table `contacts`
--

CREATE TABLE IF NOT EXISTS `contacts` (
  `id` int(10) unsigned NOT NULL AUTO_INCREMENT,
  `first_name` varchar(50) DEFAULT NULL,
  `last_name` varchar(50) DEFAULT NULL,
  `nickname` varchar(50) DEFAULT NULL,
  `company` varchar(50) DEFAULT NULL,
  `title` varchar(50) DEFAULT NULL,
  `department` varchar(50) DEFAULT NULL,
  `office_location` varchar(50) DEFAULT NULL,
  `business_address_1` varchar(50) DEFAULT NULL,
  `business_address_2` varchar(50) DEFAULT NULL,
  `business_city` varchar(50) DEFAULT NULL,
  `business_state` varchar(50) DEFAULT NULL,
  `business_country` varchar(50) DEFAULT NULL,
  `business_zip_code` varchar(10) DEFAULT NULL,
  `business_phone` varchar(50) DEFAULT NULL,
  `business_fax` varchar(50) DEFAULT NULL,
  `home_address_1` varchar(50) DEFAULT NULL,
  `home_address_2` varchar(50) DEFAULT NULL,
  `home_city` varchar(50) DEFAULT NULL,
  `home_state` varchar(50) DEFAULT NULL,
  `home_country` varchar(50) DEFAULT NULL,
  `home_zip_code` varchar(10) DEFAULT NULL,
  `home_phone` varchar(50) DEFAULT NULL,
  `home_fax` varchar(50) DEFAULT NULL,
  `mobile_phone` varchar(50) DEFAULT NULL,
  `email_address` varchar(100) DEFAULT NULL,
  `website` varchar(255) DEFAULT NULL,
  `lead_source` varchar(50) DEFAULT NULL,
  `description` mediumblob,
  `user` int(10) unsigned DEFAULT NULL,
  `timestamp` int(10) unsigned DEFAULT NULL,
  `member_id` varchar(50) DEFAULT NULL,
  `expiration_date` date DEFAULT NULL,
  `salutation` varchar(50) DEFAULT NULL,
  `suffix` varchar(50) DEFAULT NULL,
  `affiliate_approved` tinyint(4) NOT NULL DEFAULT '0',
  `affiliate_name` varchar(100) NOT NULL DEFAULT '',
  `affiliate_code` varchar(100) NOT NULL DEFAULT '',
  `affiliate_commission_rate` decimal(5,2) unsigned NOT NULL DEFAULT '0.00',
  `opt_in` tinyint(4) NOT NULL DEFAULT '1',
  `warning_expiration_date` date NOT NULL DEFAULT '0000-00-00',
  PRIMARY KEY (`id`),
  KEY `timestamp` (`timestamp`),
  KEY `affiliate_code` (`affiliate_code`)
) ENGINE=MyISAM  AUTO_INCREMENT=45 ;

--
-- Dumping data for table `contacts`
--


-- --------------------------------------------------------

--
-- Table structure for table `contacts_contact_groups_xref`
--

CREATE TABLE IF NOT EXISTS `contacts_contact_groups_xref` (
  `contact_id` int(10) unsigned NOT NULL DEFAULT '0',
  `contact_group_id` int(10) unsigned NOT NULL DEFAULT '0',
  KEY `contact_id` (`contact_id`),
  KEY `contact_group_id` (`contact_group_id`)
) ENGINE=MyISAM;

--
-- Dumping data for table `contacts_contact_groups_xref`
--


-- --------------------------------------------------------

--
-- Table structure for table `contact_groups`
--

CREATE TABLE IF NOT EXISTS `contact_groups` (
  `id` int(10) unsigned NOT NULL AUTO_INCREMENT,
  `name` varchar(100) NOT NULL DEFAULT '',
  `description` varchar(255) NOT NULL DEFAULT '',
  `email_subscription` tinyint(4) NOT NULL DEFAULT '0',
  `email_subscription_type` enum('open','closed') NOT NULL DEFAULT 'open',
  `created_user_id` int(10) unsigned NOT NULL DEFAULT '0',
  `created_timestamp` int(10) unsigned NOT NULL DEFAULT '0',
  `last_modified_user_id` int(10) unsigned NOT NULL DEFAULT '0',
  `last_modified_timestamp` int(10) unsigned NOT NULL DEFAULT '0',
  PRIMARY KEY (`id`)
) ENGINE=MyISAM  AUTO_INCREMENT=49 ;

--
-- Dumping data for table `contact_groups`
--

INSERT INTO `contact_groups` (`id`, `name`, `description`, `email_subscription`, `email_subscription_type`, `created_user_id`, `created_timestamp`, `last_modified_user_id`, `last_modified_timestamp`) VALUES
(1, 'Registered Guests', 'Anyone who successfully registers as a guest will be added to this contact group automatically.', 0, 'closed', 0, 1200222622, 2, 1288264186),
(3, 'Registered Members', 'Anyone that register successfully as a member is added to this contact group automatically.', 0, 'closed', 0, 1200222622, 2, 1288264352),
(4, 'Affiliate Application', 'Anoyone that is approved as an Affiliate will be automatically added to this contact group.', 0, 'closed', 0, 1200222622, 2, 1333851270),
(13, 'Survey', 'Anyone that completes the Survey Form will be added to this contact group automatically.', 0, 'closed', 1, 1215168226, 2, 1333851680),
(6, 'Registration - Participant', 'Anyone that signs up for the example event will be added to this group automatically.', 0, 'closed', 0, 1200222622, 2, 1333851667),
(38, 'Ice Time', '', 0, 'open', 2, 1333851306, 2, 1333851306),
(39, 'Marketing 101 Class', '', 0, 'open', 2, 1333851332, 2, 1333851376),
(40, 'Registration - Exhibitor', '', 0, 'open', 2, 1333851416, 2, 1333851653),
(41, 'Service Plan - Annually', '', 0, 'open', 2, 1333851489, 2, 1333851489),
(8, 'Topic 2', 'I would like to receive all e-mails sent to this mail list.', 1, 'open', 56, 1204191247, 1, 1215166498),
(12, 'Topic 4', 'I would like to receive all e-mails sent to this mail list.', 1, 'open', 1, 1215167332, 1, 1215167332),
(9, 'Topic 3', 'I would like to receive all e-mails sent to this mail list.', 1, 'open', 56, 1204192610, 1, 1215166507),
(11, 'Topic 1', 'I would like to receive all e-mails sent to this mail list.', 1, 'open', 56, 1204193517, 1, 1215166487),
(37, 'Blog', '', 0, 'open', 2, 1333851225, 2, 1333851260),
(15, 'Member Directory', 'When a member submits the member directory entry form, they are automatically added to this contact group.', 0, 'closed', 1, 1215169121, 2, 1333852834),
(16, 'Monthly Donor', 'Anyone who purchases the recurring monthly donation will be added to this contact group.', 0, 'closed', 1, 1215230296, 2, 1288264278),
(42, 'Client', '', 0, 'open', 2, 1333851549, 2, 1333851549),
(43, 'Membership Dues', '', 0, 'open', 2, 1333851588, 2, 1333851588),
(18, 'One-time Donor', 'Anyone who makes a non-recurring one-time donation will be added to this contact group.', 0, 'closed', 1, 1215232282, 2, 1333851429),
(44, 'Classified Ad', '', 0, 'open', 2, 1333851723, 2, 1333851723),
(45, 'Staff Directory', '', 0, 'open', 2, 1333852038, 2, 1333852038),
(20, 'Membership Access', 'Anyone who purchases membership access will be added to this contact group.', 0, 'closed', 1, 1215233845, 2, 1288264237),
(21, 'Orders', '', 0, 'open', 0, 1215235023, 0, 1215235023),
(22, 'Software', 'Anyone who orders the download #1 will be added to this contact group.', 0, 'closed', 1, 1215242476, 2, 1288264070),
(23, 'eBook', 'Anyone who orders the download #2 will be added to this contact group.', 0, 'closed', 1, 1215244045, 2, 1288264063),
(24, 'Service Plan - Monthly', 'Anyone who purchases one of the recurring service plans will be added to this contact group.', 0, 'closed', 1, 1215261262, 2, 1333851476),
(25, 'Account Payment', 'Anyone that makes a payment on their account will be added to this contact group.', 0, 'closed', 1, 1215262601, 2, 1333851930),
(26, 'Free Product', 'Anyone that orders the free product is added to this contact group.', 0, 'closed', 1, 1215311380, 2, 1288264112),
(27, 'Certification Exam', 'When a user submits the certification quiz form successfully, they are automatically added to this contact group.', 0, 'closed', 1, 1216869006, 2, 1333851362),
(28, 'Office Chair', 'Anyone who purchases an office chair will be added to this contact group.', 0, 'closed', 1, 1220418189, 2, 1288264089),
(29, 'Leather Pen Case', 'Anyone who recievesd a Leather Pen Case (free or purchased) will be added to this contact group.', 0, 'closed', 1, 1220418245, 2, 1288264081),
(30, 'Chocolate Basket', 'Anyone who purchases a Chocolate Basket will be added to this contact group.', 0, 'closed', 1, 1220418283, 2, 1288264095),
(34, 'Concert Ticket', '', 0, 'open', 2, 1333297603, 2, 1333297603),
(32, 'Forum', '', 0, 'open', 2, 1290053594, 2, 1333214024),
(33, 'Support Ticket', '', 0, 'open', 2, 1290053612, 2, 1290053612),
(35, 'Mailing List', 'This is our general mailing list.', 1, 'open', 2, 1333362448, 2, 1333362448),
(46, 'Contact Form', '', 0, 'open', 2, 1333852199, 2, 1333852199),
(47, 'Membership Trial', '', 0, 'open', 2, 1333988213, 2, 1333988213),
(48, 'Event Ticket Wait List', '', 0, 'open', 2, 1366650211, 2, 1366650218);

-- --------------------------------------------------------

--
-- Table structure for table `contact_groups_email_campaigns_xref`
--

CREATE TABLE IF NOT EXISTS `contact_groups_email_campaigns_xref` (
  `contact_group_id` int(10) unsigned NOT NULL DEFAULT '0',
  `email_campaign_id` int(10) unsigned NOT NULL DEFAULT '0',
  `type` enum('included','excluded') NOT NULL DEFAULT 'included',
  KEY `contact_group_id` (`contact_group_id`),
  KEY `email_campaign_id` (`email_campaign_id`)
) ENGINE=MyISAM;

--
-- Dumping data for table `contact_groups_email_campaigns_xref`
--


-- --------------------------------------------------------

--
-- Table structure for table `countries`
--

CREATE TABLE IF NOT EXISTS `countries` (
  `id` int(10) unsigned NOT NULL AUTO_INCREMENT,
  `name` varchar(50) NOT NULL DEFAULT '',
  `code` varchar(50) NOT NULL DEFAULT '',
  `transit_adjustment_days` int(10) unsigned NOT NULL DEFAULT '0',
  `default_selected` tinyint(4) NOT NULL DEFAULT '0',
  `user` int(10) unsigned NOT NULL DEFAULT '0',
  `timestamp` int(10) unsigned NOT NULL DEFAULT '0',
  PRIMARY KEY (`id`)
) ENGINE=MyISAM  AUTO_INCREMENT=293 ;

--
-- Dumping data for table `countries`
--

INSERT INTO `countries` (`id`, `name`, `code`, `transit_adjustment_days`, `default_selected`, `user`, `timestamp`) VALUES
(5, 'Afghanistan', 'AF', 95, 0, 48, 1148264248),
(6, 'Albania', 'AL', 85, 0, 48, 1148264325),
(7, 'Algeria', 'DZ', 95, 0, 48, 1148264344),
(8, 'Andorra', 'AD', 75, 0, 48, 1148264381),
(9, 'Angola', 'AO', 85, 0, 48, 1148264388),
(10, 'Anguilla', 'AI', 65, 0, 48, 1148264402),
(11, 'Antigua', 'AG', 45, 0, 48, 1148264429),
(12, 'Argentina', 'AR', 95, 0, 48, 1148264441),
(13, 'Armenia', 'AM', 65, 0, 48, 1148264449),
(14, 'Aruba', 'AW', 45, 0, 48, 1148264458),
(285, 'San Marino', 'SM', 55, 0, 48, 1148741697),
(16, 'Australia', 'AU', 75, 0, 48, 1148264467),
(17, 'Austria', 'AT', 85, 0, 48, 1148264478),
(18, 'Azerbaijan', 'AZ', 65, 0, 48, 1148264486),
(284, 'Samoa', 'WS', 55, 0, 48, 1148741684),
(20, 'Bahamas', 'BS', 45, 0, 48, 1148265109),
(21, 'Bahrain', 'BH', 95, 0, 48, 1148265120),
(22, 'Bangladesh', 'BD', 95, 0, 48, 1148265130),
(23, 'Barbados', 'BB', 45, 0, 48, 1148265137),
(25, 'Belgium', 'BE', 65, 0, 48, 1148265161),
(26, 'Belize', 'BZ', 65, 0, 48, 1148265168),
(27, 'Benin', 'BJ', 85, 0, 48, 1148265177),
(28, 'Bermuda', 'BM', 45, 0, 48, 1148279968),
(29, 'Bhutan', 'BT', 95, 0, 48, 1148279982),
(30, 'Bolivia', 'BO', 85, 0, 48, 1148279990),
(31, 'Bosnia-Herzegovina', 'BA', 85, 0, 48, 1148280004),
(32, 'Botswana', 'BW', 95, 0, 48, 1148280012),
(33, 'Brazil', 'BR', 95, 0, 48, 1148280038),
(34, 'Brunei Darussalam', 'BN', 95, 0, 48, 1148280061),
(35, 'Bulgaria', 'BG', 75, 0, 48, 1148280074),
(36, 'Burkina Faso', 'BF', 95, 0, 48, 1148280085),
(283, 'Puerto Rico', 'PR', 55, 0, 48, 1148741660),
(38, 'Burundi', 'BI', 95, 0, 48, 1148280108),
(39, 'Belarus', 'BY', 65, 0, 48, 1148280135),
(271, 'Guam', 'GU', 55, 0, 48, 1148741457),
(41, 'Cameroon', 'CM', 95, 0, 48, 1148280622),
(42, 'Canada', 'CA', 35, 0, 48, 1148280637),
(44, 'Cape Verde Islands', 'CV', 75, 0, 48, 1148280652),
(45, 'Cayman Islands', 'KY', 45, 0, 48, 1148280664),
(46, 'Central African Rep', 'CF', 45, 0, 48, 1148280681),
(282, 'Palestinian Territory (PS)', 'PS', 55, 0, 2, 1339470780),
(48, 'Chile', 'CL', 85, 0, 48, 1148280702),
(49, 'China', 'CN', 75, 0, 48, 1148280722),
(50, 'Colombia', 'CO', 95, 0, 48, 1148280770),
(51, 'Comoros', 'KM', 0, 0, 48, 1148280793),
(52, 'Congo', 'CG', 95, 0, 48, 1148280805),
(281, 'Palau', 'PW', 55, 0, 48, 1148741628),
(55, 'Costa Rica', 'CR', 65, 0, 48, 1148280829),
(56, 'Cote d''Ivoire', 'CI', 0, 0, 48, 1148280852),
(57, 'Croatia', 'HR', 85, 0, 48, 1148280872),
(59, 'Cyprus', 'CY', 75, 0, 48, 1148280891),
(60, 'Czech Republic', 'CZ', 75, 0, 48, 1148280906),
(279, 'Norfolk Island', 'NF', 55, 0, 48, 1148741604),
(278, 'Niue', 'NU', 55, 0, 48, 1148741591),
(63, 'Denmark', 'DK', 65, 0, 48, 1148280922),
(65, 'Djibouti', 'DJ', 95, 0, 48, 1148280934),
(66, 'Dominica', 'DM', 65, 0, 48, 1148280947),
(67, 'Dominican Republic', 'DO', 45, 0, 48, 1148280960),
(68, 'Ecuador', 'EC', 85, 0, 48, 1148280975),
(69, 'Egypt', 'EG', 95, 0, 48, 1148280997),
(71, 'El Salvador', 'SV', 65, 0, 48, 1148281011),
(276, 'Mayotte', 'YT', 55, 0, 48, 1148741555),
(277, 'Micronesia (FM)', 'FM', 55, 0, 2, 1339470757),
(74, 'Eritrea', 'ER', 95, 0, 48, 1148281038),
(75, 'Estonia', 'EE', 75, 0, 48, 1148281052),
(76, 'Ethiopia', 'ET', 95, 0, 48, 1148281065),
(77, 'Falkland Islands', 'FK', 75, 0, 48, 1148281083),
(78, 'Faroe Islands', 'FO', 85, 0, 48, 1148281102),
(79, 'Fiji', 'FJ', 75, 0, 48, 1148281118),
(80, 'Finland', 'FI', 65, 0, 48, 1148281143),
(280, 'Northern Marina Islands', 'MP', 55, 0, 48, 1148741617),
(82, 'France', 'FR', 75, 0, 48, 1148281155),
(275, 'Marshall Islands', 'MH', 55, 0, 48, 1148741544),
(84, 'French Guiana', 'GF', 75, 0, 48, 1148281169),
(85, 'French Polynesia', 'PF', 75, 0, 48, 1148281183),
(86, 'Gabon', 'GA', 95, 0, 48, 1148281206),
(87, 'Gambia', 'GM', 75, 0, 48, 1148281215),
(88, 'Georgia', 'GE', 65, 0, 48, 1148281225),
(89, 'Germany', 'DE', 55, 0, 48, 1148281236),
(90, 'Ghana', 'GH', 95, 0, 48, 1148281252),
(91, 'Gibraltar', 'GI', 65, 0, 48, 1148281263),
(270, 'French Territories (TF)', 'TF', 55, 0, 2, 1339470706),
(93, 'Greece', 'GR', 95, 0, 48, 1148281275),
(94, 'Greenland', 'GL', 35, 0, 48, 1148281288),
(95, 'Grenada', 'GD', 65, 0, 48, 1148281299),
(97, 'Guadeloupe', 'GP', 75, 0, 48, 1148281312),
(98, 'Guatemala', 'GT', 65, 0, 48, 1148281334),
(99, 'Guinea-Bissau', 'GW', 75, 0, 48, 1148281368),
(100, 'Guinea', 'GN', 75, 0, 48, 1148281345),
(101, 'Guyana', 'GY', 75, 0, 48, 1148281381),
(102, 'Haiti', 'HT', 45, 0, 48, 1148281392),
(104, 'Honduras', 'HN', 65, 0, 48, 1148281421),
(105, 'Hong Kong', 'HK', 55, 0, 48, 1148281431),
(106, 'Hungary', 'HU', 75, 0, 48, 1148281441),
(107, 'Iceland', 'IS', 45, 0, 48, 1148281454),
(108, 'India', 'IN', 95, 0, 48, 1148281468),
(109, 'Indonesia', 'ID', 85, 0, 48, 1148281492),
(110, 'Iran', 'IR', 95, 0, 48, 1148281506),
(111, 'Iraq', 'IQ', 95, 0, 48, 1148281516),
(112, 'Ireland', 'IE', 65, 0, 48, 1148281529),
(113, 'Israel', 'IL', 95, 0, 48, 1148281545),
(114, 'Italy', 'IT', 85, 0, 48, 1148281560),
(116, 'Jamaica', 'JM', 45, 0, 48, 1148281570),
(117, 'Japan', 'JP', 45, 0, 48, 1148281581),
(118, 'Jordan', 'JO', 95, 0, 48, 1148281590),
(119, 'Kazakhstan', 'KZ', 65, 0, 48, 1148281602),
(120, 'Kenya', 'KE', 99, 0, 48, 1148281611),
(121, 'Kiribati', 'KI', 75, 0, 48, 1148281626),
(122, 'Korea, South', 'KR', 75, 0, 2, 1339471360),
(123, 'Kuwait', 'KW', 95, 0, 48, 1148281667),
(124, 'Kyrgystan', 'KG', 65, 0, 48, 1148281681),
(125, 'Lao', 'LA', 75, 0, 2, 1339471400),
(126, 'Latvia', 'LV', 75, 0, 48, 1148281748),
(127, 'Lebanon', 'LB', 75, 0, 48, 1148281762),
(274, 'Korea, North', 'KP', 55, 0, 2, 1339471381),
(269, 'Equatorial Guinea', 'GQ', 55, 0, 48, 1148741420),
(130, 'Lesotho', 'LS', 95, 0, 48, 1148281777),
(131, 'Liberia', 'LR', 95, 0, 48, 1148281788),
(132, 'Libyan Arab Jamahiriya', 'LY', 95, 0, 48, 1148281824),
(133, 'Liechtenstein', 'LI', 55, 0, 48, 1148281840),
(134, 'Lithuania', 'LT', 75, 0, 48, 1148281853),
(135, 'Luxembourg', 'LU', 55, 0, 48, 1148281867),
(136, 'Macao', 'MO', 75, 0, 48, 1148281886),
(137, 'Macedonia', 'MK', 85, 0, 2, 1339470304),
(138, 'Madagascar', 'MG', 95, 0, 48, 1148281924),
(272, 'Heard McDonald Is. (HM)', 'HM', 55, 0, 2, 1339471000),
(140, 'Malawi', 'MW', 95, 0, 48, 1148738547),
(141, 'Malaysia', 'MY', 85, 0, 48, 1148738562),
(142, 'Maldives', 'MV', 75, 0, 48, 1148738575),
(143, 'Mali', 'ML', 95, 0, 48, 1148738594),
(144, 'Malta', 'MT', 75, 0, 48, 1148738605),
(145, 'Martinique', 'MQ', 65, 0, 48, 1148738628),
(146, 'Mauritania', 'MR', 75, 0, 48, 1148738641),
(147, 'Mauritius', 'MU', 75, 0, 48, 1148738659),
(148, 'Mexico', 'MX', 40, 0, 48, 1148738692),
(150, 'Moldova, Republic of', 'MD', 65, 0, 48, 1148738725),
(151, 'Monaco', 'MC', 75, 0, 48, 1148738738),
(152, 'Mongolia', 'MN', 99, 0, 48, 1148738753),
(273, 'Holy See (Vatican City)', 'VA', 55, 0, 2, 1339471046),
(154, 'Montserrat', 'MS', 65, 0, 48, 1148738769),
(155, 'Morocco', 'MA', 75, 0, 48, 1148738788),
(156, 'Mozambique', 'MZ', 95, 0, 48, 1148738801),
(157, 'Myanmar', 'MM', 75, 0, 48, 1148738816),
(158, 'Namibia', 'NA', 85, 0, 48, 1148738832),
(159, 'Nauru', 'NR', 95, 0, 48, 1148738848),
(160, 'Nepal', 'NP', 95, 0, 48, 1148738861),
(161, 'Netherlands Antilles', 'AN', 65, 0, 48, 1148738919),
(163, 'Netherlands', 'NL', 65, 0, 48, 1148738883),
(268, 'Cuba', 'CU', 55, 0, 48, 1148741408),
(165, 'New Caledonia', 'NC', 85, 0, 48, 1148739047),
(166, 'New Zealand', 'NZ', 75, 0, 48, 1148739060),
(167, 'Nicaragua', 'NI', 65, 0, 48, 1148739075),
(168, 'Niger', 'NE', 95, 0, 48, 1148739090),
(169, 'Nigeria', 'NG', 85, 0, 48, 1148739170),
(170, 'Norway', 'NO', 65, 0, 48, 1148739201),
(171, 'Oman', 'OM', 95, 0, 48, 1148739297),
(172, 'Pakistan', 'PK', 95, 0, 48, 1148739311),
(173, 'Panama', 'PA', 55, 0, 48, 1148739338),
(174, 'Papua New Guinea', 'PG', 95, 0, 48, 1148739351),
(175, 'Paraguay', 'PY', 75, 0, 48, 1148739367),
(176, 'Peru', 'PE', 75, 0, 48, 1148739381),
(177, 'Philippines', 'PH', 95, 0, 48, 1148739393),
(178, 'Pitcairn', 'PN', 75, 0, 48, 1148739441),
(179, 'Poland', 'PL', 75, 0, 48, 1148739502),
(180, 'Portugal', 'PT', 85, 0, 48, 1148739518),
(267, 'Cook Islands', 'CK', 55, 0, 48, 1148741399),
(183, 'Qatar', 'QA', 85, 0, 48, 1148739543),
(184, 'Reunion', 'RE', 75, 0, 48, 1148739557),
(185, 'Romania', 'RO', 95, 0, 48, 1148739570),
(186, 'Russian Federation', 'RU', 65, 0, 48, 1148739583),
(187, 'Rwanda', 'RW', 95, 0, 48, 1148739600),
(266, 'Congo (CD)', 'CD', 55, 0, 2, 1339470685),
(190, 'Sao Tome and Principe', 'ST', 95, 0, 48, 1148739830),
(191, 'Saudi Arabia', 'SA', 95, 0, 48, 1148739858),
(265, 'Cocos Islands (CC)', 'CC', 55, 0, 2, 1339470669),
(193, 'Senegal', 'SN', 95, 0, 48, 1148739878),
(194, 'Serbia and Montenegro', 'CS', 85, 0, 48, 1148739911),
(195, 'Seychelles', 'SC', 95, 0, 48, 1148739935),
(196, 'Sierra Leone', 'SL', 85, 0, 48, 1148739977),
(197, 'Singapore', 'SG', 75, 0, 48, 1148740003),
(198, 'Slovakia', 'SK', 75, 0, 48, 1148740027),
(199, 'Slovenia', 'SI', 85, 0, 48, 1148740047),
(200, 'Solomon Islands', 'SB', 65, 0, 48, 1148740079),
(201, 'Somalia', 'SO', 95, 0, 48, 1148740103),
(264, 'Christmas Island', 'CX', 55, 0, 48, 1148741357),
(203, 'South Africa', 'ZA', 85, 0, 48, 1148740121),
(204, 'Spain', 'ES', 95, 0, 48, 1148740158),
(263, 'Chad', 'TD', 55, 0, 48, 1148741337),
(206, 'Sri Lanka', 'LK', 95, 0, 48, 1148740179),
(262, 'Cambodia', 'KH', 55, 0, 48, 1148741327),
(208, 'Saint Helena', 'SH', 65, 0, 48, 1148739662),
(209, 'Saint Lucia', 'LC', 65, 0, 48, 1148739682),
(261, 'British Territory (IO)', 'IO', 55, 0, 2, 1339470647),
(212, 'Saint Pierre Miquelon', 'PM', 35, 0, 2, 1339935026),
(213, 'Saint Vincent (VC)', 'VC', 65, 0, 2, 1339470869),
(214, 'Saint Kitts and Nevis', 'KN', 65, 0, 48, 1148739642),
(215, 'Sudan', 'SD', 95, 0, 48, 1148740195),
(216, 'Suriname', 'SR', 85, 0, 48, 1148740209),
(217, 'Swaziland', 'SZ', 95, 0, 48, 1148740236),
(218, 'Sweden', 'SE', 75, 0, 48, 1148740250),
(219, 'Switzerland', 'CH', 55, 0, 48, 1148740263),
(220, 'Syrian Arab Republic', 'SY', 95, 0, 48, 1148740299),
(222, 'Taiwan', 'TW', 75, 0, 2, 1339470902),
(223, 'Tajikistan', 'TJ', 65, 0, 48, 1148740354),
(224, 'Tanzania', 'TZ', 75, 0, 2, 1339935056),
(225, 'Thailand', 'TH', 75, 0, 48, 1148740398),
(260, 'Bouvet Island', 'BV', 55, 0, 48, 1148741297),
(227, 'Togo', 'TG', 85, 0, 48, 1148740436),
(228, 'Tonga', 'TO', 65, 0, 48, 1148740467),
(229, 'Trinidad and Tobago', 'TT', 55, 0, 48, 1148740489),
(259, 'Antarctica', 'AQ', 55, 0, 48, 1148741277),
(232, 'Tunisia', 'TN', 95, 0, 48, 1148740507),
(233, 'Turkey', 'TR', 95, 0, 48, 1148740521),
(234, 'Turkmenistan', 'TM', 65, 0, 48, 1148740535),
(235, 'Turks and Calicos Is.', 'TC', 55, 0, 2, 1339935091),
(236, 'Tuvalu', 'TV', 85, 0, 48, 1148740574),
(237, 'Uganda', 'UG', 95, 0, 48, 1148740586),
(238, 'Ukraine', 'UA', 65, 0, 48, 1148740602),
(239, 'United Arab Emirates', 'AE', 95, 0, 48, 1148740619),
(240, 'United Kingdom', 'GB', 55, 0, 48, 1148740629),
(241, 'United States', 'US', 0, 1, 48, 1148740643),
(258, 'American Samoa', 'AS', 55, 0, 48, 1148741265),
(243, 'Uruguay', 'UY', 85, 0, 48, 1148740665),
(244, 'Uzbekistan', 'UZ', 65, 0, 48, 1148740680),
(245, 'Vanuatu', 'VU', 85, 0, 48, 1148740695),
(246, 'Vatican City', 'VA', 75, 0, 48, 1148740719),
(247, 'Venezuela', 'VE', 85, 0, 48, 1148740732),
(248, 'Vietnam', 'VN', 75, 0, 48, 1148740743),
(249, 'Virgin Islands, British', 'VG', 45, 0, 48, 1148740773),
(250, 'Western Samoa', 'EH', 65, 0, 48, 1148740795),
(252, 'Yemen', 'YE', 95, 0, 48, 1148740805),
(257, 'Aland Islands', 'AX', 55, 0, 48, 1148741248),
(254, 'Zaire', 'CD', 95, 0, 48, 1148740835),
(255, 'Zambia', 'ZM', 95, 0, 48, 1148740855),
(256, 'Zimbabwe', 'ZW', 75, 0, 48, 1148740867),
(286, 'South Georgia (GS)', 'GS', 55, 0, 2, 1339470850),
(287, 'Svalbard and Jan Mayen', 'SJ', 55, 0, 48, 1148741731),
(288, 'Timor-Leste', 'TL', 55, 0, 48, 1148741753),
(289, 'Tokelau', 'TK', 55, 0, 48, 1148741764),
(290, 'United States Minor (UM)', 'UM', 55, 0, 2, 1339470936),
(291, 'Virgin Islands, U.S.', 'VI', 55, 0, 48, 1148741797),
(292, 'Wallis and Futuna', 'WF', 55, 0, 48, 1148741812);

-- --------------------------------------------------------

--
-- Table structure for table `cregion`
--

CREATE TABLE IF NOT EXISTS `cregion` (
  `cregion_id` int(10) unsigned NOT NULL AUTO_INCREMENT,
  `cregion_name` varchar(100) DEFAULT NULL,
  `cregion_content` mediumtext NOT NULL,
  `cregion_designer_type` enum('no','yes') NOT NULL DEFAULT 'no',
  `cregion_user` int(10) unsigned NOT NULL DEFAULT '0',
  `cregion_timestamp` int(10) unsigned NOT NULL DEFAULT '0',
  PRIMARY KEY (`cregion_id`)
) ENGINE=MyISAM  AUTO_INCREMENT=137 ;

--
-- Dumping data for table `cregion`
--

INSERT INTO `cregion` (`cregion_id`, `cregion_name`, `cregion_content`, `cregion_designer_type`, `cregion_user`, `cregion_timestamp`) VALUES
(31, 'close-window', '<div style="text-align: right;"><a href="javascript:window.close()" class="link-button-primary-small">Close Window</a></div>\r\n', 'yes', 2, 1362814034),
(40, 'site-tools', '<p style="text-align: center;"><a href="http://www.facebook.com/" title="Visit us on Facebook" target="_blank"><img title="Visit us on Facebook" src="{path}files/icon-facebook.png" alt="Visit us on Facebook" width="24" height="24" /></a> <a href="http://twitter.com/" title="Visit our Twitter Page" target="_blank"><img title="Visit us on Twitter" src="{path}files/icon-twitter.png" alt="icon-twitter.png" width="24" height="24" /></a> <a href="http://www.linkedin.com/" title="Visit our Linked In Page" target="_blank"><img title="Visit us on Linked In" src="{path}files/icon-linkedin.png" alt="icon-linkedin.png" width="24" height="24" /></a> <a href="http://plus.google.com/" title="Visit us on Google+" target="_blank"><img title="Visit us on Google+" src="{path}files/icon-google.png" alt="icon-google.png" width="24" height="24" /></a> <a href="http://www.vimeo.com/" title="Visit us on Vimeo" target="_blank"><img title="Visit us on Vimeo" src="{path}files/icon-vimeo.png" alt="icon-vimeo.png" width="24" height="24" /></a> <a href="http://www.youtube.com/" title="Visit us on YouTube" target="_blank"><img title="Visit us on YouTube" src="{path}files/icon-youtube.png" alt="icon-youtube.png" width="24" height="24" /></a> <a href="http://www.flickr.com/" title="Visit us on Flickr" target="_blank"><img title="Visit us on Flickr" src="{path}files/icon-flickr.png" alt="icon-flickr.png" width="24" height="24" /></a> &nbsp; &nbsp; <a href="{path}pages/about-us">About Us</a> &nbsp; &nbsp; <a href="{path}pages/contact-form">Contact Us</a> &nbsp;&nbsp; &nbsp; 555-555-5555</p>', 'no', 2, 1365119115),
(44, 'site-footer', '<p align="center"><a href="{path}">Home</a> &nbsp; <a href="{path}pages/privacy">Privacy</a> &nbsp; <a href="{path}pages/site-terms">Use</a> &nbsp; <a href="{path}pages/staff-home">Staff</a>&nbsp; &copy; My Organization&nbsp; <a href="mailto:webmaster@myorganization.com">webmaster@myorganization.com</a></p>', 'no', 2, 1365634685),
(99, 'site-search', '<table>\r\n    <tr valign="middle">\r\n        <td>\r\n            <div class="search_results_search">\r\n                <form action="{path}pages/site-search" style="text-align: right;">\r\n                    <div class="search">\r\n                        <span class="simple">\r\n                            <input class="software_input_text mobile_fixed_width query" type="text" name="query" value=" Site Search" size="11"\r\n                            onblur="if ( this.value == '''' ) { this.value = '' Site Search''; }"\r\n                            onfocus="if ( this.value == '' Site Search'' ) { this.value = ''''; }"/>\r\n                            <input class="submit" type="submit" title="Search" value=""/>\r\n                        </span>\r\n                    </div>\r\n                </form>\r\n            </div>\r\n        </td>\r\n    </tr>\r\n</table>\r\n', 'yes', 2, 1368560056),
(126, 'google-map', '<iframe width="425" height="350" frameborder="0" scrolling="no" marginheight="0" marginwidth="0" src="http://maps.google.com/maps?oe=utf-8&amp;client=firefox-a&amp;q=1600+Pennsylvania+avenue+washington+dc&amp;ie=UTF8&amp;hq=&amp;hnear=1600+Pennsylvania+Ave+NW,+Washington,+District+of+Columbia,+20500&amp;t=m&amp;z=14&amp;iwloc=A&amp;ll=38.897678,-77.036517&amp;output=embed"></iframe>\r\n<br /><small><a href="http://maps.google.com/maps?oe=utf-8&amp;client=firefox-a&amp;q=1600+Pennsylvania+avenue+washington+dc&amp;ie=UTF8&amp;hq=&amp;hnear=1600+Pennsylvania+Ave+NW,+Washington,+District+of+Columbia,+20500&amp;t=m&amp;z=14&amp;iwloc=A&amp;ll=38.897678,-77.036517&amp;source=embed" style="color:#0000FF;text-align:left">View Larger Map</a></small>', 'yes', 2, 1360840698),
(130, 'site-links2', '<table style="width: 100%;" border="0">\r\n<tbody>\r\n<tr>\r\n<td valign="top">\r\n<h5>Site Links</h5>\r\n<ul>\r\n<li><a href="{path}pages/product-catalog">Store</a></li>\r\n<li><a href="{path}pages/ticket-calendar">Tickets</a></li>\r\n<li><a href="{path}pages/reservations-calendar">Reservations</a></li>\r\n<li><a href="{path}pages/service-plans-order-form">Services</a></li>\r\n<li><a href="{path}pages/product-catalog/Downloadable_Products">Downloads</a></li>\r\n<li><a href="{path}pages/non-taxable-donation-form">Donations</a></li>\r\n</ul>\r\n</td>\r\n<td style="width: 5%;" valign="top">&nbsp;</td>\r\n<td valign="top">\r\n<h5>Site Links</h5>\r\n<ul>\r\n<li><a href="{path}pages/members-dues">Collect Dues</a></li>\r\n<li><a href="{path}pages/trial-membership-form">Trial Memberships</a></li>\r\n<li><a href="{path}pages/members-access">Pay for Access</a></li>\r\n<li><a href="{path}pages/my-account">My Account</a></li>\r\n<li><a href="{path}pages/members-home">Members Portal</a></li>\r\n<li><a href="{path}pages/staff-home">Staff Portal</a></li>\r\n</ul>\r\n</td>\r\n<td style="width: 5%;" valign="top">&nbsp;</td>\r\n</tr>\r\n</tbody>\r\n</table>', 'no', 2, 1364219932),
(88, 'email-header', '<h1><a class="theme-name" href="{path}"></a>&nbsp;<span class="theme-revision"></span></h1>', 'no', 2, 1365633068),
(132, 'site-links1', '<table style="width: 100%;" border="0">\r\n<tbody>\r\n<tr>\r\n<td valign="top">\r\n<h5>Site Links</h5>\r\n<ul>\r\n<li><a href="{path}">Home</a></li>\r\n<li><a href="{path}pages/about-us">About</a></li>\r\n<li><a href="{path}pages/faq">FAQ</a></li>\r\n<li><a href="{path}pages/staff-directory">Directory</a></li>\r\n<li><a href="{path}pages/media-center">Media Center</a></li>\r\n<li><a href="{path}pages/contact-form">Contact</a></li>\r\n</ul>\r\n</td>\r\n<td style="width: 5%;" valign="top">&nbsp;</td>\r\n<td valign="top">\r\n<h5>Site Links</h5>\r\n<ul>\r\n<li><a href="{path}pages/blog">Blog</a></li>\r\n<li><a href="{path}pages/public-calendar">Calendar</a></li>\r\n<li><a href="{path}pages/photo-gallery">Photo Gallery</a></li>\r\n<li><a href="{path}pages/video-gallery">Video Gallery</a></li>\r\n<li><a href="{path}pages/forum">Forum</a></li>\r\n<li><a href="{path}pages/support-ticket-form">Support</a></li>\r\n</ul>\r\n</td>\r\n<td style="width: 5%;" valign="top">&nbsp;</td>\r\n</tr>\r\n</tbody>\r\n</table>', 'no', 2, 1365634675),
(71, 'email-footer', '<p style="text-align: center;">&copy; My Organization</p>', 'no', 2, 1364639522),
(100, 'registered-header', '<p class="paragraph-mobile-hide" style="text-align: center;"><strong>Registered Header:</strong> Place stuff here that might be important to those that have registered / logged into the site. <span class="text-fine-print">(Hidden from mobile visitors.)</span></p>', 'no', 2, 1344773103),
(72, 'member-header', '<p class="paragraph-mobile-hide" style="text-align: center;"><strong>Members Header:</strong> Add up to the minute announcements for your members here! <span class="text-fine-print">(Hidden from mobile visitors).</span></p>', 'no', 2, 1344773044),
(73, 'member-footer', '', 'no', 2, 1341553868),
(74, 'member-sidebar', '<h2>Members</h2>\r\n<p>Pages &amp; Files placed in a Membership Folder are accessible only by active Members.</p>\r\n<p><a class="link-menu-item" href="{path}pages/members-home">Members Home </a> <a class="link-menu-item" href="{path}pages/members-calendar">Members Calendar</a> <a class="link-menu-item" href="{path}pages/members-directory">Members Directory</a> <a class="link-menu-item" href="{path}pages/classified-ads">Classified Ads </a> <a class="link-menu-item" href="{path}pages/members-access">Renew Membership</a></p>', 'no', 2, 1364570814),
(101, 'registered-footer', '', 'no', 2, 1333272822),
(102, 'registered-sidebar', '<h2>Guests</h2>\r\n<p>Placing pages into Registration Folders makes sure visitors register or login before accessing certain pages.</p>\r\n<p><a class="link-menu-item" href="{path}pages/my-account">My Account</a> <a class="link-menu-item" href="{path}pages/my-account-email-preferences">My Subscriptions</a> <a class="link-menu-item" href="{path}pages/my-support-tickets">My Support Tickets</a> <a class="link-menu-item" href="{path}pages/my-content">My Content</a> <a class="link-menu-item" href="{path}pages/forum">Forum</a> <a class="link-menu-item" href="{path}pages/support">Support</a> <a class="link-menu-item" href="{path}pages/survey-form">Survey</a></p>', 'no', 2, 1365645575),
(103, 'home-link', '<p style="text-align: right;"><a href="{path}">Visit Our Website &raquo;</a></p>', 'no', 2, 1362138969),
(75, 'staff-header', '<p class="paragraph-mobile-hide" style="text-align: center;"><strong>Staff Header:</strong> Add up to the minute announcements for your staff here! <span class="text-fine-print">(Hidden from mobile viewers).</span></p>', 'no', 2, 1344773017),
(76, 'staff-footer', '', 'no', 2, 1333083343),
(77, 'staff-sidebar', '<h2>Staff</h2>\r\n<p>We created a little staff area to get your started. Share files, info, forms, discussions, or anything!</p>\r\n<p><a href="{path}pages/staff-search">Search Staff Portal</a></p>\r\n<p><a class="link-menu-item" href="{path}pages/staff-home">Staff Home</a> <a class="link-menu-item" href="{path}pages/staff-calendar">Staff Calendar</a> <a class="link-menu-item" href="{path}pages/contact-us-forms">All Contact Forms</a> <a class="link-menu-item" href="{path}pages/staff-support-tickets">All Support Tickets</a> <a class="link-menu-item" href="{path}pages/staff-latest-activity">Latest Activity</a></p>\r\n<p><a class="link-menu-item" href="{path}pages/contact-form?connect_to_contact=false" title="This customized link allows you to submit the form on behalf of someone else.">+ Contact Form (by Staff)</a> <a class="link-menu-item" href="{path}pages/support-ticket-form?connect_to_contact=false" title="This customized link allows you to submit the form on behalf of someone else.">+ Support Ticket (by Staff)</a> <a class="link-menu-item" href="{path}pages/staff-directory-form">+ Staff Directory</a> <a class="link-menu-item" href="{path}pages/blog-form">+ Blog Posting</a> <a class="link-menu-item" href="{path}pages/video-gallery-form">+ Video</a> <a class="link-menu-item" href="{path}pages/news-1-select">+ Send News</a> <a class="link-menu-item" href="{path}pages/staff-send-quote">+ Send Quote</a></p>', 'no', 2, 1366295481),
(56, 'public-footer', '<p style="text-align: center;"><strong>Public Footer:</strong> You can add content or just remove all content to collapse the area.</p>', 'no', 2, 1368567628),
(55, 'public-header', '<p style="text-align: center;"><strong style="font-size: 0.9em; line-height: 1.5em;">Public Header:</strong><span style="font-size: 0.9em; line-height: 1.5em;"> Add up to the minute announcements for your site visitors here!</span></p>', 'no', 2, 1368568457),
(90, 'public-sidebar', '<h2>Visitors</h2>\r\n<p>Placing pages into Public Folders allows anyone to view and interact with them.</p>\r\n<p><a class="link-menu-item" href="{path}pages/about-us">About Us</a> <a class="link-menu-item" href="{path}pages/blog">Blog</a><a class="link-menu-item" href="{path}pages/faq">FAQ</a> <a class="link-menu-item" href="{path}pages/public-calendar">Calendar</a> <a class="link-menu-item" href="{path}pages/photo-gallery">Photo Gallery</a> <a class="link-menu-item" href="{path}pages/media-center">Media Center</a> <a class="link-menu-item" href="{path}pages/product-catalog">Store</a> <a class="link-menu-item" href="{path}pages/non-taxable-donation-form">Donations</a> <a class="link-menu-item" href="{path}pages/members-access">Membership</a> <a class="link-menu-item" href="{path}pages/contact-form">Contact Us</a></p>', 'no', 2, 1364570651),
(108, 'site-header', '<h1><a class="theme-name" href="{path}"></a>&nbsp;<span class="theme-revision"></span></h1>', 'no', 2, 1364047192),
(117, 'mobile-menu-button', '<div id="mobile-menu-button"><a class="link-button-primary-small" href="#software_menu_mobile-menu" style="font-weight: bold; display: block !important; font-size: 120% !important;">menu</a></div>', 'yes', 2, 1364572623),
(111, 'mobile-search', '<div class="search_results_search" style="padding: .5em; text-align: center">\r\n    <form action="{path}pages/site-search">\r\n            <span class="search">\r\n                <span class="simple">\r\n                    <input class="software_input_text query" type="text" name="query" value=" Search Site"\r\n                    style="font-size: 90%; width: auto"\r\n                    onblur="if ( this.value == '''' ) { this.value = '' Search Site''; }"\r\n                    onfocus="if ( this.value == '' Search Site'' ) { this.value = ''''; }"/>\r\n                    <input class="submit" type="submit" title="Search" value=""/>\r\n                </span>\r\n            </span>\r\n    </form>\r\n</div>\r\n', 'yes', 2, 1368573194),
(113, 'mobile-site-footer', '<p style="text-align: center;">&copy; My Organization | <a href="#site_top">Back to Top</a></p>', 'no', 2, 1364639548),
(112, 'mobile-site-header', '<h1><a class="theme-name" href="{path}"></a>&nbsp;<span class="theme-revision"></span></h1>', 'no', 2, 1368573179),
(135, 'email-tools', '<p style="text-align: center;"><a href="{path}pages/about-us">About Us</a> &nbsp; &nbsp; <a href="{path}pages/contact-form">Contact Us</a> &nbsp;&nbsp; &nbsp; 555-555-5555</p>', 'no', 2, 1364157382);

-- --------------------------------------------------------

--
-- Table structure for table `currencies`
--

CREATE TABLE IF NOT EXISTS `currencies` (
  `id` int(10) unsigned NOT NULL AUTO_INCREMENT,
  `name` varchar(100) NOT NULL DEFAULT '',
  `code` varchar(3) NOT NULL DEFAULT '',
  `symbol` varchar(10) NOT NULL DEFAULT '',
  `exchange_rate` decimal(10,5) NOT NULL DEFAULT '0.00000',
  `created_user_id` int(10) unsigned NOT NULL DEFAULT '0',
  `created_timestamp` int(10) unsigned NOT NULL DEFAULT '0',
  `last_modified_user_id` int(10) unsigned NOT NULL DEFAULT '0',
  `last_modified_timestamp` int(10) unsigned NOT NULL DEFAULT '0',
  `base` tinyint(3) unsigned NOT NULL DEFAULT '0',
  PRIMARY KEY (`id`)
) ENGINE=MyISAM  AUTO_INCREMENT=7 ;

--
-- Dumping data for table `currencies`
--

INSERT INTO `currencies` (`id`, `name`, `code`, `symbol`, `exchange_rate`, `created_user_id`, `created_timestamp`, `last_modified_user_id`, `last_modified_timestamp`, `base`) VALUES
(1, 'US Dollar', 'USD', '$', 1.00000, 0, 1216034655, 2, 1370465382, 1),
(2, 'British pound', 'GBP', '&pound;', 0.65230, 1, 1216212045, 2, 1370465377, 0),
(3, 'Canadian dollar', 'CAD', '$', 1.01550, 1, 1216212074, 2, 1370465380, 0),
(4, 'Euro', 'EUR', '&euro;', 0.76410, 1, 1216212097, 2, 1370465371, 0),
(5, 'Japanese yen', 'JPY', '&yen;', 99.11250, 1, 1216212120, 2, 1370465374, 0),
(6, 'Australian dollar', 'AUD', '$', 0.95170, 1, 1216212142, 2, 1370465368, 0);

-- --------------------------------------------------------

--
-- Table structure for table `custom_form_confirmation_pages`
--

CREATE TABLE IF NOT EXISTS `custom_form_confirmation_pages` (
  `id` int(10) unsigned NOT NULL AUTO_INCREMENT,
  `page_id` int(10) unsigned NOT NULL DEFAULT '0',
  `continue_button_label` varchar(50) NOT NULL DEFAULT '',
  `next_page_id` int(10) unsigned NOT NULL DEFAULT '0',
  PRIMARY KEY (`id`),
  UNIQUE KEY `page_id` (`page_id`)
) ENGINE=MyISAM  AUTO_INCREMENT=25 ;

--
-- Dumping data for table `custom_form_confirmation_pages`
--

INSERT INTO `custom_form_confirmation_pages` (`id`, `page_id`, `continue_button_label`, `next_page_id`) VALUES
(16, 223, '', 0),
(9, 274, 'Staff Home', 294),
(14, 292, '', 0),
(15, 303, '', 0),
(21, 396, 'My Tickets', 401),
(22, 398, 'All Tickets', 400),
(23, 399, 'My Support Tickets', 401);

-- --------------------------------------------------------

--
-- Table structure for table `custom_form_pages`
--

CREATE TABLE IF NOT EXISTS `custom_form_pages` (
  `id` int(10) unsigned NOT NULL AUTO_INCREMENT,
  `page_id` int(10) unsigned NOT NULL DEFAULT '0',
  `form_name` varchar(100) NOT NULL DEFAULT '',
  `enabled` tinyint(4) NOT NULL DEFAULT '1',
  `submit_button_label` varchar(50) NOT NULL DEFAULT '',
  `confirmation_page_id` int(10) unsigned NOT NULL DEFAULT '0',
  `label_column_width` varchar(3) NOT NULL DEFAULT '',
  `submitter_email_page_id` int(10) unsigned NOT NULL DEFAULT '0',
  `submitter_email_from_email_address` varchar(100) NOT NULL DEFAULT '',
  `submitter_email_subject` varchar(255) NOT NULL DEFAULT '',
  `administrator_email_page_id` int(10) unsigned NOT NULL DEFAULT '0',
  `administrator_email_to_email_address` varchar(100) NOT NULL DEFAULT '',
  `administrator_email_subject` varchar(255) NOT NULL DEFAULT '',
  `contact_group_id` int(10) unsigned NOT NULL DEFAULT '0',
  `quiz` tinyint(4) NOT NULL DEFAULT '0',
  `quiz_pass_percentage` tinyint(4) NOT NULL DEFAULT '0',
  `membership_days` int(10) unsigned NOT NULL DEFAULT '0',
  `administrator_email_bcc_email_address` varchar(100) NOT NULL DEFAULT '',
  `membership` tinyint(3) unsigned NOT NULL DEFAULT '0',
  `membership_start_page_id` int(10) unsigned NOT NULL DEFAULT '0',
  `watcher_page_id` int(10) unsigned NOT NULL DEFAULT '0',
  `submitter_email` tinyint(3) unsigned NOT NULL DEFAULT '0',
  `submitter_email_format` enum('plain_text','html') NOT NULL DEFAULT 'plain_text',
  `submitter_email_body` mediumtext NOT NULL,
  `administrator_email` tinyint(3) unsigned NOT NULL DEFAULT '0',
  `administrator_email_format` enum('plain_text','html') NOT NULL DEFAULT 'plain_text',
  `administrator_email_body` mediumtext NOT NULL,
  `confirmation_type` enum('message','page') NOT NULL DEFAULT 'message',
  `confirmation_message` mediumtext NOT NULL,
  `confirmation_alternative_page` tinyint(3) unsigned NOT NULL DEFAULT '0',
  `confirmation_alternative_page_contact_group_id` int(10) unsigned NOT NULL DEFAULT '0',
  `confirmation_alternative_page_id` int(10) unsigned NOT NULL DEFAULT '0',
  `return_type` enum('custom_form','message','page') NOT NULL DEFAULT 'custom_form',
  `return_message` mediumtext NOT NULL,
  `return_page_id` int(10) unsigned NOT NULL DEFAULT '0',
  `return_alternative_page` tinyint(3) unsigned NOT NULL DEFAULT '0',
  `return_alternative_page_contact_group_id` int(10) unsigned NOT NULL DEFAULT '0',
  `return_alternative_page_id` int(10) unsigned NOT NULL DEFAULT '0',
  PRIMARY KEY (`id`),
  UNIQUE KEY `page_id` (`page_id`)
) ENGINE=MyISAM  AUTO_INCREMENT=91 ;

--
-- Dumping data for table `custom_form_pages`
--

INSERT INTO `custom_form_pages` (`id`, `page_id`, `form_name`, `enabled`, `submit_button_label`, `confirmation_page_id`, `label_column_width`, `submitter_email_page_id`, `submitter_email_from_email_address`, `submitter_email_subject`, `administrator_email_page_id`, `administrator_email_to_email_address`, `administrator_email_subject`, `contact_group_id`, `quiz`, `quiz_pass_percentage`, `membership_days`, `administrator_email_bcc_email_address`, `membership`, `membership_start_page_id`, `watcher_page_id`, `submitter_email`, `submitter_email_format`, `submitter_email_body`, `administrator_email`, `administrator_email_format`, `administrator_email_body`, `confirmation_type`, `confirmation_message`, `confirmation_alternative_page`, `confirmation_alternative_page_contact_group_id`, `confirmation_alternative_page_id`, `return_type`, `return_message`, `return_page_id`, `return_alternative_page`, `return_alternative_page_contact_group_id`, `return_alternative_page_id`) VALUES
(60, 183, 'CONTACT', 1, 'Send Now', 85, '', 222, 'example@example.com', '^^first_name^^, thank you for contacting us.', 223, 'example@example.com', '^^first_name^^ ^^last_name^^ just submitted a Contact Form.', 46, 0, 0, 0, '', 0, 0, 0, 1, 'html', '', 1, 'html', '', 'page', '', 0, 0, 0, 'custom_form', '', 0, 0, 0, 0),
(84, 472, 'MAILING-LIST', 1, 'Add Me', 579, '', 0, '', '', 508, 'example@example.com', 'New mailing list subscriber.', 35, 0, 0, 0, '', 0, 0, 0, 0, 'plain_text', '', 1, 'html', '', 'page', '<p><strong>Congratulations!</strong><br />You are now on our mailing list! Feel free to manage your <a href="{path}pages/my-account-email-preferences">e-mail preferences</a> at any time.</p>', 1, 35, 461, 'message', '<p>Our records indicate that you have already joined our Mailing List. Feel free to opt-out or opt-in again from your <a href="{path}pages/my-account-email-preferences">e-mail preferences</a>.</p>', 0, 0, 0, 0),
(65, 290, 'CLASSIFIED-AD', 1, 'Post Ad Now', 289, '', 0, '', '', 0, '', '', 0, 0, 0, 0, '', 0, 0, 354, 0, 'plain_text', '', 0, 'plain_text', '', 'page', '', 0, 0, 0, 'custom_form', '', 0, 0, 0, 0),
(78, 408, 'FORUM THREAD', 1, 'Post to Forum', 407, '', 412, 'example@example.com', 'Thank you.  ^^subject^^ was posted to our forum.', 0, '', '', 32, 0, 0, 0, '', 0, 0, 409, 1, 'html', '', 0, 'plain_text', '', 'page', '', 0, 0, 0, 'custom_form', '', 0, 0, 0, 0),
(66, 296, 'STAFF-DIRECTORY', 1, 'Add to Staff Directory', 219, '', 0, '', '', 0, '', '', 45, 0, 0, 0, '', 0, 0, 0, 0, 'plain_text', '', 0, 'plain_text', '', 'page', '', 0, 0, 0, 'custom_form', '', 0, 0, 0, 0),
(81, 417, 'MEMBERSHIP TRIAL', 1, 'Start Membership Trial Now', 489, '', 0, '', '', 0, '', '', 47, 0, 0, 30, '', 1, 284, 0, 0, 'plain_text', '', 0, 'plain_text', '', 'page', '', 0, 0, 0, 'custom_form', '', 0, 0, 0, 0),
(76, 395, 'SUPPORT-TICKET', 1, 'Send', 399, '', 396, '', '^^subject^^', 398, '', '^^subject^^', 33, 0, 0, 0, '', 0, 0, 0, 1, 'html', '', 1, 'html', '', 'page', '', 0, 0, 0, 'custom_form', '', 0, 0, 0, 0),
(68, 271, 'SURVEY', 1, 'Submit Survey', 272, '', 273, '', '^^first_name^^, thank you for completing our survey.', 274, '', 'Survey notification from ^^first_name^^ ^^last_name^^.', 13, 0, 0, 0, '', 0, 0, 0, 1, 'html', '', 1, 'html', '', 'page', '', 0, 0, 0, 'custom_form', '', 0, 0, 0, 0),
(70, 291, 'EXAM', 1, 'Score Exam Now', 308, '60', 292, 'example@example.com', 'Exam Results', 303, 'example@example.com', 'Quiz Notification', 27, 1, 100, 0, '', 0, 0, 0, 1, 'html', '', 1, 'html', '', 'page', '', 0, 0, 0, 'custom_form', '', 0, 0, 0, 0),
(71, 288, 'MEMBER-DIRECTORY', 1, 'Add to Members Directory', 0, '15', 0, '', '', 0, '', '', 15, 0, 0, 0, '', 0, 0, 0, 0, 'plain_text', '', 0, 'plain_text', '', 'page', '', 0, 0, 0, 'message', '<p><span style="color: #ff0000;"><strong>Wait!</strong> You have already submitted a Member Directory Entry.</span> &nbsp;</p>\r\n<p><span style="color: #ff0000;">We only allow one Member Directory Entry for each Member. Please <a href="{path}pages/members-directory"><span style="color: #ff0000;">browse or search</span></a> for your existing Member Directory Entry and click "Edit Mine" to make changes or delete your entry.</span></p>', 0, 0, 0, 0),
(72, 313, 'BLOG', 1, 'Post to Blog', 227, '', 0, '', '', 0, '', '', 37, 0, 0, 0, '', 0, 0, 365, 0, 'plain_text', '', 0, 'plain_text', '', 'page', '', 0, 0, 0, 'custom_form', '', 0, 0, 0, 0),
(88, 538, 'VIDEO', 1, 'Post to Video Gallery', 539, '', 0, '', '', 0, '', '', 0, 0, 0, 0, '', 0, 0, 0, 0, 'plain_text', '', 0, 'plain_text', '', 'page', '', 0, 0, 0, 'custom_form', '', 0, 0, 0, 0),
(90, 584, 'TICKET-WAIT-LIST', 1, 'Add Me to the Wait List', 0, '', 0, '', '', 0, 'example@example.com', 'A new person has been added to the ticket wait list', 48, 0, 0, 0, '', 0, 0, 0, 0, 'html', '', 1, 'plain_text', 'Click on the "Forms" tab to view the person''s wait list request.  They have also been added to the "Event Ticket Wait List" Contact Group.', 'message', '<p class="paragraph-box-notice"><span style="color: #ff0000;">Congratulations!<br />You have been added to the wait list.&nbsp; If any tickets become available we will contact you.</span></p>', 0, 0, 0, 'message', '<p><span style="color: #ff0000;">You are already on the wait list for tickets. If any tickets become available we will contact you.</span></p>', 0, 0, 0, 0);

-- --------------------------------------------------------

--
-- Table structure for table `dregion`
--

CREATE TABLE IF NOT EXISTS `dregion` (
  `dregion_id` int(10) unsigned NOT NULL AUTO_INCREMENT,
  `dregion_name` varchar(100) DEFAULT NULL,
  `dregion_code` mediumtext NOT NULL,
  `dregion_user` int(10) unsigned NOT NULL DEFAULT '0',
  `dregion_timestamp` int(10) unsigned NOT NULL DEFAULT '0',
  PRIMARY KEY (`dregion_id`)
) ENGINE=MyISAM  AUTO_INCREMENT=2 ;

--
-- Dumping data for table `dregion`
--


-- --------------------------------------------------------

--
-- Table structure for table `email_a_friend_pages`
--

CREATE TABLE IF NOT EXISTS `email_a_friend_pages` (
  `id` int(10) unsigned NOT NULL AUTO_INCREMENT,
  `page_id` int(10) unsigned NOT NULL DEFAULT '0',
  `submit_button_label` varchar(50) NOT NULL DEFAULT '',
  `next_page_id` int(10) unsigned NOT NULL DEFAULT '0',
  PRIMARY KEY (`id`),
  UNIQUE KEY `page_id` (`page_id`)
) ENGINE=MyISAM  AUTO_INCREMENT=4 ;

--
-- Dumping data for table `email_a_friend_pages`
--

INSERT INTO `email_a_friend_pages` (`id`, `page_id`, `submit_button_label`, `next_page_id`) VALUES
(2, 393, 'Send Page Now', 507);

-- --------------------------------------------------------

--
-- Table structure for table `email_campaigns`
--

CREATE TABLE IF NOT EXISTS `email_campaigns` (
  `id` int(10) unsigned NOT NULL AUTO_INCREMENT,
  `from_name` varchar(100) NOT NULL DEFAULT '',
  `from_email_address` varchar(100) NOT NULL DEFAULT '',
  `reply_email_address` varchar(100) NOT NULL DEFAULT '',
  `subject` varchar(255) NOT NULL DEFAULT '',
  `body` mediumblob NOT NULL,
  `page_id` int(10) unsigned NOT NULL DEFAULT '0',
  `start_time` datetime NOT NULL DEFAULT '1000-01-01 00:00:00',
  `status` enum('ready','paused','cancelled','complete') NOT NULL DEFAULT 'ready',
  `created_user_id` int(10) unsigned NOT NULL DEFAULT '0',
  `created_timestamp` int(10) unsigned NOT NULL DEFAULT '0',
  `last_modified_user_id` int(10) unsigned NOT NULL DEFAULT '0',
  `last_modified_timestamp` int(10) unsigned NOT NULL DEFAULT '0',
  `format` enum('plain_text','html') NOT NULL DEFAULT 'plain_text',
  `bcc_email_address` varchar(100) NOT NULL DEFAULT '',
  `type` enum('manual','automatic') NOT NULL DEFAULT 'manual',
  `email_campaign_profile_id` int(10) unsigned NOT NULL DEFAULT '0',
  `action` enum('','calendar_event_reserved','custom_form_submitted','email_campaign_sent','order_completed','product_ordered') NOT NULL DEFAULT '',
  `action_item_id` int(10) unsigned NOT NULL DEFAULT '0',
  `calendar_event_recurrence_number` int(10) unsigned NOT NULL DEFAULT '0',
  PRIMARY KEY (`id`),
  KEY `last_modified_timestamp` (`last_modified_timestamp`),
  KEY `email_campaign_profile_id` (`email_campaign_profile_id`),
  KEY `action_item_id` (`action_item_id`)
) ENGINE=MyISAM  AUTO_INCREMENT=7 ;

--
-- Dumping data for table `email_campaigns`
--


-- --------------------------------------------------------

--
-- Table structure for table `email_campaign_profiles`
--

CREATE TABLE IF NOT EXISTS `email_campaign_profiles` (
  `id` int(10) unsigned NOT NULL AUTO_INCREMENT,
  `name` varchar(100) NOT NULL DEFAULT '',
  `enabled` tinyint(3) unsigned NOT NULL DEFAULT '0',
  `action` enum('calendar_event_reserved','custom_form_submitted','email_campaign_sent','order_completed','product_ordered') NOT NULL DEFAULT 'calendar_event_reserved',
  `action_item_id` int(10) unsigned NOT NULL DEFAULT '0',
  `subject` varchar(255) NOT NULL DEFAULT '',
  `format` enum('plain_text','html') NOT NULL DEFAULT 'plain_text',
  `body` mediumtext NOT NULL,
  `page_id` int(10) unsigned NOT NULL DEFAULT '0',
  `from_name` varchar(100) NOT NULL DEFAULT '',
  `from_email_address` varchar(100) NOT NULL DEFAULT '',
  `reply_email_address` varchar(100) NOT NULL DEFAULT '',
  `bcc_email_address` varchar(100) NOT NULL DEFAULT '',
  `schedule_time` time NOT NULL DEFAULT '00:00:00',
  `schedule_length` int(10) unsigned NOT NULL DEFAULT '0',
  `schedule_unit` enum('days','hours') NOT NULL DEFAULT 'days',
  `schedule_period` enum('before','after') NOT NULL DEFAULT 'before',
  `schedule_base` enum('action','calendar_event_start_time') NOT NULL DEFAULT 'action',
  `created_user_id` int(10) unsigned NOT NULL DEFAULT '0',
  `created_timestamp` int(10) unsigned NOT NULL DEFAULT '0',
  `last_modified_user_id` int(10) unsigned NOT NULL DEFAULT '0',
  `last_modified_timestamp` int(10) unsigned NOT NULL DEFAULT '0',
  PRIMARY KEY (`id`),
  KEY `action_item_id` (`action_item_id`),
  KEY `created_timestamp` (`created_timestamp`),
  KEY `last_modified_timestamp` (`last_modified_timestamp`)
) ENGINE=MyISAM  AUTO_INCREMENT=8 ;

--
-- Dumping data for table `email_campaign_profiles`
--


-- --------------------------------------------------------

--
-- Table structure for table `email_recipients`
--

CREATE TABLE IF NOT EXISTS `email_recipients` (
  `email_address` varchar(100) NOT NULL DEFAULT '',
  `id` int(10) unsigned NOT NULL AUTO_INCREMENT,
  `email_campaign_id` int(10) unsigned NOT NULL DEFAULT '0',
  `complete` tinyint(4) NOT NULL DEFAULT '0',
  `contact_id` int(10) unsigned NOT NULL DEFAULT '0',
  `reference_code` varchar(10) NOT NULL DEFAULT '',
  `type` enum('manual','automatic') NOT NULL DEFAULT 'manual',
  PRIMARY KEY (`id`),
  KEY `email_campaign_id` (`email_campaign_id`),
  KEY `reference_code` (`reference_code`),
  KEY `email_address` (`email_address`),
  KEY `type` (`type`)
) ENGINE=MyISAM  AUTO_INCREMENT=7 ;

--
-- Dumping data for table `email_recipients`
--


-- --------------------------------------------------------

--
-- Table structure for table `excluded_transit_dates`
--

CREATE TABLE IF NOT EXISTS `excluded_transit_dates` (
  `id` int(10) unsigned NOT NULL AUTO_INCREMENT,
  `shipping_method_id` int(10) unsigned NOT NULL DEFAULT '0',
  `date` date NOT NULL DEFAULT '0000-00-00',
  PRIMARY KEY (`id`),
  KEY `shipping_method_id` (`shipping_method_id`)
) ENGINE=MyISAM  AUTO_INCREMENT=56 ;

--
-- Dumping data for table `excluded_transit_dates`
--

INSERT INTO `excluded_transit_dates` (`id`, `shipping_method_id`, `date`) VALUES
(52, 1, '2010-12-25'),
(55, 3, '2010-12-25'),
(49, 4, '2010-12-25'),
(43, 5, '2010-12-25'),
(46, 2, '2010-12-25'),
(54, 3, '2009-12-25'),
(53, 3, '2008-12-25'),
(51, 1, '2009-12-25'),
(50, 1, '2008-12-25'),
(48, 4, '2009-12-25'),
(47, 4, '2008-12-25'),
(45, 2, '2009-12-25'),
(44, 2, '2008-12-25'),
(42, 5, '2009-12-25'),
(41, 5, '2008-12-25');

-- --------------------------------------------------------

--
-- Table structure for table `express_order_pages`
--

CREATE TABLE IF NOT EXISTS `express_order_pages` (
  `id` int(10) unsigned NOT NULL AUTO_INCREMENT,
  `page_id` int(10) unsigned NOT NULL DEFAULT '0',
  `shopping_cart_label` varchar(50) NOT NULL DEFAULT '',
  `quick_add_label` varchar(255) NOT NULL DEFAULT '',
  `quick_add_product_group_id` int(10) unsigned NOT NULL DEFAULT '0',
  `shipping_address_and_arrival_page_id` int(10) unsigned NOT NULL DEFAULT '0',
  `special_offer_code_label` varchar(50) NOT NULL DEFAULT '',
  `special_offer_code_message` varchar(255) NOT NULL DEFAULT '',
  `custom_field_1_label` varchar(255) NOT NULL DEFAULT '',
  `custom_field_1_required` tinyint(4) NOT NULL DEFAULT '0',
  `custom_field_2_label` varchar(255) NOT NULL DEFAULT '',
  `custom_field_2_required` tinyint(4) NOT NULL DEFAULT '0',
  `po_number` tinyint(4) NOT NULL DEFAULT '0',
  `card_verification_number_page_id` int(10) unsigned NOT NULL DEFAULT '0',
  `terms_page_id` int(10) unsigned NOT NULL DEFAULT '0',
  `update_button_label` varchar(50) NOT NULL DEFAULT '',
  `purchase_now_button_label` varchar(50) NOT NULL DEFAULT '',
  `next_page_id` int(10) unsigned NOT NULL DEFAULT '0',
  `offline_payment_label` varchar(255) NOT NULL DEFAULT '',
  `order_receipt_email` tinyint(3) unsigned NOT NULL DEFAULT '0',
  `order_receipt_email_subject` varchar(255) NOT NULL DEFAULT '',
  `order_receipt_email_format` enum('plain_text','html') NOT NULL DEFAULT 'plain_text',
  `order_receipt_email_header` mediumtext NOT NULL,
  `order_receipt_email_footer` mediumtext NOT NULL,
  `order_receipt_email_page_id` int(10) unsigned NOT NULL DEFAULT '0',
  PRIMARY KEY (`id`),
  UNIQUE KEY `page_id` (`page_id`)
) ENGINE=MyISAM  AUTO_INCREMENT=3 ;

--
-- Dumping data for table `express_order_pages`
--

INSERT INTO `express_order_pages` (`id`, `page_id`, `shopping_cart_label`, `quick_add_label`, `quick_add_product_group_id`, `shipping_address_and_arrival_page_id`, `special_offer_code_label`, `special_offer_code_message`, `custom_field_1_label`, `custom_field_1_required`, `custom_field_2_label`, `custom_field_2_required`, `po_number`, `card_verification_number_page_id`, `terms_page_id`, `update_button_label`, `purchase_now_button_label`, `next_page_id`, `offline_payment_label`, `order_receipt_email`, `order_receipt_email_subject`, `order_receipt_email_format`, `order_receipt_email_header`, `order_receipt_email_footer`, `order_receipt_email_page_id`) VALUES
(1, 256, 'Order', 'Add to Order', 0, 144, 'Offer Code', 'Click ''Update Totals'' to apply.', '', 0, '', 0, 1, 276, 98, 'Update Totals', 'Purchase Now', 269, 'Bill Me Later', 1, 'Order Receipt #', 'html', 'Order Receipt', '', 533),
(2, 476, 'Donation', 'Quick Add Items', 0, 144, '', '', '', 0, '', 0, 0, 276, 0, 'Update Donation Total', 'Submit Donation', 477, 'Send Statement', 1, 'Order Receipt #', 'html', 'Order Receipt', '', 534);

-- --------------------------------------------------------

--
-- Table structure for table `files`
--

CREATE TABLE IF NOT EXISTS `files` (
  `id` int(10) unsigned NOT NULL AUTO_INCREMENT,
  `name` varchar(100) DEFAULT NULL,
  `folder` int(10) unsigned DEFAULT NULL,
  `type` varchar(4) DEFAULT NULL,
  `size` int(10) unsigned DEFAULT NULL,
  `user` int(10) unsigned DEFAULT NULL,
  `timestamp` int(10) unsigned DEFAULT NULL,
  `description` mediumblob NOT NULL,
  `design` tinyint(4) NOT NULL DEFAULT '0',
  `attachment` tinyint(3) unsigned NOT NULL DEFAULT '0',
  `activated_desktop_theme` tinyint(3) unsigned NOT NULL DEFAULT '0',
  `activated_mobile_theme` tinyint(3) unsigned NOT NULL DEFAULT '0',
  PRIMARY KEY (`id`),
  KEY `timestamp` (`timestamp`),
  KEY `activated_desktop_theme` (`activated_desktop_theme`),
  KEY `activated_mobile_theme` (`activated_mobile_theme`)
) ENGINE=MyISAM  AUTO_INCREMENT=2363 ;

--
-- Dumping data for table `files`
--

INSERT INTO `files` (`id`, `name`, `folder`, `type`, `size`, `user`, `timestamp`, `description`, `design`, `attachment`, `activated_desktop_theme`, `activated_mobile_theme`) VALUES
(980, 'office_chair_large.jpg', 91, 'jpg', 13323, 2, 1361001215, 0x53616d706c652070686f746f207573656420666f722073616d706c652070726f647563742e, 0, 0, 0, 0),
(981, 'office_chair_thumb.jpg', 91, 'jpg', 3543, 2, 1361001221, 0x53616d706c652070686f746f207573656420666f722073616d706c652070726f647563742e, 0, 0, 0, 0),
(979, 'pen_case.jpg', 91, 'jpg', 11279, 2, 1363110230, 0x53616d706c652070686f746f207573656420666f722073616d706c652070726f647563742e, 0, 0, 0, 0),
(978, 'pen_case_thumb.jpg', 91, 'jpg', 2355, 2, 1363110277, 0x53616d706c652070686f746f207573656420666f722073616d706c652070726f647563742e, 0, 0, 0, 0),
(1276, 'amex.gif', 115, 'gif', 6057, 2, 1334130720, 0x5573656420627920636865636b6f7574207061676573, 1, 0, 0, 0),
(1272, 'visamaster.gif', 115, 'gif', 6352, 2, 1334130735, 0x7573656420627920636865636b6f7574207061676573, 1, 0, 0, 0),
(2028, 'gift_basket_zoom.jpg', 91, 'jpg', 118510, 2, 1361000425, 0x53616d706c652070686f746f207573656420666f722073616d706c652070726f64756374732e, 0, 0, 0, 0),
(989, 'software_thumb.jpg', 94, 'jpg', 2750, 2, 1361001398, 0x53616d706c652070686f746f207573656420666f722073616d706c652070726f647563742e, 0, 0, 0, 0),
(985, 'software.jpg', 94, 'jpg', 5011, 2, 1361001404, 0x53616d706c652070686f746f207573656420666f722073616d706c652070726f647563742e, 0, 0, 0, 0),
(988, 'ebook_thumb.jpg', 94, 'jpg', 3037, 2, 1361001409, 0x53616d706c652070686f746f207573656420666f722073616d706c652070726f647563742e, 0, 0, 0, 0),
(987, 'ebook.jpg', 94, 'jpg', 5913, 2, 1361001414, 0x53616d706c652070686f746f207573656420666f722073616d706c652070726f647563742e, 0, 0, 0, 0),
(1752, 'ebook-download-file.txt', 135, 'txt', 254, 2, 1361001255, 0x546869732073616d706c652066696c65206973206f6e6c792061636365737369626c65206966207468652065626f6f6b20646f776e6c6f61642070726f64756374206973206f7264657265642062792074686520557365722e, 0, 0, 0, 0),
(1751, 'software-download-file.txt', 134, 'txt', 257, 2, 1361001263, 0x546869732073616d706c652066696c65206973206f6e6c792061636365737369626c652069662074686520736f66747761726520646f776e6c6f61642070726f64756374206973206f7264657265642062792074686520557365722e, 0, 0, 0, 0),
(1277, 'membership-large.jpg', 95, 'jpg', 20651, 2, 1361001391, 0x53616d706c652070686f746f207573656420666f722073616d706c652070726f647563742e, 0, 0, 0, 0),
(1278, 'membership-thumb.jpg', 95, 'jpg', 4246, 2, 1361001385, 0x53616d706c652070686f746f207573656420666f722073616d706c652070726f647563742e, 0, 0, 0, 0),
(2284, 'service-plans-large.jpg', 93, 'jpg', 29159, 2, 1370365899, '', 0, 0, 0, 0),
(2283, 'service-plans-thumb.jpg', 93, 'jpg', 9082, 2, 1370365910, '', 0, 0, 0, 0),
(1758, 'video-thumb-temple.png', 171, 'png', 118162, 2, 1361000657, 0x53616d706c652070686f746f207573656420666f72206d656469612063656e7465722070726f647563742e, 0, 0, 0, 0),
(1759, 'video-thumb-wedding-dance.png', 171, 'png', 130333, 2, 1361000661, 0x53616d706c652070686f746f207573656420666f72206d656469612063656e7465722070726f647563742e, 0, 0, 0, 0),
(1755, 'video-thumb-lexus.png', 171, 'png', 137331, 2, 1361000665, 0x53616d706c652070686f746f207573656420666f72206d656469612063656e7465722070726f647563742e, 0, 0, 0, 0),
(1756, 'video-thumb-chickfila.png', 171, 'png', 96742, 2, 1361000669, 0x53616d706c652070686f746f207573656420666f72206d656469612063656e7465722070726f647563742e, 0, 0, 0, 0),
(1760, 'video-thumb-big-slip.png', 171, 'png', 145776, 2, 1361000672, 0x53616d706c652070686f746f207573656420666f72206d656469612063656e7465722070726f647563742e, 0, 0, 0, 0),
(1623, 'movie-casablanca.jpg', 188, 'jpg', 37444, 2, 1361001069, 0x53616d706c652070686f746f207573656420666f722070686f746f2067616c6c65727920706167652e205468652066696c65206465736372697074696f6e20697320616c736f207468652063617074696f6e2e, 0, 0, 0, 0),
(1625, 'movie-elf.jpg', 188, 'jpg', 55004, 2, 1361001085, 0x53616d706c652070686f746f207573656420666f722070686f746f2067616c6c65727920706167652e205468652066696c65206465736372697074696f6e20697320616c736f207468652063617074696f6e2e, 0, 0, 0, 0),
(1645, 'fine-dining4.jpg', 189, 'jpg', 80477, 2, 1361001047, 0x53616d706c652070686f746f207573656420666f722070686f746f2067616c6c65727920706167652e205468652066696c65206465736372697074696f6e20697320616c736f207468652063617074696f6e2e, 0, 0, 0, 0),
(1627, 'movie-gone-with-the-wind.jpg', 188, 'jpg', 83129, 2, 1361001093, 0x53616d706c652070686f746f207573656420666f722070686f746f2067616c6c65727920706167652e205468652066696c65206465736372697074696f6e20697320616c736f207468652063617074696f6e2e, 0, 0, 0, 0),
(1629, 'movie-home-alone.jpg', 188, 'jpg', 52940, 2, 1361001100, 0x53616d706c652070686f746f207573656420666f722070686f746f2067616c6c65727920706167652e205468652066696c65206465736372697074696f6e20697320616c736f207468652063617074696f6e2e, 0, 0, 0, 0),
(1631, 'movie-raiders-of-the-lost-ark.jpg', 188, 'jpg', 93793, 2, 1361001106, 0x53616d706c652070686f746f207573656420666f722070686f746f2067616c6c65727920706167652e205468652066696c65206465736372697074696f6e20697320616c736f207468652063617074696f6e2e, 0, 0, 0, 0),
(1643, 'fine-dining3.jpg', 189, 'jpg', 71904, 2, 1361001057, 0x53616d706c652070686f746f207573656420666f722070686f746f2067616c6c65727920706167652e205468652066696c65206465736372697074696f6e20697320616c736f207468652063617074696f6e2e, 0, 0, 0, 0),
(1633, 'movie-rocky.jpg', 188, 'jpg', 30011, 2, 1361001112, 0x53616d706c652070686f746f207573656420666f722070686f746f2067616c6c65727920706167652e205468652066696c65206465736372697074696f6e20697320616c736f207468652063617074696f6e2e, 0, 0, 0, 0),
(1635, 'movie-turner-and-hooch.jpg', 188, 'jpg', 66349, 2, 1361001118, 0x53616d706c652070686f746f207573656420666f722070686f746f2067616c6c65727920706167652e205468652066696c65206465736372697074696f6e20697320616c736f207468652063617074696f6e2e, 0, 0, 0, 0),
(1641, 'fine-dining2.gif', 189, 'gif', 131925, 2, 1361001052, 0x53616d706c652070686f746f207573656420666f722070686f746f2067616c6c65727920706167652e205468652066696c65206465736372697074696f6e20697320616c736f207468652063617074696f6e2e, 0, 0, 0, 0),
(1637, 'movie-willy-wonka-and-the-chocolate-factory.jpg', 188, 'jpg', 60691, 2, 1361001124, 0x53616d706c652070686f746f207573656420666f722070686f746f2067616c6c65727920706167652e205468652066696c65206465736372697074696f6e20697320616c736f207468652063617074696f6e2e, 0, 0, 0, 0),
(1639, 'fine-dining1.jpg', 189, 'jpg', 148619, 2, 1361001074, 0x53616d706c652070686f746f207573656420666f722070686f746f2067616c6c65727920706167652e205468652066696c65206465736372697074696f6e20697320616c736f207468652063617074696f6e2e, 0, 0, 0, 0),
(1647, 'fine-dining5.jpg', 189, 'jpg', 44839, 2, 1361001079, 0x53616d706c652070686f746f207573656420666f722070686f746f2067616c6c65727920706167652e205468652066696c65206465736372697074696f6e20697320616c736f207468652063617074696f6e2e, 0, 0, 0, 0),
(1649, 'fine-dining6.jpg', 189, 'jpg', 77026, 2, 1361001042, 0x53616d706c652070686f746f207573656420666f722070686f746f2067616c6c65727920706167652e205468652066696c65206465736372697074696f6e20697320616c736f207468652063617074696f6e2e, 0, 0, 0, 0),
(1651, 'fine-dining7.jpg', 189, 'jpg', 60106, 2, 1361001037, 0x53616d706c652070686f746f207573656420666f722070686f746f2067616c6c65727920706167652e205468652066696c65206465736372697074696f6e20697320616c736f207468652063617074696f6e2e, 0, 0, 0, 0),
(1653, 'fine-dining8.jpg', 189, 'jpg', 39176, 2, 1361001024, 0x53616d706c652070686f746f207573656420666f722070686f746f2067616c6c65727920706167652e205468652066696c65206465736372697074696f6e20697320616c736f207468652063617074696f6e2e, 0, 0, 0, 0),
(1993, 'video-thumb-artoftitle.png', 171, 'png', 243706, 2, 1361000537, 0x53616d706c652070686f746f207573656420666f7220626c6f6720706f7374696e672e, 0, 0, 0, 0),
(1761, 'video-thumb-drummer.png', 171, 'png', 212069, 2, 1361000630, 0x53616d706c652070686f746f207573656420666f72206d656469612063656e7465722070726f647563742e, 0, 0, 0, 0),
(1997, 'photo125x125.png', 207, 'png', 16461, 2, 1361000334, 0x53616d706c652070686f746f2e, 0, 0, 0, 0),
(2292, 'sample-ad-2-mobile.jpg', 115, 'jpg', 20632, 2, 1364769695, 0x486f6d65207061676520616420726567696f6e2073616d706c6520616420696d6167652075736564206279207468656d65732e, 1, 0, 0, 0),
(1860, 'black10.png', 115, 'png', 297, 2, 1363305289, 0x5472616e736c7563656e74206261636b67726f756e642028616464206461726b65722074696e7420746f20616e792061726561292e, 1, 0, 0, 0),
(2084, 'icon-facebook.png', 207, 'png', 2683, 2, 1361184106, '', 0, 0, 0, 0),
(1785, 'concert-in-the-park.jpg', 207, 'jpg', 39170, 2, 1333953137, '', 0, 0, 0, 0),
(1812, 'favicon.ico', 115, 'ico', 1406, 2, 1340600827, 0x412066617669636f6e202873686f727420666f7220936661766f726974652069636f6e9429206973207468617420736d616c6c2069636f6e20646973706c61796564206f6e207468652062726f777365722055524c206261722c206f6e2074686520626f6f6b6d61726b206c6973747320616e642c20666f72206365727461696e2062726f77736572732c206f6e20746865206e617669676174696f6e20746162732e20596f752063616e207265706c61636520746869732066696c65207769746820796f7572206f776e202873616d652066696c656e616d6529206f722064656c65746520697420616c746f67657468657220696620796f7520646f6e27742077616e7420746f20646973706c617920612066617669636f6e2e, 1, 0, 0, 0),
(1814, 'texture01.png', 115, 'png', 119, 2, 1363305289, 0x41206261636b67726f756e642074657874757265202863616e2062652075736564207769746820616e79206261636b67726f756e6420636f6c6f72292e, 1, 0, 0, 0),
(1816, 'texture10.png', 115, 'png', 10554, 2, 1363305289, 0x41206261636b67726f756e642074657874757265202863616e2062652075736564207769746820616e79206261636b67726f756e6420636f6c6f72292e, 1, 0, 0, 0),
(1818, 'texture11.png', 115, 'png', 133, 2, 1363305289, 0x41206261636b67726f756e642074657874757265202863616e2062652075736564207769746820616e79206261636b67726f756e6420636f6c6f72292e, 1, 0, 0, 0),
(1820, 'texture12.png', 115, 'png', 414, 2, 1363305289, 0x41206261636b67726f756e642074657874757265202863616e2062652075736564207769746820616e79206261636b67726f756e6420636f6c6f72292e, 1, 0, 0, 0),
(1822, 'texture13.png', 115, 'png', 7550, 2, 1363305289, 0x41206261636b67726f756e642074657874757265202863616e2062652075736564207769746820616e79206261636b67726f756e6420636f6c6f72292e, 1, 0, 0, 0),
(1826, 'texture14.png', 115, 'png', 23134, 2, 1363305289, 0x41206261636b67726f756e642074657874757265202863616e2062652075736564207769746820616e79206261636b67726f756e6420636f6c6f72292e, 1, 0, 0, 0),
(1828, 'texture15.png', 115, 'png', 63245, 2, 1363305289, 0x41206261636b67726f756e642074657874757265202863616e2062652075736564207769746820616e79206261636b67726f756e6420636f6c6f72292e, 1, 0, 0, 0),
(1830, 'texture02.png', 115, 'png', 164, 2, 1363305289, 0x41206261636b67726f756e642074657874757265202863616e2062652075736564207769746820616e79206261636b67726f756e6420636f6c6f72292e, 1, 0, 0, 0),
(1832, 'texture03.png', 115, 'png', 222, 2, 1363305289, 0x41206261636b67726f756e642074657874757265202863616e2062652075736564207769746820616e79206261636b67726f756e6420636f6c6f72292e, 1, 0, 0, 0),
(1834, 'texture04.png', 115, 'png', 192, 2, 1363305289, 0x41206261636b67726f756e642074657874757265202863616e2062652075736564207769746820616e79206261636b67726f756e6420636f6c6f72292e, 1, 0, 0, 0),
(1836, 'texture05.png', 115, 'png', 188, 2, 1363305289, 0x41206261636b67726f756e642074657874757265202863616e2062652075736564207769746820616e79206261636b67726f756e6420636f6c6f72292e, 1, 0, 0, 0),
(1838, 'texture06.png', 115, 'png', 167, 2, 1363305289, 0x41206261636b67726f756e642074657874757265202863616e2062652075736564207769746820616e79206261636b67726f756e6420636f6c6f72292e, 1, 0, 0, 0),
(1840, 'texture07.png', 115, 'png', 122, 2, 1363305289, 0x41206261636b67726f756e642074657874757265202863616e2062652075736564207769746820616e79206261636b67726f756e6420636f6c6f72292e, 1, 0, 0, 0),
(1842, 'texture08.png', 115, 'png', 1572, 2, 1363305289, 0x41206261636b67726f756e642074657874757265202863616e2062652075736564207769746820616e79206261636b67726f756e6420636f6c6f72292e, 1, 0, 0, 0),
(1844, 'texture09.png', 115, 'png', 1972, 2, 1363305289, 0x41206261636b67726f756e642074657874757265202863616e2062652075736564207769746820616e79206261636b67726f756e6420636f6c6f72292e, 1, 0, 0, 0),
(1862, 'black20.png', 115, 'png', 297, 2, 1363305289, 0x5472616e736c7563656e74206261636b67726f756e642028616464206461726b65722074696e7420746f20616e792061726561292e, 1, 0, 0, 0),
(1864, 'black30.png', 115, 'png', 297, 2, 1363305289, 0x5472616e736c7563656e74206261636b67726f756e642028616464206461726b65722074696e7420746f20616e792061726561292e, 1, 0, 0, 0),
(1866, 'black40.png', 115, 'png', 297, 2, 1363305289, 0x5472616e736c7563656e74206261636b67726f756e642028616464206461726b65722074696e7420746f20616e792061726561292e, 1, 0, 0, 0),
(1868, 'black50.png', 115, 'png', 296, 2, 1363305289, 0x5472616e736c7563656e74206261636b67726f756e642028616464206461726b65722074696e7420746f20616e792061726561292e, 1, 0, 0, 0),
(1870, 'black60.png', 115, 'png', 297, 2, 1363305289, 0x5472616e736c7563656e74206261636b67726f756e642028616464206461726b65722074696e7420746f20616e792061726561292e, 1, 0, 0, 0),
(1872, 'black70.png', 115, 'png', 297, 2, 1363305289, 0x5472616e736c7563656e74206261636b67726f756e642028616464206461726b65722074696e7420746f20616e792061726561292e, 1, 0, 0, 0),
(1874, 'black80.png', 115, 'png', 297, 2, 1363305289, 0x5472616e736c7563656e74206261636b67726f756e642028616464206461726b65722074696e7420746f20616e792061726561292e, 1, 0, 0, 0),
(1876, 'black90.png', 115, 'png', 297, 2, 1363305289, 0x5472616e736c7563656e74206261636b67726f756e642028616464206461726b65722074696e7420746f20616e792061726561292e, 1, 0, 0, 0),
(1878, 'white10.png', 115, 'png', 299, 2, 1363305289, 0x5472616e736c7563656e74206261636b67726f756e642028616464206c6967687465722074696e7420746f20616e792061726561292e, 1, 0, 0, 0),
(1880, 'white20.png', 115, 'png', 299, 2, 1363305289, 0x5472616e736c7563656e74206261636b67726f756e642028616464206c6967687465722074696e7420746f20616e792061726561292e, 1, 0, 0, 0),
(1882, 'white30.png', 115, 'png', 299, 2, 1363305289, 0x5472616e736c7563656e74206261636b67726f756e642028616464206c6967687465722074696e7420746f20616e792061726561292e, 1, 0, 0, 0),
(1884, 'white40.png', 115, 'png', 299, 2, 1363305289, 0x5472616e736c7563656e74206261636b67726f756e642028616464206c6967687465722074696e7420746f20616e792061726561292e, 1, 0, 0, 0),
(1886, 'white50.png', 115, 'png', 298, 2, 1363305289, 0x5472616e736c7563656e74206261636b67726f756e642028616464206c6967687465722074696e7420746f20616e792061726561292e, 1, 0, 0, 0),
(1888, 'white60.png', 115, 'png', 299, 2, 1363305289, 0x5472616e736c7563656e74206261636b67726f756e642028616464206c6967687465722074696e7420746f20616e792061726561292e, 1, 0, 0, 0),
(1890, 'white70.png', 115, 'png', 299, 2, 1363305289, 0x5472616e736c7563656e74206261636b67726f756e642028616464206c6967687465722074696e7420746f20616e792061726561292e, 1, 0, 0, 0),
(1892, 'white80.png', 115, 'png', 299, 2, 1363305289, 0x5472616e736c7563656e74206261636b67726f756e642028616464206c6967687465722074696e7420746f20616e792061726561292e, 1, 0, 0, 0),
(1894, 'white90.png', 115, 'png', 299, 2, 1363305289, 0x5472616e736c7563656e74206261636b67726f756e642028616464206c6967687465722074696e7420746f20616e792061726561292e, 1, 0, 0, 0),
(1988, 'rte.png', 207, 'png', 49736, 2, 1361000573, 0x5468656d652074657374207061676520696d6167652e, 0, 0, 0, 0),
(2004, 'calendar-icon.jpg', 197, 'jpg', 12560, 2, 1361000507, 0x53616d706c652070686f746f207573656420666f7220626c6f6720706167652e, 0, 0, 0, 0),
(2006, 'shop-amazon.png', 207, 'png', 5086, 2, 1361000493, 0x53616d706c652070686f746f207573656420666f7220626c6f6720706167652e, 0, 0, 0, 0),
(2180, 'oxy-gradient-home.png', 115, 'png', 2069, 2, 1363305289, '', 1, 0, 0, 0),
(2269, 'previous3.png', 115, 'png', 4319, 2, 1364126572, 0x416c7465726e6174697665206172726f7720666f7220616420726567696f6e73207573656420627920736f6d65207468656d65732e, 1, 0, 0, 0),
(2025, 'gift_basket.jpg', 91, 'jpg', 40197, 2, 1361000442, 0x53616d706c652070686f746f207573656420666f722073616d706c652070726f64756374732e, 0, 0, 0, 0),
(2268, 'next3.png', 115, 'png', 4337, 2, 1364126572, 0x416c7465726e6174697665206172726f7720666f7220616420726567696f6e73207573656420627920736f6d65207468656d65732e, 1, 0, 0, 0),
(2019, 'transparent.png', 115, 'png', 2705, 2, 1352971939, 0x3178317078207472616e73706172656e7420696d61676520796f752063616e20726573697a6520616e6420757365207768657265206e65636573736172792e, 1, 0, 0, 0),
(2078, 'icon-twitter.png', 207, 'png', 2783, 2, 1361183485, '', 0, 0, 0, 0),
(2079, 'icon-linkedin.png', 207, 'png', 2671, 2, 1361183510, '', 0, 0, 0, 0),
(2029, 'powerpoint.gif', 115, 'gif', 237, 2, 1363305289, 0x55736564206279206d6f7374207468656d657320746f20656e68616e6365206c696e6b7320746f20746869732066696c6520747970652e, 1, 0, 0, 0),
(2026, 'gift_basket_thumb.jpg', 91, 'jpg', 10691, 2, 1361000432, 0x53616d706c652070686f746f207573656420666f722073616d706c652070726f64756374732e, 0, 0, 0, 0),
(2030, 'excel.gif', 115, 'gif', 359, 2, 1363305289, 0x55736564206279206d6f7374207468656d657320746f20656e68616e6365206c696e6b7320746f20746869732066696c6520747970652e, 1, 0, 0, 0),
(2031, 'word.gif', 115, 'gif', 244, 2, 1363305289, 0x55736564206279206d6f7374207468656d657320746f20656e68616e6365206c696e6b7320746f20746869732066696c6520747970652e, 1, 0, 0, 0),
(2032, 'pdf.gif', 115, 'gif', 257, 2, 1363305289, 0x55736564206279206d6f7374207468656d657320746f20656e68616e6365206c696e6b7320746f20746869732066696c6520747970652e, 1, 0, 0, 0),
(2257, 'solo-menu.png', 115, 'png', 3265, 2, 1363867099, '', 1, 0, 0, 0),
(2035, 'video-icon125x125.png', 144, 'png', 3753, 2, 1361000385, 0x53616d706c652070686f746f2e, 0, 0, 0, 0),
(2147, 'texture16.png', 115, 'png', 1087, 2, 1363305289, 0x41206261636b67726f756e642074657874757265202863616e2062652075736564207769746820616e79206261636b67726f756e6420636f6c6f72292e, 1, 0, 0, 0),
(2081, 'icon-vimeo.png', 207, 'png', 2715, 2, 1361184062, '', 0, 0, 0, 0),
(2082, 'icon-youtube.png', 207, 'png', 2911, 2, 1361184075, '', 0, 0, 0, 0),
(2083, 'icon-flickr.png', 207, 'png', 2604, 2, 1361184090, '', 0, 0, 0, 0),
(2267, 'icon-google.png', 207, 'png', 2837, 2, 1370365876, '', 0, 0, 0, 0),
(2095, 'previous1.png', 115, 'png', 4880, 2, 1361708093, 0x416c7465726e6174697665206172726f7720666f7220616420726567696f6e73207573656420627920736f6d65207468656d65732e, 1, 0, 0, 0),
(2097, 'previous2.png', 115, 'png', 4306, 2, 1361708078, 0x416c7465726e6174697665206172726f7720666f7220616420726567696f6e73207573656420627920736f6d65207468656d65732e, 1, 0, 0, 0),
(2099, 'next1.png', 115, 'png', 4877, 2, 1361708098, 0x416c7465726e6174697665206172726f7720666f7220616420726567696f6e73207573656420627920736f6d65207468656d65732e, 1, 0, 0, 0),
(2101, 'next2.png', 115, 'png', 4292, 2, 1361708103, 0x416c7465726e6174697665206172726f7720666f7220616420726567696f6e73207573656420627920736f6d65207468656d65732e, 1, 0, 0, 0),
(2119, 'quote-square.png', 115, 'png', 2337, 2, 1363305289, 0x5573656420627920736f6d65207468656d657320666f722022746578742d71756f74652220637573746f6d20666f726d6174207374796c696e672e, 1, 0, 0, 0),
(2103, 'quote-circle.png', 115, 'png', 2983, 2, 1363305289, 0x5573656420627920736f6d65207468656d657320666f722022746578742d71756f74652220637573746f6d20666f726d6174207374796c696e672e, 1, 0, 0, 0),
(2117, 'quote-round.png', 115, 'png', 2206, 2, 1363305289, 0x5573656420627920736f6d65207468656d657320666f722022746578742d71756f74652220637573746f6d20666f726d6174207374796c696e672e, 1, 0, 0, 0),
(2124, 'more2.png', 115, 'png', 1505, 2, 1363305289, 0x5573656420627920736f6d65207468656d657320666f7220226c696e6b2d6d6f72652220637573746f6d20666f726d6174207374796c696e672e, 1, 0, 0, 0),
(2155, 'comment-icon.png', 115, 'png', 1451, 2, 1363305289, '', 1, 0, 0, 0),
(2120, 'quote-squared.png', 115, 'png', 2658, 2, 1363305289, 0x5573656420627920736f6d65207468656d657320666f722022746578742d71756f74652220637573746f6d20666f726d6174207374796c696e672e, 1, 0, 0, 0),
(2125, 'more1.png', 115, 'png', 1506, 2, 1363305289, 0x5573656420627920736f6d65207468656d657320666f7220226c696e6b2d6d6f72652220637573746f6d20666f726d6174207374796c696e672e, 1, 0, 0, 0),
(2270, 'cart.png', 115, 'png', 3881, 2, 1364149979, '', 1, 0, 0, 0),
(2255, 'solo-background.png', 115, 'png', 3189, 2, 1363867099, '', 1, 0, 0, 0),
(2256, 'solo-menu-hover.png', 115, 'png', 3261, 2, 1363867099, '', 1, 0, 0, 0),
(2136, 'more3.png', 115, 'png', 2956, 2, 1363305289, 0x5573656420627920736f6d65207468656d657320666f7220226c696e6b2d6d6f72652220637573746f6d20666f726d6174207374796c696e672e, 1, 0, 0, 0),
(2159, 'texture17.png', 115, 'png', 14573, 2, 1363305289, 0x41206261636b67726f756e642074657874757265202863616e2062652075736564207769746820616e79206261636b67726f756e6420636f6c6f72292e, 1, 0, 0, 0),
(2243, 'mesh-site-header.png', 115, 'png', 53661, 2, 1363717078, '', 1, 0, 0, 0),
(2162, 'oxy-gradient.png', 115, 'png', 2013, 2, 1363305289, '', 1, 0, 0, 0),
(2294, 'sample-ad-2.jpg', 115, 'jpg', 97700, 2, 1364769699, 0x486f6d65207061676520616420726567696f6e2073616d706c6520616420696d6167652075736564206279207468656d65732e, 1, 0, 0, 0),
(2175, 'shade1-bottom.png', 115, 'png', 1748, 2, 1363305289, '', 1, 0, 0, 0),
(2176, 'shade1-top.png', 115, 'png', 1743, 2, 1363305289, '', 1, 0, 0, 0),
(2167, 'home-ad-region-shade-mobile.png', 115, 'png', 3968, 2, 1363305289, '', 1, 0, 0, 0),
(2168, 'home-ad-region-shade-desktop.png', 115, 'png', 14575, 2, 1363305289, '', 1, 0, 0, 0),
(2286, 'mesh-area-border.jpg', 115, 'jpg', 127314, 2, 1364768533, '', 1, 0, 0, 0),
(2173, 'shade2-bottom.png', 115, 'png', 1687, 2, 1363305289, '', 1, 0, 0, 0),
(2174, 'shade2-top.png', 115, 'png', 1694, 2, 1363305289, '', 1, 0, 0, 0),
(2190, 'cake-ribbon-right.jpg', 115, 'jpg', 14713, 2, 1363305289, '', 1, 0, 0, 0),
(2285, 'zen-background.jpg', 115, 'jpg', 574173, 2, 1364765249, '', 1, 0, 0, 0),
(2290, 'sample-ad-1.jpg', 115, 'jpg', 178624, 2, 1364769702, 0x486f6d65207061676520616420726567696f6e2073616d706c6520616420696d6167652075736564206279207468656d65732e, 1, 0, 0, 0),
(2191, 'cake-ribbon-left.jpg', 115, 'jpg', 14644, 2, 1363305289, '', 1, 0, 0, 0),
(2192, 'cake-bg.jpg', 115, 'jpg', 12526, 2, 1363305289, '', 1, 0, 0, 0),
(2242, 'mesh-footer.png', 115, 'png', 33273, 2, 1363717070, '', 1, 0, 0, 0),
(2237, 'mesh-page-border.png', 115, 'png', 81885, 2, 1363717063, '', 1, 0, 0, 0),
(2266, 'coda-bg-home.png', 115, 'png', 3348, 2, 1364052081, '', 1, 0, 0, 0),
(2238, 'mesh-ad-region.jpg', 115, 'jpg', 46979, 2, 1363717051, '', 1, 0, 0, 0),
(2208, 'aria-shade.png', 115, 'png', 3155, 2, 1363715522, '', 1, 0, 0, 0),
(2258, 'solo-menu-divider.png', 115, 'png', 3371, 2, 1363867099, '', 1, 0, 0, 0),
(2287, 'camo-background.jpg', 115, 'jpg', 70715, 2, 1365003923, '', 1, 0, 0, 0),
(2259, 'solo-menu-before.png', 115, 'png', 3317, 2, 1363948036, '', 1, 0, 0, 0),
(2265, 'coda-bg.png', 115, 'png', 3316, 2, 1364051826, '', 1, 0, 0, 0),
(2300, 'sample-ad-4-mobile.jpg', 115, 'jpg', 20797, 2, 1364769705, 0x486f6d65207061676520616420726567696f6e2073616d706c6520616420696d6167652075736564206279207468656d65732e, 1, 0, 0, 0),
(2288, 'sample-ad-1-mobile.jpg', 115, 'jpg', 23360, 2, 1364769708, 0x486f6d65207061676520616420726567696f6e2073616d706c6520616420696d6167652075736564206279207468656d65732e, 1, 0, 0, 0),
(2315, 'zen.css', 115, 'css', 90578, 2, 1370465679, 0x5265717569726573206164646974696f6e616c2022686f6d652220636c617373206f6e20686f6d652070616765207374796c657320616e6420226469616c6f672220636c617373206f6e206469616c6f672077696e646f772070616765207374796c65732e, 1, 0, 0, 0),
(2296, 'sample-ad-3-mobile.jpg', 115, 'jpg', 14155, 2, 1364769711, 0x486f6d65207061676520616420726567696f6e2073616d706c6520616420696d6167652075736564206279207468656d65732e, 1, 0, 0, 0),
(2298, 'sample-ad-3.jpg', 115, 'jpg', 65709, 2, 1364769714, 0x486f6d65207061676520616420726567696f6e2073616d706c6520616420696d6167652075736564206279207468656d65732e, 1, 0, 0, 0),
(2302, 'sample-ad-4.jpg', 115, 'jpg', 90314, 2, 1364769717, 0x486f6d65207061676520616420726567696f6e2073616d706c6520616420696d6167652075736564206279207468656d65732e, 1, 0, 0, 0),
(2304, 'sample-ad-5-mobile.jpg', 115, 'jpg', 21112, 2, 1364769720, 0x486f6d65207061676520616420726567696f6e2073616d706c6520616420696d6167652075736564206279207468656d65732e, 1, 0, 0, 0),
(2306, 'sample-ad-5.jpg', 115, 'jpg', 157706, 2, 1364769724, 0x486f6d65207061676520616420726567696f6e2073616d706c6520616420696d6167652075736564206279207468656d65732e, 1, 0, 0, 0),
(2308, 'sample-ad-6-mobile.jpg', 115, 'jpg', 25162, 2, 1364769727, 0x486f6d65207061676520616420726567696f6e2073616d706c6520616420696d6167652075736564206279207468656d65732e, 1, 0, 0, 0),
(2310, 'sample-ad-6.jpg', 115, 'jpg', 131611, 2, 1364769734, 0x486f6d65207061676520616420726567696f6e2073616d706c6520616420696d6167652075736564206279207468656d65732e, 1, 0, 0, 0),
(2312, 'tech-header.jpg', 115, 'jpg', 55540, 2, 1364769811, '', 1, 0, 0, 0),
(2314, 'camo.css', 115, 'css', 90053, 2, 1370465609, 0x5265717569726573206164646974696f6e616c2022686f6d652220636c617373206f6e20686f6d652070616765207374796c657320616e6420226469616c6f672220636c617373206f6e206469616c6f672077696e646f772070616765207374796c65732e204f7074696f6e616c2022636f6c6f726261722220636c6173732077696c6c2063726561746520636f6c6f722062617273206f6e20666f726d206c697374207669657720726573756c74732e, 1, 0, 0, 0),
(2316, 'town.css', 115, 'css', 88066, 2, 1370465668, 0x5265717569726573206164646974696f6e616c2022686f6d652220636c617373206f6e20686f6d652070616765207374796c657320616e6420226469616c6f672220636c617373206f6e206469616c6f672077696e646f772070616765207374796c65732e204f7074696f6e616c2022636f6c6f726261722220636c6173732077696c6c2063726561746520636f6c6f722062617273206f6e20666f726d206c697374207669657720726573756c74732e, 1, 0, 0, 0),
(2317, 'tech.css', 115, 'css', 91837, 2, 1370465657, 0x5265717569726573206164646974696f6e616c2022686f6d652220636c617373206f6e20686f6d652070616765207374796c657320616e6420226469616c6f672220636c617373206f6e206469616c6f672077696e646f772070616765207374796c65732e204f7074696f6e616c2022636f6c6f726261722220636c6173732077696c6c2063726561746520636f6c6f722062617273206f6e20666f726d206c697374207669657720726573756c74732e, 1, 0, 0, 0),
(2318, 'solo.css', 115, 'css', 87936, 2, 1370465646, 0x5265717569726573206164646974696f6e616c2022686f6d652220636c617373206f6e20686f6d652070616765207374796c657320616e6420226469616c6f672220636c617373206f6e206469616c6f672077696e646f772070616765207374796c65732e204f7074696f6e616c2022636f6c6f726261722220636c6173732077696c6c2063726561746520636f6c6f722062617273206f6e20666f726d206c697374207669657720726573756c74732e, 1, 0, 0, 0),
(2319, 'oxy.css', 115, 'css', 95600, 2, 1370465628, 0x5265717569726573206164646974696f6e616c2022686f6d652220636c617373206f6e20686f6d652070616765207374796c657320616e6420226469616c6f672220636c617373206f6e206469616c6f672077696e646f772070616765207374796c65732e204f7074696f6e616c2022636f6c6f726261722220636c6173732077696c6c2063726561746520636f6c6f722062617273206f6e20666f726d206c697374207669657720726573756c74732e, 1, 0, 0, 0),
(2320, 'mesh.css', 115, 'css', 79093, 2, 1370465637, 0x5265717569726573206164646974696f6e616c2022686f6d652220636c617373206f6e20686f6d652070616765207374796c65732c20226469616c6f672220636c617373206f6e206469616c6f672077696e646f772070616765207374796c65732c20616e64202277696e646f772220636c617373206f6e2077696e646f772070616765207374796c65732e204f7074696f6e616c2022636f6c6f726261722220636c6173732077696c6c2063726561746520636f6c6f722062617273206f6e20666f726d206c697374207669657720726573756c74732e, 1, 0, 0, 0),
(2321, 'jot.css', 115, 'css', 85552, 2, 1370465619, 0x5265717569726573206164646974696f6e616c2022686f6d652220636c617373206f6e20686f6d652070616765207374796c657320616e6420226469616c6f672220636c617373206f6e206469616c6f672077696e646f772070616765207374796c65732e204f7074696f6e616c2022636f6c6f726261722220636c6173732077696c6c2063726561746520636f6c6f722062617273206f6e20666f726d206c697374207669657720726573756c74732e, 1, 0, 0, 0),
(2322, 'coda.css', 115, 'css', 86779, 2, 1370465587, 0x5265717569726573206164646974696f6e616c2022686f6d652220636c617373206f6e20686f6d652070616765207374796c657320616e6420226469616c6f672220636c617373206f6e206469616c6f672077696e646f772070616765207374796c65732e204f7074696f6e616c2022636f6c6f726261722220636c6173732077696c6c2063726561746520636f6c6f722062617273206f6e20666f726d206c697374207669657720726573756c74732e, 1, 0, 0, 0),
(2323, 'cake.css', 115, 'css', 88422, 2, 1370465577, 0x5265717569726573206164646974696f6e616c2022686f6d652220636c617373206f6e20686f6d652070616765207374796c657320616e6420226469616c6f672220636c617373206f6e206469616c6f672077696e646f772070616765207374796c65732e204f7074696f6e616c2022636f6c6f726261722220636c6173732077696c6c2063726561746520636f6c6f722062617273206f6e20666f726d206c697374207669657720726573756c74732e, 1, 0, 0, 0),
(2324, 'bold.css', 115, 'css', 84691, 2, 1370465568, 0x5265717569726573206164646974696f6e616c2022686f6d652220636c617373206f6e20686f6d652070616765207374796c657320616e6420226469616c6f672220636c617373206f6e206469616c6f672077696e646f772070616765207374796c65732e204f7074696f6e616c2022636f6c6f726261722220636c6173732077696c6c2063726561746520636f6c6f722062617273206f6e20666f726d206c697374207669657720726573756c74732e, 1, 0, 0, 0),
(2325, 'aria.css', 115, 'css', 87636, 2, 1370465558, 0x5265717569726573206164646974696f6e616c2022686f6d652220636c617373206f6e20686f6d652070616765207374796c657320616e6420226469616c6f672220636c617373206f6e206469616c6f672077696e646f772070616765207374796c65732e204f7074696f6e616c2022636f6c6f726261722220636c6173732077696c6c2063726561746520636f6c6f722062617273206f6e20666f726d206c697374207669657720726573756c74732e, 1, 0, 1, 1);

-- --------------------------------------------------------

--
-- Table structure for table `folder`
--

CREATE TABLE IF NOT EXISTS `folder` (
  `folder_id` int(10) unsigned NOT NULL AUTO_INCREMENT,
  `folder_name` varchar(100) DEFAULT NULL,
  `folder_parent` int(10) unsigned DEFAULT NULL,
  `folder_level` int(2) DEFAULT NULL,
  `folder_style` int(10) unsigned DEFAULT NULL,
  `folder_order` int(2) DEFAULT NULL,
  `folder_user` int(10) unsigned DEFAULT NULL,
  `folder_timestamp` int(10) unsigned DEFAULT NULL,
  `folder_access_control_type` enum('public','guest','private','registration','membership') DEFAULT NULL,
  `folder_archived` tinyint(3) unsigned NOT NULL DEFAULT '0',
  `mobile_style_id` int(10) unsigned NOT NULL DEFAULT '0',
  PRIMARY KEY (`folder_id`)
) ENGINE=MyISAM  AUTO_INCREMENT=222 ;

--
-- Dumping data for table `folder`
--

INSERT INTO `folder` (`folder_id`, `folder_name`, `folder_parent`, `folder_level`, `folder_style`, `folder_order`, `folder_user`, `folder_timestamp`, `folder_access_control_type`, `folder_archived`, `mobile_style_id`) VALUES
(1, 'All Pages and Files', 0, 0, 218, 0, 2, 1343804537, 'public', 0, 265),
(115, 'Design Files (keep in a Public Folder)', 1, 1, 0, 999, 2, 1343804072, 'public', 0, 0),
(210, 'Registered Guest Files', 199, 2, 0, 0, 2, 1333889085, 'registration', 0, 0),
(197, 'Visitors (no login or register required)', 1, 1, 0, -100, 2, 1333813785, '', 0, 0),
(104, 'Pay for Exam', 215, 4, 0, 0, 2, 1360670119, 'private', 0, 0),
(105, 'Classified Ads', 208, 3, 0, 0, 2, 1333816308, '', 0, 0),
(110, 'Staff Portal', 200, 2, 0, 0, 2, 1333889132, 'private', 0, 0),
(167, 'System Page (Need only one of each page type)', 199, 2, 0, 0, 2, 1333889093, 'registration', 0, 0),
(208, 'Member Files', 201, 2, 0, 0, 2, 1333889103, 'membership', 0, 0),
(199, 'Registered Guests (requires login or register)', 1, 1, 0, -40, 2, 1333813945, 'registration', 0, 0),
(87, 'Photo Albums', 207, 3, 0, 0, 2, 1333815519, '', 0, 0),
(201, 'Members (requires member status in user contact)', 1, 1, 0, -30, 2, 1333814296, 'membership', 0, 0),
(91, 'Shippable Products', 207, 3, 0, 0, 2, 1333815486, '', 0, 0),
(93, 'Purchase a Service Plan', 207, 3, 0, 0, 2, 1333815474, '', 0, 0),
(94, 'Purchase a Download', 207, 3, 0, 0, 2, 1333815468, '', 0, 0),
(95, 'Purchase Membership Access', 207, 3, 0, 0, 2, 1333815480, '', 0, 0),
(209, 'Guest Files', 198, 2, 0, 0, 2, 1333816250, '', 0, 0),
(123, 'E-mail Autoresponders', 110, 3, 0, 0, 2, 1333816938, '', 0, 0),
(125, 'System Page (need only one of each page type)', 197, 2, 0, 9, 2, 1333889070, 'public', 0, 0),
(134, 'Software Product Folder', 137, 5, 0, 0, 2, 1358015978, 'private', 0, 0),
(135, 'eBook Product Folder', 137, 5, 0, 0, 2, 1358015966, 'private', 0, 0),
(137, 'Pay for Downloads', 215, 4, 0, 0, 2, 1360670109, 'private', 0, 0),
(139, 'Staff Directory', 207, 3, 0, 0, 2, 1333815529, '', 0, 0),
(200, 'Private (only specific users can access)', 1, 1, 0, -20, 2, 1333814031, 'private', 0, 0),
(144, 'Home', 207, 3, 0, -1, 2, 1333815503, '', 0, 0),
(207, 'Visitor Files', 197, 2, 0, 0, 2, 1333889061, 'public', 0, 0),
(171, 'Media Center', 207, 3, 0, 0, 2, 1333815511, '', 0, 0),
(188, 'Great Movie Posters', 87, 4, 0, 0, 2, 1308919692, '', 0, 0),
(189, 'Great Entrees', 87, 4, 0, 0, 2, 1308921270, '', 0, 0),
(198, 'Guests (option to register first)', 1, 1, 0, -50, 2, 1333813938, 'guest', 0, 0),
(219, 'My Content (Registration Folder above Private Content)', 200, 2, 0, 0, 2, 1364765957, 'registration', 0, 0),
(213, 'Site Maintanence (keep in a Public Folder)', 1, 1, 0, 0, 2, 1343804514, 'public', 0, 0),
(215, 'Pay for Access', 219, 3, 0, 0, 2, 1364765838, 'private', 0, 0),
(221, 'Media Center', 197, 2, 0, 0, 2, 1365641280, '', 0, 0);

-- --------------------------------------------------------

--
-- Table structure for table `folder_view_pages`
--

CREATE TABLE IF NOT EXISTS `folder_view_pages` (
  `id` int(10) unsigned NOT NULL AUTO_INCREMENT,
  `page_id` int(10) unsigned NOT NULL DEFAULT '0',
  `pages` tinyint(3) unsigned NOT NULL DEFAULT '0',
  `files` tinyint(3) unsigned NOT NULL DEFAULT '0',
  PRIMARY KEY (`id`),
  UNIQUE KEY `page_id` (`page_id`)
) ENGINE=MyISAM  AUTO_INCREMENT=4 ;

--
-- Dumping data for table `folder_view_pages`
--

INSERT INTO `folder_view_pages` (`id`, `page_id`, `pages`, `files`) VALUES
(1, 558, 1, 1);

-- --------------------------------------------------------

--
-- Table structure for table `forms`
--

CREATE TABLE IF NOT EXISTS `forms` (
  `id` int(10) unsigned NOT NULL AUTO_INCREMENT,
  `page_id` int(10) unsigned NOT NULL DEFAULT '0',
  `user_id` int(10) unsigned NOT NULL DEFAULT '0',
  `contact_id` int(10) unsigned NOT NULL DEFAULT '0',
  `reference_code` varchar(10) NOT NULL DEFAULT '',
  `tracking_code` varchar(100) NOT NULL DEFAULT '',
  `affiliate_code` varchar(100) NOT NULL DEFAULT '',
  `http_referer` varchar(255) NOT NULL DEFAULT '',
  `submitted_timestamp` int(10) unsigned NOT NULL DEFAULT '0',
  `last_modified_user_id` int(10) unsigned NOT NULL DEFAULT '0',
  `last_modified_timestamp` int(10) unsigned NOT NULL DEFAULT '0',
  `quiz_score` tinyint(4) NOT NULL DEFAULT '0',
  `form_editor_user_id` int(10) unsigned NOT NULL DEFAULT '0',
  PRIMARY KEY (`id`),
  UNIQUE KEY `reference_code` (`reference_code`),
  KEY `page_id` (`page_id`),
  KEY `last_modified_timestamp` (`last_modified_timestamp`),
  KEY `submitted_timestamp` (`submitted_timestamp`)
) ENGINE=MyISAM  AUTO_INCREMENT=509 ;

--
-- Dumping data for table `forms`
--


-- --------------------------------------------------------

--
-- Table structure for table `form_data`
--

CREATE TABLE IF NOT EXISTS `form_data` (
  `id` int(10) unsigned NOT NULL AUTO_INCREMENT,
  `form_id` int(10) unsigned NOT NULL DEFAULT '0',
  `form_field_id` int(10) unsigned NOT NULL DEFAULT '0',
  `data` text NOT NULL,
  `file_id` int(10) unsigned NOT NULL DEFAULT '0',
  `order_id` int(10) unsigned NOT NULL DEFAULT '0',
  `order_item_id` int(10) unsigned NOT NULL DEFAULT '0',
  `quantity_number` tinyint(4) NOT NULL DEFAULT '0',
  `name` varchar(100) NOT NULL DEFAULT '',
  `type` enum('standard','date','date and time','html','time') NOT NULL DEFAULT 'standard',
  `ship_to_id` int(10) unsigned NOT NULL DEFAULT '0',
  PRIMARY KEY (`id`),
  KEY `form_id` (`form_id`),
  KEY `form_field_id` (`form_field_id`),
  KEY `file_id` (`file_id`),
  KEY `order_id` (`order_id`),
  KEY `order_item_id` (`order_item_id`),
  KEY `ship_to_id` (`ship_to_id`)
) ENGINE=MyISAM  AUTO_INCREMENT=6358 ;

--
-- Dumping data for table `form_data`
--


-- --------------------------------------------------------

--
-- Table structure for table `form_fields`
--

CREATE TABLE IF NOT EXISTS `form_fields` (
  `id` int(10) unsigned NOT NULL AUTO_INCREMENT,
  `page_id` int(10) unsigned NOT NULL DEFAULT '0',
  `name` varchar(100) NOT NULL DEFAULT '',
  `label` varchar(255) NOT NULL DEFAULT '',
  `type` enum('text box','text area','pick list','radio button','check box','file upload','date','date and time','email address','information','time') NOT NULL DEFAULT 'text box',
  `sort_order` smallint(5) unsigned NOT NULL DEFAULT '0',
  `required` tinyint(4) NOT NULL DEFAULT '1',
  `information` blob NOT NULL,
  `default_value` varchar(255) NOT NULL DEFAULT '',
  `size` int(10) unsigned NOT NULL DEFAULT '0',
  `maxlength` int(10) unsigned NOT NULL DEFAULT '0',
  `rows` int(10) unsigned NOT NULL DEFAULT '0',
  `cols` int(10) unsigned NOT NULL DEFAULT '0',
  `multiple` tinyint(4) NOT NULL DEFAULT '0',
  `spacing_above` tinyint(4) NOT NULL DEFAULT '0',
  `spacing_below` tinyint(4) NOT NULL DEFAULT '0',
  `contact_field` enum('','salutation','first_name','last_name','suffix','nickname','company','title','department','office_location','business_address_1','business_address_2','business_city','business_state','business_country','business_zip_code','business_phone','business_fax','home_address_1','home_address_2','home_city','home_state','home_country','home_zip_code','home_phone','home_fax','mobile_phone','email_address','website','lead_source','opt_in','description','affiliate_name') NOT NULL DEFAULT '',
  `user` int(10) unsigned NOT NULL DEFAULT '0',
  `timestamp` int(10) unsigned NOT NULL DEFAULT '0',
  `upload_folder_id` int(10) unsigned NOT NULL DEFAULT '0',
  `office_use_only` tinyint(4) NOT NULL DEFAULT '0',
  `wysiwyg` tinyint(4) NOT NULL DEFAULT '0',
  `quiz_question` tinyint(4) NOT NULL DEFAULT '0',
  `quiz_answer` varchar(255) NOT NULL DEFAULT '',
  `product_id` int(10) unsigned NOT NULL DEFAULT '0',
  `rss_field` enum('','category','title','description') NOT NULL DEFAULT '',
  `use_folder_name_for_default_value` tinyint(3) unsigned NOT NULL DEFAULT '0',
  PRIMARY KEY (`id`),
  KEY `page_id` (`page_id`),
  KEY `product_id` (`product_id`)
) ENGINE=MyISAM  AUTO_INCREMENT=279 ;

--
-- Dumping data for table `form_fields`
--

INSERT INTO `form_fields` (`id`, `page_id`, `name`, `label`, `type`, `sort_order`, `required`, `information`, `default_value`, `size`, `maxlength`, `rows`, `cols`, `multiple`, `spacing_above`, `spacing_below`, `contact_field`, `user`, `timestamp`, `upload_folder_id`, `office_use_only`, `wysiwyg`, `quiz_question`, `quiz_answer`, `product_id`, `rss_field`, `use_folder_name_for_default_value`) VALUES
(1, 183, 'first_name', 'First Name:', 'text box', 1, 1, '', '', 30, 0, 0, 0, 0, 0, 0, 'first_name', 2, 1365642484, 1, 0, 0, 0, '', 0, 'title', 0),
(2, 183, 'last_name', 'Last Name:', 'text box', 2, 0, '', '', 30, 0, 0, 0, 0, 0, 0, 'last_name', 2, 1366860158, 1, 0, 0, 0, '', 0, 'title', 0),
(3, 183, 'company', 'Company:', 'text box', 3, 0, '', '', 30, 0, 0, 0, 0, 0, 0, 'company', 2, 1367532950, 1, 0, 0, 0, '', 0, 'description', 0),
(224, 489, 'company', 'Company:', 'text box', 3, 1, '', '', 0, 0, 0, 0, 0, 0, 0, 'company', 2, 1333545330, 1, 0, 0, 0, '', 0, '', 0),
(225, 489, 'business_phone', 'Phone:', 'text box', 4, 1, '', '', 0, 0, 0, 0, 0, 0, 0, 'business_phone', 2, 1333545330, 1, 0, 0, 0, '', 0, '', 0),
(9, 183, 'business_phone', 'Phone:', 'text box', 4, 0, '', '', 30, 0, 0, 0, 0, 0, 0, 'business_phone', 2, 1333951809, 1, 0, 0, 0, '', 0, '', 0),
(10, 183, 'email_address', 'E-mail Address:', 'email address', 5, 1, '', '', 30, 0, 0, 0, 0, 0, 1, 'email_address', 2, 1367532960, 1, 0, 0, 0, '', 0, '', 0),
(12, 183, 'comment', 'Question or Comment:', 'text area', 7, 1, '', '', 0, 0, 5, 30, 0, 0, 1, '', 2, 1362300797, 1, 0, 0, 0, '', 0, '', 0),
(13, 183, 'department', 'Department:', 'pick list', 6, 1, '', '-Select One-', 0, 0, 0, 0, 0, 0, 0, '', 2, 1362081295, 1, 0, 0, 0, '', 0, '', 0),
(219, 290, 'info', '', 'information', 6, 0, 0x3c703e3c656d3e4265207375726520746f20696e636c75646520796f75722063757272656e63792073796d626f6c20696e20796f75722070726963652e2028652e672e20242c20657463292e3c2f656d3e3c2f703e, '', 0, 0, 0, 0, 0, 1, 0, '', 2, 1365808556, 105, 0, 0, 0, '', 0, '', 0),
(44, 296, 'photo', 'Photo:', 'file upload', 8, 0, '', '', 0, 0, 0, 0, 0, 0, 1, '', 1, 1215755243, 139, 0, 0, 0, '', 0, '', 0),
(43, 296, 'bio', 'Short Bio:', 'text area', 6, 0, '', '', 0, 0, 4, 50, 0, 0, 0, '', 2, 1365642432, 1, 0, 0, 0, '', 0, 'description', 0),
(42, 296, 'title', 'Title:', 'text box', 4, 1, '', '', 23, 80, 0, 0, 0, 0, 0, '', 2, 1365642421, 1, 0, 0, 0, '', 0, 'title', 0),
(40, 296, 'first_name', 'First Name:', 'text box', 2, 1, '', '', 23, 0, 0, 0, 0, 0, 0, '', 2, 1333555883, 112, 0, 0, 0, '', 0, '', 0),
(41, 296, 'last_name', 'Last Name:', 'text box', 3, 1, '', '', 23, 0, 0, 0, 0, 0, 0, '', 2, 1333555888, 112, 0, 0, 0, '', 0, '', 0),
(39, 296, 'salutation', 'Salutation:', 'pick list', 1, 1, '', '', 0, 0, 0, 0, 0, 0, 0, '', 2, 1352395026, 1, 0, 0, 0, '', 0, '', 0),
(36, 313, 'title', 'Title', 'text box', 1, 1, '', '', 91, 100, 0, 0, 0, 0, 1, '', 2, 1369783200, 1, 0, 0, 0, '', 0, 'title', 0),
(69, 271, 'info1', '', 'information', 1, 0, 0x3c703e3c7374726f6e673e46697273742c2074656c6c2075732061626f757420796f752e3c2f7374726f6e673e3c2f703e, '', 0, 0, 0, 0, 0, 0, 0, '', 2, 1333559563, 103, 0, 0, 0, '', 0, '', 0),
(38, 313, 'details', 'Full Blog Posting (Details):', 'text area', 2, 1, '', '', 0, 0, 15, 60, 0, 0, 1, '', 2, 1364060083, 1, 0, 1, 0, '', 0, '', 0),
(217, 0, 'info', '', 'information', 1, 0, 0x3c703e456163682073747564656e742077696c6c2072656365697665206120736869727420647572696e672074686520636c6173732e266e6273703b20506c65617365207370656369667920796f75722073686972742073697a652e3c2f703e, '', 0, 0, 0, 0, 0, 0, 0, '', 2, 1333469579, 1, 0, 0, 0, '', 58, '', 0),
(47, 296, 'phone', 'Phone:', 'text box', 5, 1, '', '', 23, 0, 0, 0, 0, 0, 0, '', 2, 1333555893, 112, 0, 0, 0, '', 0, '', 0),
(52, 183, 'notes', 'Staff Notes:', 'text area', 8, 0, '', '', 0, 0, 5, 30, 0, 0, 0, '', 2, 1362300806, 1, 1, 0, 0, '', 0, '', 0),
(46, 296, 'history', 'History:', 'text area', 7, 0, '', '', 0, 0, 10, 50, 0, 0, 0, '', 1, 1215748076, 112, 0, 0, 0, '', 0, '', 0),
(208, 472, 'email', 'Email:', 'email address', 2, 1, '', '', 21, 0, 0, 0, 0, 0, 0, 'email_address', 2, 1364292908, 1, 0, 0, 0, '', 0, '', 0),
(70, 271, 'first_name', 'First Name:', 'text box', 2, 1, '', '', 30, 0, 0, 0, 0, 0, 0, 'first_name', 2, 1365642511, 1, 0, 0, 0, '', 0, 'title', 0),
(71, 271, 'last_name', 'Last Name:', 'text box', 3, 1, '', '', 30, 0, 0, 0, 0, 0, 0, 'last_name', 2, 1333953211, 1, 0, 0, 0, '', 0, '', 0),
(72, 271, 'email', 'E-mail Address:', 'email address', 4, 1, '', '', 30, 0, 0, 0, 0, 0, 0, 'email_address', 2, 1365642516, 1, 0, 0, 0, '', 0, 'description', 0),
(75, 271, 'gender', 'What is your gender?', 'radio button', 6, 1, '', '', 0, 0, 0, 0, 0, 0, 0, '', 1, 1220369413, 103, 0, 0, 0, '', 0, '', 0),
(76, 271, 'customer', 'How long have you been a user of our products?', 'radio button', 7, 1, '', '', 0, 0, 0, 0, 0, 0, 0, '', 1, 1220369426, 103, 0, 0, 0, '', 0, '', 0),
(74, 271, 'age', 'What is your age?', 'pick list', 5, 1, '', '-select one-', 0, 0, 0, 0, 0, 0, 0, '', 1, 1216454506, 103, 0, 0, 0, '', 0, '', 0),
(77, 271, 'trend', 'In your experience, has there been any change in the level of customer service quality since first becoming our customer?', 'pick list', 9, 1, '', '', 0, 0, 0, 0, 0, 0, 0, '', 2, 1340506429, 1, 0, 0, 0, '', 0, '', 0),
(81, 271, 'prompt', 'When I had a question, the Customer Service Rep answered my questions promptly.', 'pick list', 12, 1, '', '', 0, 0, 0, 0, 0, 0, 1, '', 2, 1340506141, 1, 0, 0, 0, '', 0, '', 0),
(78, 271, 'info2', '', 'information', 8, 0, 0x3c703e3c7374726f6e673e4e6f772c206c6574207573206b6e6f7720686f772077652061726520646f696e672e3c2f7374726f6e673e3c2f703e, '', 0, 0, 0, 0, 0, 1, 0, '', 2, 1333559569, 103, 0, 0, 0, '', 0, '', 0),
(79, 271, 'info3', '', 'information', 10, 0, 0x3c703e3c7374726f6e673e506c65617365207261746520796f757220736174697366616374696f6e206f6e2074686520666f6c6c6f77696e672073746174656d656e74732c206163636f7264696e6720746f20796f757220657870657269656e636520776974682074686520706572736f6e266e6273703b77686f20617373697374656420796f752e3c2f7374726f6e673e3c2f703e, '', 0, 0, 0, 0, 0, 1, 1, '', 2, 1333559575, 103, 0, 0, 0, '', 0, '', 0),
(215, 0, 'info', '', 'information', 3, 0, 0x3c703e57652077696c6c2062652073657276696e67206c756e636820647572696e672074686520636c61737320736f20706c65617365206c6574207573206b6e6f7720696620796f75206861766520616e79207370656369616c206469657461727920726571756972656d656e74732e3c2f703e, '', 0, 0, 0, 0, 0, 0, 0, '', 2, 1333469573, 1, 0, 0, 0, '', 58, '', 0),
(80, 271, 'accuracy', 'My order was processed accurately.', 'pick list', 11, 1, '', '', 0, 0, 0, 0, 0, 0, 1, '', 1, 1216456354, 103, 0, 0, 0, '', 0, '', 0),
(82, 271, 'knowledge', 'The Customer Service Rep was well versed about our products.', 'pick list', 13, 1, '', '', 0, 0, 0, 0, 0, 0, 1, '', 2, 1340506168, 1, 0, 0, 0, '', 0, '', 0),
(83, 271, 'helpful', 'The Customer Service Rep gave helpful tips regarding the details of my order and the products ordered.', 'pick list', 14, 1, '', '', 0, 0, 0, 0, 0, 0, 1, '', 2, 1340506184, 1, 0, 0, 0, '', 0, '', 0),
(84, 271, 'timely', 'When the Customer Service Rep did not know the answer to a question, he/she researched the answer and responded back to me in a timely manner.', 'pick list', 15, 1, '', '', 0, 0, 0, 0, 0, 0, 1, '', 2, 1340506205, 1, 0, 0, 0, '', 0, '', 0),
(85, 271, 'flexibility', 'When I made a change to my order, the change was processed quickly and correctly.', 'pick list', 16, 1, '', '', 0, 0, 0, 0, 0, 0, 1, '', 1, 1216456082, 103, 0, 0, 0, '', 0, '', 0),
(86, 271, 'attitude', 'The Customer Service Rep maintained a positive attitude and professionalism at all times.', 'pick list', 17, 1, '', '', 0, 0, 0, 0, 0, 0, 1, '', 2, 1340506222, 1, 0, 0, 0, '', 0, '', 0),
(87, 271, 'initative', 'The Customer Service Rep demonstrated initiative and tenacity in resolving any problems encountered.', 'pick list', 18, 1, '', '', 0, 0, 0, 0, 0, 0, 1, '', 2, 1340506232, 1, 0, 0, 0, '', 0, '', 0),
(176, 408, 'detail', 'Detail', 'text area', 2, 1, '', '', 0, 0, 10, 70, 0, 0, 0, '', 16, 1340520210, 1, 0, 0, 0, '', 0, 'description', 0),
(216, 0, 'shirt-size', 'Shirt Size:', 'pick list', 2, 1, '', '', 0, 0, 0, 0, 0, 0, 0, '', 2, 1333469566, 1, 0, 0, 0, '', 58, '', 0),
(152, 0, 'from', 'From:', 'text box', 2, 0, '', '', 40, 80, 0, 0, 0, 0, 0, '', 2, 1258220927, 0, 0, 0, 0, '', 31, '', 0),
(151, 0, 'honoree', 'In Loving Memory of:', 'text box', 1, 0, '', '', 40, 80, 0, 0, 0, 0, 0, '', 2, 1258221469, 1, 0, 0, 0, '', 31, '', 0),
(115, 288, 'last_name', 'Last Name:', 'text box', 8, 1, '', '', 0, 0, 0, 0, 0, 0, 0, '', 1, 1216636801, 106, 0, 0, 0, '', 0, '', 0),
(114, 288, 'salutation', 'Salutation:', 'pick list', 6, 1, '', '', 0, 0, 0, 0, 0, 0, 0, '', 1, 1216637155, 106, 0, 0, 0, '', 0, '', 0),
(113, 288, 'first_name', 'First Name:', 'text box', 7, 1, '', '', 0, 0, 0, 0, 0, 0, 0, '', 1, 1216636759, 106, 0, 0, 0, '', 0, '', 0),
(109, 288, 'phone', 'Phone:', 'text box', 9, 0, '', '', 0, 0, 0, 0, 0, 0, 0, '', 1, 1216637164, 106, 0, 0, 0, '', 0, '', 0),
(110, 288, 'email', 'E-mail Address:', 'text box', 10, 0, '', '', 0, 0, 0, 0, 0, 0, 1, '', 1, 1216717309, 106, 0, 0, 0, '', 0, '', 0),
(111, 288, 'organization', 'Organization:', 'text box', 2, 1, '', '', 45, 0, 0, 0, 0, 0, 0, '', 2, 1365642387, 1, 0, 0, 0, '', 0, 'title', 0),
(112, 288, 'description', 'Description:', 'text area', 4, 0, '', '', 0, 0, 10, 45, 0, 0, 0, '', 2, 1365642391, 1, 0, 0, 0, '', 0, 'description', 0),
(116, 288, 'Contact Heading', '', 'information', 5, 0, 0x3c703e54686520666f6c6c6f77696e67266e6273703b6669656c6473206172652073657065726174652066726f6d20796f7572266e6273703b274d79204163636f756e742720696e666f726d6174696f6e20616e642077696c6c206f6e6c792062652075706461746564207768656e20796f75207570646174652074686973206d656d626572206469726563746f727920656e7472792e3c2f703e0d0a3c703e266e6273703b3c7374726f6e673e436f6e7461637420496e666f726d6174696f6e3c2f7374726f6e673e3c2f703e0d0a3c6872202f3e, '', 0, 0, 0, 0, 0, 1, 0, '', 2, 1333506577, 106, 0, 0, 0, '', 0, '', 0),
(117, 288, 'Organization Heading', '', 'information', 1, 0, 0x3c7374726f6e673e4f7267616e697a6174696f6e20496e666f726d6174696f6e203c2f7374726f6e673e0d0a3c6872202f3e0d0a, '', 0, 0, 0, 0, 0, 0, 0, '', 1, 1220121099, 106, 0, 0, 0, '', 0, '', 0),
(118, 288, 'services', 'Services', 'check box', 3, 1, '', '', 0, 0, 0, 0, 1, 0, 0, '', 1, 1216637078, 106, 0, 0, 0, '', 0, '', 0),
(119, 291, 'salutation', 'Salutation:', 'pick list', 2, 1, '', '', 0, 0, 0, 0, 0, 0, 0, 'salutation', 1, 1216718204, 104, 0, 0, 0, '', 0, '', 0),
(120, 291, 'first_name', 'First Name:', 'text box', 3, 1, '', '', 0, 0, 0, 0, 0, 0, 0, 'first_name', 1, 1216718277, 104, 0, 0, 0, '', 0, '', 0),
(121, 291, 'last_name', 'Last Name:', 'text box', 4, 1, '', '', 0, 0, 0, 0, 0, 0, 0, 'last_name', 2, 1365642318, 104, 0, 0, 0, '', 0, 'title', 0),
(122, 291, 'email', 'Email:', 'email address', 5, 1, '', '', 0, 0, 0, 0, 0, 0, 0, 'email_address', 2, 1365642326, 104, 0, 0, 0, '', 0, 'description', 0),
(123, 291, 'test_game_date', 'The 2006 Rose Bowl game was played on what date?', 'date', 7, 1, '', '', 12, 0, 0, 0, 0, 1, 1, '', 2, 1333539056, 104, 0, 0, 1, '2006-01-04', 0, '', 0),
(124, 291, 'test_winner', 'What team won the 2006 Rose Bowl game?', 'radio button', 13, 1, '', '', 0, 0, 0, 0, 0, 0, 1, '', 2, 1333539102, 104, 0, 0, 1, 'Texas Longhorns', 0, '', 0),
(125, 291, 'test info', '', 'information', 6, 0, 0x3c703e3c7374726f6e673e506c6561736520726561642074686520666f6c6c6f77696e67206361726566756c6c793a3c2f7374726f6e673e3c2f703e0d0a3c7020636c6173733d22746578742d626f782d7072696d617279223e3c656d3e546865203230303620526f736520426f776c2047616d6520776173207468652066696e616c2067616d6520616e64206e6174696f6e616c206368616d70696f6e73686970206f662074686520323030352d3230303620426f776c204368616d70696f6e736869702053657269657320284243532920616e64207468652039326e6420526f736520426f776c2047616d652e205468652067616d652077617320706c61796564206f6e204a616e7561727920342c20323030362c2061742074686520526f736520426f776c205374616469756d20696e205061736164656e612c2043616c69666f726e69612e266e6273703b266e6273703b416c74686f756768207468652067616d65207361772061206261636b2d616e642d666f72746820636f6e746573742c2069742077617320756c74696d6174656c7920776f6e20627920746865205465786173204c6f6e67686f726e732c2034312d33382e20555427732056696e636520596f756e6720776173207468652067616d652773204d56502e205465786173277320526f736520426f776c2077696e207761732074686520383030746820766963746f727920696e207363686f6f6c20686973746f72792e20546865204c6f6e67686f726e7320656e6465642074686520736561736f6e2072616e6b656420746869726420696e2074686520616c6c2d74696d65206c697374206f6620626f746820746f74616c2077696e7320616e642077696e6e696e672070657263656e746167652e3c2f656d3e3c2f703e0d0a3c703e4e6f772c266e6273703b616e7377657220746865266e6273703b666f6c6c6f77696e67207175657374696f6e7320746f207468652062657374206f6620796f7572206162696c69747920616e6420636c69636b202753636f7265204578616d204e6f77272e266e6273703b203c7370616e207374796c653d22636f6c6f723a20236666303030303b223e596f75206d757374206163686965766520612073636f7265206f663c7374726f6e673e20313030253c2f7374726f6e673e20696e206f7264657220746f20706173732074686973206578616d20616e6420726574726965766520796f75722063657274696669636174652e3c2f7370616e3e266e6273703b20596f752063616e2074616b6520746865206578616d266e6273703b6173206d616e792074696d657320617320796f75206e65656420746f6f20756e74696c20796f75722061636365737320657870697265732e3c2f703e, '', 0, 0, 0, 0, 0, 0, 0, '', 2, 1360667367, 104, 0, 0, 0, '', 0, '', 0),
(130, 290, 'category', 'Category:', 'pick list', 1, 1, '', '--select a category for your item--', 0, 0, 0, 0, 0, 0, 0, '', 2, 1361008219, 105, 0, 0, 0, '', 0, '', 0),
(126, 291, 'tester', '', 'information', 1, 0, 0x3c703e0d0a3c7374726f6e673e506c656173652075706461746520796f757220274d79204163636f756e742720696e666f726d6174696f6e20696620697420686173206368616e6765643a3c2f7374726f6e673e200d0a3c2f703e0d0a, '', 0, 0, 0, 0, 0, 0, 0, '', 1, 1220120647, 104, 0, 0, 0, '', 0, '', 0),
(127, 291, 'test_location', 'In what state was the game held?', 'pick list', 8, 1, '', '--select one--', 0, 0, 0, 0, 0, 0, 1, '', 2, 1333539072, 104, 0, 0, 1, 'CA', 0, '', 0),
(129, 291, 'test_mvp', 'Who was the game''s MVP?', 'text box', 14, 1, '', '', 0, 0, 0, 0, 0, 0, 1, '', 2, 1333539107, 104, 0, 0, 1, 'Vince Young', 0, '', 0),
(131, 290, 'item', 'Item:', 'text box', 2, 1, '', '', 45, 45, 0, 0, 0, 0, 0, '', 2, 1365642356, 105, 0, 0, 0, '', 0, 'title', 0),
(132, 290, 'description', 'Description:', 'text area', 3, 1, '', '', 0, 0, 6, 60, 0, 0, 1, '', 2, 1365808572, 105, 0, 0, 0, '', 0, 'description', 0),
(133, 290, 'price', 'Price:', 'text box', 7, 1, '', '', 0, 0, 0, 0, 0, 0, 1, '', 2, 1333784667, 105, 0, 0, 0, '', 0, '', 0),
(134, 290, 'seller', 'Seller:', 'text area', 8, 1, '', '', 0, 0, 3, 30, 0, 0, 1, '', 2, 1333535119, 105, 0, 0, 0, '', 0, '', 0),
(136, 290, 'status', 'Status:', 'radio button', 9, 0, '', '', 0, 0, 0, 0, 0, 0, 1, '', 2, 1361008231, 105, 1, 0, 0, '', 0, '', 0),
(137, 291, 'burnt_orange', 'Texas Longhorns colors include burnt orange.', 'radio button', 9, 1, '', '', 0, 0, 0, 0, 0, 0, 1, '', 2, 1360667413, 104, 0, 0, 1, 'True', 0, '', 0),
(138, 291, 'carolina', 'USC Trojans are from the University of South Carolina.', 'radio button', 10, 1, '', '', 0, 0, 0, 0, 0, 0, 1, '', 2, 1360667421, 104, 0, 0, 1, 'False', 0, '', 0),
(139, 291, 'pasadena', 'The Rose Bowl is located in the city of Pasadena.', 'radio button', 11, 1, '', '', 0, 0, 0, 0, 0, 0, 1, '', 2, 1360667430, 104, 0, 0, 1, 'True', 0, '', 0),
(140, 291, 'nfl', 'Both teams now play in the NFL.', 'radio button', 12, 1, '', '', 0, 0, 0, 0, 0, 0, 1, '', 2, 1333539097, 104, 0, 0, 1, 'False', 0, '', 0),
(142, 0, 'first_name', 'Attendee First Name:', 'text box', 2, 1, '', '', 20, 20, 0, 0, 0, 0, 0, '', 2, 1258212603, 1, 0, 0, 0, '', 47, '', 0),
(143, 0, 'last_name', 'Attendee Last Name:', 'text box', 3, 1, '', '', 20, 20, 0, 0, 0, 0, 0, '', 2, 1258212612, 1, 0, 0, 0, '', 47, '', 0),
(144, 0, 'hotel', 'Hotel Room Preference:', 'pick list', 7, 1, '', 'Any', 0, 0, 0, 0, 0, 0, 0, '', 2, 1258212395, 0, 0, 0, 0, '', 47, '', 0),
(145, 0, 'phone', 'Attendee Phone:', 'text box', 4, 1, '', '', 15, 15, 0, 0, 0, 0, 0, '', 2, 1258212529, 1, 0, 0, 0, '', 47, '', 0),
(146, 0, 'email', 'Attendee E-Mail:', 'email address', 5, 1, '', '', 40, 80, 0, 0, 0, 0, 0, '', 2, 1258216031, 1, 0, 0, 0, '', 47, '', 0),
(147, 0, 'info', '', 'information', 1, 0, 0x506c6561736520636f6d706c6574652074686520666f6c6c6f77696e6720696e666f726d6174696f6e20736f2077652063616e206163636f6d6d6f64617465207468697320657868696269746f722e0d0a, '', 0, 0, 0, 0, 0, 0, 0, '', 2, 1258215825, 1, 0, 0, 0, '', 47, '', 0),
(148, 0, 'hotel heading', '', 'information', 6, 0, 0x54686520636f6e666572656e63652063656e74657220686f74656c2069732070726f766964696e6720636f6d706c696d656e7461727920686f74656c206163636f6d6d6f646174696f6e7320666f7220616c6c206f757220457868696269746f72732e20506c65617365207370656369667920796f757220707265666572656e6365206f6e20686f74656c20726f6f6d732e266e6273703b20416c6c20617265206e6f6e2d736d6f6b696e672e0d0a, '', 0, 0, 0, 0, 0, 1, 0, '', 2, 1258216013, 0, 0, 0, 0, '', 47, '', 0),
(149, 0, 'needs', 'Special Needs:', 'text area', 8, 0, '', '', 0, 0, 3, 40, 0, 0, 0, '', 2, 1258216408, 1, 0, 0, 0, '', 47, '', 0),
(174, 408, 'subject', 'Subject', 'text box', 1, 1, '', '', 55, 80, 0, 0, 0, 0, 0, '', 2, 1341368406, 1, 0, 0, 0, '', 0, 'title', 0),
(214, 0, 'comments', 'Special Instructions:', 'text area', 4, 0, '', '', 0, 0, 4, 60, 0, 0, 0, '', 2, 1333469592, 1, 0, 0, 0, '', 58, '', 0),
(166, 395, 'subject', 'Subject:', 'text box', 1, 1, '', '', 50, 0, 0, 0, 0, 0, 0, '', 2, 1292127313, 173, 0, 0, 0, '', 0, '', 0),
(167, 395, 'details', 'Details:', 'text area', 2, 1, '', '', 0, 0, 10, 65, 0, 0, 0, '', 2, 1333769469, 173, 0, 0, 0, '', 0, '', 0),
(168, 395, 'information_01', '', 'information', 3, 0, 0x3c703e506c6561736520656e7465722f75706461746520796f757220636f6e7461637420696e666f726d6174696f6e2e3c2f703e, '', 0, 0, 0, 0, 0, 1, 0, '', 2, 1333769546, 173, 0, 0, 0, '', 0, '', 0),
(169, 395, 'first_name', 'First Name:', 'text box', 4, 1, '', '', 0, 0, 0, 0, 0, 0, 0, 'first_name', 2, 1280724924, 173, 0, 0, 0, '', 0, '', 0),
(170, 395, 'last_name', 'Last Name:', 'text box', 5, 1, '', '', 0, 0, 0, 0, 0, 0, 0, 'last_name', 2, 1280724969, 173, 0, 0, 0, '', 0, '', 0),
(171, 395, 'e-mail', 'E-mail:', 'email address', 6, 1, '', '', 0, 0, 0, 0, 0, 0, 0, 'email_address', 2, 1280725450, 173, 0, 0, 0, '', 0, '', 0),
(172, 395, 'information_02', '', 'information', 7, 0, 0x3c703e506c656173652073656c6563742074686520617070726f707269617465206465706172746d656e7420746f20726f75746520796f757220726571756573742e3c2f703e, '', 0, 0, 0, 0, 0, 1, 0, '', 2, 1333769527, 173, 0, 0, 0, '', 0, '', 0),
(173, 395, 'department', 'Department:', 'pick list', 8, 1, '', '', 0, 0, 0, 0, 0, 0, 1, '', 2, 1333391434, 173, 0, 0, 0, '', 0, '', 0),
(177, 412, 'subject', 'Subject', 'text box', 1, 1, '', '', 65, 80, 0, 0, 0, 0, 0, '', 2, 1294454194, 1, 0, 0, 0, '', 0, '', 0),
(178, 412, 'name', 'Display Name:', 'text box', 3, 1, '', '', 35, 45, 0, 0, 0, 0, 0, '', 2, 1294454194, 1, 0, 0, 0, '', 0, '', 0),
(179, 412, 'detail', 'Detail', 'text area', 2, 1, '', '', 0, 0, 10, 50, 0, 0, 1, '', 2, 1294454194, 1, 0, 0, 0, '', 0, '', 0),
(180, 417, 'first_name', 'First Name:', 'text box', 1, 1, '', '', 30, 0, 0, 0, 0, 0, 0, 'first_name', 2, 1333963405, 1, 0, 0, 0, '', 0, '', 0),
(181, 417, 'last_name', 'Last Name:', 'text box', 2, 1, '', '', 30, 0, 0, 0, 0, 0, 0, 'last_name', 2, 1333963409, 1, 0, 0, 0, '', 0, '', 0),
(182, 417, 'company', 'Company:', 'text box', 3, 1, '', '', 30, 0, 0, 0, 0, 0, 0, 'company', 2, 1365642229, 1, 0, 0, 0, '', 0, 'title', 0),
(183, 417, 'business_phone', 'Phone:', 'text box', 4, 1, '', '', 30, 0, 0, 0, 0, 0, 0, 'business_phone', 2, 1333963418, 1, 0, 0, 0, '', 0, '', 0),
(184, 417, 'email_address', 'E-mail Address:', 'email address', 5, 1, '', '', 30, 0, 0, 0, 0, 0, 1, 'email_address', 2, 1365642252, 1, 0, 0, 0, '', 0, 'description', 0),
(188, 0, 'first_name', 'Member''s First Name:', 'text box', 1, 1, '', '', 0, 0, 0, 0, 0, 0, 0, '', 2, 1295169017, 0, 0, 0, 0, '', 35, '', 0),
(189, 0, 'last_name', 'Member''s Last Name:', 'text box', 2, 1, '', '', 0, 0, 0, 0, 0, 0, 0, '', 2, 1295169052, 0, 0, 0, 0, '', 35, '', 0),
(190, 0, 'shirt_size', 'T-Shirt Size:', 'pick list', 4, 1, '', '', 0, 0, 0, 0, 0, 0, 1, '', 2, 1295169636, 1, 0, 0, 0, '', 35, '', 0),
(191, 0, 'comments', 'How did you hear about us?', 'text area', 3, 1, '', '', 0, 0, 5, 45, 0, 0, 1, '', 2, 1295169614, 1, 0, 0, 0, '', 35, '', 0),
(192, 0, 'fan', 'Are you a Texas Longhorn fan?', 'radio button', 5, 1, '', '', 0, 0, 0, 0, 0, 0, 0, '', 2, 1295169384, 1, 0, 0, 0, '', 35, '', 0),
(193, 313, 'description', 'Description:', 'text box', 9, 0, '', '', 80, 150, 0, 0, 0, 0, 0, '', 2, 1369783368, 1, 0, 0, 0, '', 0, 'description', 0),
(194, 313, 'to_field', '', 'information', 10, 0, 0x3c703e496620796f7520706c616e206f6e20652d6d61696c696e67207468697320626c6f6720706f7374696e672c20796f752063616e20656e7465722074686520205e5e6e616d655e5e206669656c6420746f20706572736f6e616c697a652074686520656d61696c2e2028466f72206578616d706c652c20224465617220205b5b5e5e6e616d655e5e7c7c537562736372696265725d5d2c22266e6273703b77696c6c206265636f6d65202244656172204a6f686e6e79204170706c65736565642c22206f722022446561722020537562736372696265722c22266e6273703b7768656e2074686520706f7374696e672069732073656e7420617320616e20652d6d61696c2063616d706169676e2e292049742077696c6c20206e6f742062652076697369626c6520746f20626c6f672076697369746f72732e3c2f703e, '', 0, 0, 0, 0, 0, 1, 0, '', 2, 1308976811, 112, 1, 0, 0, '', 0, '', 0),
(195, 313, 'to', 'To:', 'text box', 11, 0, '', 'Dear [[^^name^^||Subscriber]],', 50, 0, 0, 0, 0, 0, 0, '', 2, 1333763193, 112, 1, 0, 0, '', 0, '', 0),
(196, 313, 'signature_field', '', 'information', 12, 0, 0x3c703e496620796f7520706c616e206f6e20652d6d61696c696e67207468697320626c6f6720706f7374696e672c20796f752063616e206164642061207369676e617475726520617265612061742074686520626f74746f6d206f6620796f757220652d6d61696c656420706167652e3c2f703e, '', 0, 0, 0, 0, 0, 1, 0, '', 2, 1308976928, 112, 1, 0, 0, '', 0, '', 0),
(197, 313, 'signature', 'Signature', 'text area', 13, 0, '', 'Best Regards, Our Organization', 0, 0, 10, 50, 0, 0, 1, '', 2, 1333762796, 112, 1, 0, 0, '', 0, '', 0),
(277, 313, 'info2', '', 'information', 6, 0, 0x3c703e53706563696679207468697320706f7374696e672773207075626c69736820646174652e3c2f703e, '', 0, 0, 0, 0, 0, 1, 0, '', 2, 1369783315, 110, 0, 0, 0, '', 0, '', 0),
(222, 489, 'first_name', 'First Name:', 'text box', 1, 1, '', '', 0, 0, 0, 0, 0, 0, 0, 'first_name', 2, 1333545330, 1, 0, 0, 0, '', 0, '', 0),
(223, 489, 'last_name', 'Last Name:', 'text box', 2, 1, '', '', 0, 0, 0, 0, 0, 0, 0, 'last_name', 2, 1333545330, 1, 0, 0, 0, '', 0, '', 0),
(226, 489, 'email_address', 'E-mail Address:', 'email address', 5, 1, '', '', 0, 0, 0, 0, 0, 0, 1, 'email_address', 2, 1333545330, 1, 0, 0, 0, '', 0, '', 0),
(232, 506, 'salutation', 'Salutation:', 'pick list', 2, 1, '', '', 0, 0, 0, 0, 0, 0, 0, 'salutation', 2, 1333788295, 104, 0, 0, 0, '', 0, '', 0),
(233, 506, 'first_name', 'First Name:', 'text box', 3, 1, '', '', 0, 0, 0, 0, 0, 0, 0, 'first_name', 2, 1333788295, 104, 0, 0, 0, '', 0, '', 0),
(234, 506, 'last_name', 'Last Name:', 'text box', 4, 1, '', '', 0, 0, 0, 0, 0, 0, 0, 'last_name', 2, 1333788295, 104, 0, 0, 0, '', 0, '', 0),
(235, 506, 'email', 'Email:', 'email address', 5, 1, '', '', 0, 0, 0, 0, 0, 0, 0, 'email_address', 2, 1333788295, 104, 0, 0, 0, '', 0, '', 0),
(236, 506, 'test_game_date', 'The 2006 Rose Bowl game was played on what date?', 'date', 7, 1, '', '', 12, 0, 0, 0, 0, 1, 1, '', 2, 1333788295, 104, 0, 0, 0, '', 0, '', 0),
(237, 506, 'test_winner', 'What team won the 2006 Rose Bowl game?', 'radio button', 13, 1, '', '', 0, 0, 0, 0, 0, 0, 1, '', 2, 1333788295, 104, 0, 0, 0, '', 0, '', 0),
(238, 506, 'test info', '', 'information', 6, 0, 0x3c703e3c7374726f6e673e506c6561736520726561642074686520666f6c6c6f77696e67206361726566756c6c793a3c2f7374726f6e673e3c2f703e0d0a3c7020636c6173733d22746578742d626f782d7072696d617279223e3c656d3e546865203230303620526f736520426f776c2047616d6520776173207468652066696e616c2067616d6520616e64206e6174696f6e616c206368616d70696f6e73686970206f662074686520323030352d3230303620426f776c204368616d70696f6e736869702053657269657320284243532920616e64207468652039326e6420526f736520426f776c2047616d652e205468652067616d652077617320706c61796564206f6e204a616e7561727920342c20323030362c2061742074686520526f736520426f776c205374616469756d20696e205061736164656e612c2043616c69666f726e69612e266e6273703b266e6273703b416c74686f756768207468652067616d65207361772061206261636b2d616e642d666f72746820636f6e746573742c2069742077617320756c74696d6174656c7920776f6e20627920746865205465786173204c6f6e67686f726e732c2034312d33382e20555427732056696e636520596f756e6720776173207468652067616d652773204d56502e205465786173277320526f736520426f776c2077696e207761732074686520383030746820766963746f727920696e207363686f6f6c20686973746f72792e20546865204c6f6e67686f726e7320656e6465642074686520736561736f6e2072616e6b656420746869726420696e2074686520616c6c2d74696d65206c697374206f6620626f746820746f74616c2077696e7320616e642077696e6e696e672070657263656e746167652e3c2f656d3e3c2f703e0d0a3c703e4e6f772c266e6273703b616e7377657220746865266e6273703b666f6c6c6f77696e67207175657374696f6e7320746f207468652062657374206f6620796f7572206162696c69747920616e6420636c69636b202753636f7265204578616d204e6f77272e266e6273703b203c7370616e207374796c653d22636f6c6f723a20236666303030303b223e596f75206d757374206163686965766520612073636f7265206f663c7374726f6e673e20313030253c2f7374726f6e673e20696e206f7264657220746f20706173732074686973206578616d20616e6420726574726965766520796f75722063657274696669636174652e3c2f7370616e3e266e6273703b20596f752063616e2074616b6520746865206578616d266e6273703b6173206d616e792074696d657320617320796f75206e65656420746f6f2e3c2f703e, '', 0, 0, 0, 0, 0, 0, 0, '', 2, 1333788295, 104, 0, 0, 0, '', 0, '', 0),
(239, 506, 'tester', '', 'information', 1, 0, 0x3c703e0d0a3c7374726f6e673e506c656173652075706461746520796f757220274d79204163636f756e742720696e666f726d6174696f6e20696620697420686173206368616e6765643a3c2f7374726f6e673e200d0a3c2f703e0d0a, '', 0, 0, 0, 0, 0, 0, 0, '', 2, 1333788295, 104, 0, 0, 0, '', 0, '', 0),
(240, 506, 'test_location', 'In what state was the game held?', 'pick list', 8, 1, '', '--select one--', 0, 0, 0, 0, 0, 0, 1, '', 2, 1333788295, 104, 0, 0, 0, '', 0, '', 0),
(241, 506, 'test_mvp', 'Who was the game''s MVP?', 'text box', 14, 1, '', '', 0, 0, 0, 0, 0, 0, 1, '', 2, 1333788295, 104, 0, 0, 0, '', 0, '', 0),
(242, 506, 'burnt_orange', 'Texas Longhorns colors include burnt orange.', 'radio button', 9, 1, '', '', 0, 0, 0, 0, 0, 0, 0, '', 2, 1333788295, 104, 0, 0, 0, '', 0, '', 0),
(243, 506, 'carolina', 'USC Trojans are from the University of South Carolina.', 'radio button', 10, 1, '', '', 0, 0, 0, 0, 0, 0, 0, '', 2, 1333788295, 104, 0, 0, 0, '', 0, '', 0),
(244, 506, 'pasadena', 'The Rose Bowl is located in the city of Pasadena.', 'radio button', 11, 1, '', '', 0, 0, 0, 0, 0, 0, 0, '', 2, 1333788295, 104, 0, 0, 0, '', 0, '', 0),
(245, 506, 'nfl', 'Both teams now play in the NFL.', 'radio button', 12, 1, '', '', 0, 0, 0, 0, 0, 0, 1, '', 2, 1333788295, 104, 0, 0, 0, '', 0, '', 0),
(246, 144, 'instructions', '', 'text area', 2, 0, '', '', 0, 0, 6, 60, 0, 0, 0, '', 2, 1334145887, 0, 0, 0, 0, '', 0, '', 0),
(247, 144, 'info', '', 'information', 1, 0, 0x3c703e49662074686572652061726520616e79207370656369616c207368697070696e6720696e737472756374696f6e207765206e65656420746f206b6e6f772061626f757420746f207375636365737366756c6c792064656c6976657220746f207468697320616464726573732c20706c65617365206c6574207573206b6e6f772e3c2f703e, '', 0, 0, 0, 0, 0, 0, 0, '', 2, 1343211605, 1, 0, 0, 0, '', 0, '', 0),
(248, 538, 'id', 'Youtube Video ID:', 'text box', 2, 1, '', '', 15, 15, 0, 0, 0, 0, 0, '', 2, 1344672067, 110, 0, 0, 0, '', 0, '', 0),
(249, 538, 'title', 'Title:', 'text box', 3, 1, '', '', 70, 0, 0, 0, 0, 0, 0, '', 2, 1365642071, 110, 0, 0, 0, '', 0, 'title', 0),
(250, 538, 'description', 'Description:', 'text area', 4, 1, '', '', 0, 0, 10, 50, 0, 0, 1, '', 2, 1365642078, 110, 0, 1, 0, '', 0, 'description', 0),
(254, 538, 'sort', 'Sort Order:', 'text box', 5, 1, '', '', 3, 0, 0, 0, 0, 0, 1, '', 2, 1344762084, 110, 0, 0, 0, '', 0, '', 0),
(253, 538, 'info', '', 'information', 1, 0, 0x3c703e3c7374726f6e673e50617374652074686520494420746f2074686520796f75747562652e636f6d20766964656f20746f206164642e3c2f7374726f6e673e3c6272202f3e466f72206578616d706c652c206f6e6c792070617374652074686520626f6c642070617274206f662074686520666f6c6c6f77696e6720766964656f206c696e6b203a20687474703a2f2f796f7574752e62652f3c7374726f6e673e334c396c7a375a7a3951493c6272202f3e3c2f7374726f6e673e3c2f703e, '', 0, 0, 0, 0, 0, 0, 0, '', 2, 1344776940, 110, 0, 0, 0, '', 0, '', 0),
(255, 296, 'alphabetical', 'Alphabet:', 'pick list', 9, 1, '', '', 1, 1, 0, 0, 0, 0, 1, '', 2, 1362156812, 110, 0, 0, 0, '', 0, '', 0),
(257, 313, 'tag', 'Tag:', 'text box', 5, 0, '', '', 0, 0, 0, 0, 0, 0, 1, '', 2, 1353008365, 110, 0, 0, 0, '', 0, '', 0),
(258, 408, 'topic', 'Topic:', 'pick list', 3, 1, '', '-Select Topic-', 0, 0, 0, 0, 0, 0, 0, '', 2, 1360509942, 199, 0, 0, 0, '', 0, '', 0),
(259, 313, 'info1', '', 'information', 4, 0, 0x3c703e416464206120746167206f7220746f706963206e616d6520666f72207468697320706f73742e266e6273703b20412074616720636c6f75642077696c6c20626520666f726d65642066726f6d20616c6c207468652074616767656420706f7374696e67732e3c2f703e, '', 0, 0, 0, 0, 0, 1, 0, '', 2, 1369783226, 110, 0, 0, 0, '', 0, '', 0),
(278, 313, 'info3', '', 'information', 8, 0, 0x3c703e456e74657220612073686f7274206465736372697074696f6e20666f722052535320616e6420416476616e63656420536974652053656172636820286966206569746865722061726520656e61626c6564292e3c2f703e, '', 0, 0, 0, 0, 0, 1, 0, '', 2, 1369783390, 110, 0, 0, 0, '', 0, '', 0),
(266, 313, 'summary', 'Summary:', 'text area', 3, 1, '', '', 0, 0, 15, 60, 0, 0, 0, '', 2, 1364060112, 110, 0, 1, 0, '', 0, '', 0),
(267, 472, 'description', '', 'information', 1, 0, 0x3c703e47657420746865206c6174657374206e65777320737472616967687420746f20796f757220696e626f782e3c2f703e, '', 0, 0, 0, 0, 0, 0, 0, '', 2, 1364307248, 197, 0, 0, 0, '', 0, '', 0),
(268, 290, 'photo', 'Photo:', 'file upload', 5, 0, '', '', 0, 0, 0, 0, 0, 0, 0, '', 2, 1365725954, 201, 0, 0, 0, '', 0, '', 0),
(269, 290, 'photo info', '', 'information', 4, 0, 0x3c703e41646420612070686f746f20666f72206265747465722073616c65732120266e6273703b596f75722070686f746f2073686f756c64206265203634307834383020666f72206265737420726573756c74732e3c2f703e, '', 0, 0, 0, 0, 0, 0, 0, '', 2, 1365808546, 201, 0, 0, 0, '', 0, '', 0),
(270, 584, 'first_name', 'First Name:', 'text box', 1, 1, '', '', 0, 0, 0, 0, 0, 0, 0, 'first_name', 2, 1366649546, 197, 0, 0, 0, '', 0, '', 0),
(271, 584, 'last_name', 'Last Name:', 'text box', 2, 1, '', '', 0, 0, 0, 0, 0, 0, 0, 'last_name', 2, 1366649564, 197, 0, 0, 0, '', 0, '', 0),
(272, 584, 'email', 'E-mail Address:', 'email address', 3, 1, '', '', 0, 0, 0, 0, 0, 0, 0, 'email_address', 2, 1366649592, 197, 0, 0, 0, '', 0, '', 0),
(273, 584, 'phone', 'Phone:', 'text box', 4, 0, '', '', 0, 0, 0, 0, 0, 0, 0, 'business_phone', 2, 1366649621, 197, 0, 0, 0, '', 0, '', 0),
(274, 584, 'tickets', 'Number of Tickets:', 'text box', 5, 1, '', '', 3, 3, 0, 0, 0, 1, 1, '', 2, 1366650439, 197, 0, 0, 0, '', 0, '', 0),
(275, 584, 'comments', 'Comments:', 'text area', 6, 0, '', '', 0, 0, 5, 60, 0, 0, 0, '', 2, 1366649740, 197, 0, 0, 0, '', 0, '', 0),
(276, 313, 'publish-date', 'Publish Date:', 'date', 7, 0, '', '', 0, 0, 0, 0, 0, 0, 1, '', 2, 1369783323, 110, 0, 0, 0, '', 0, '', 0);

-- --------------------------------------------------------

--
-- Table structure for table `form_field_options`
--

CREATE TABLE IF NOT EXISTS `form_field_options` (
  `id` int(10) unsigned NOT NULL AUTO_INCREMENT,
  `page_id` int(10) unsigned NOT NULL DEFAULT '0',
  `form_field_id` int(10) unsigned NOT NULL DEFAULT '0',
  `label` varchar(255) NOT NULL DEFAULT '',
  `value` varchar(255) NOT NULL DEFAULT '',
  `default_selected` tinyint(4) NOT NULL DEFAULT '0',
  `sort_order` smallint(5) unsigned NOT NULL DEFAULT '0',
  `product_id` int(10) unsigned NOT NULL DEFAULT '0',
  `email_address` varchar(100) NOT NULL DEFAULT '',
  `target_form_field_id` int(10) unsigned NOT NULL DEFAULT '0',
  PRIMARY KEY (`id`),
  KEY `page_id` (`page_id`),
  KEY `form_field_id` (`form_field_id`),
  KEY `product_id` (`product_id`)
) ENGINE=MyISAM  AUTO_INCREMENT=1269 ;

--
-- Dumping data for table `form_field_options`
--

INSERT INTO `form_field_options` (`id`, `page_id`, `form_field_id`, `label`, `value`, `default_selected`, `sort_order`, `product_id`, `email_address`, `target_form_field_id`) VALUES
(750, 0, 216, 'Mens XXL', 'Mens XXL', 0, 8, 58, '', 0),
(889, 271, 83, 'Totally Dissatisfied', '1', 0, 6, 0, '', 0),
(883, 271, 82, 'Totally Dissatisfied', '1', 0, 6, 0, '', 0),
(748, 0, 216, 'Mens Large', 'Mens Large', 0, 6, 58, '', 0),
(980, 296, 39, 'Rev.', 'Rev.', 0, 6, 0, '', 0),
(979, 296, 39, 'Dr.', 'Dr.', 0, 5, 0, '', 0),
(978, 296, 39, 'Mrs.', 'Mrs.', 0, 4, 0, '', 0),
(977, 296, 39, 'Miss', 'Miss', 0, 3, 0, '', 0),
(976, 296, 39, 'Ms.', 'Ms.', 0, 2, 0, '', 0),
(975, 296, 39, 'Mr.', 'Mr.', 0, 1, 0, '', 0),
(1116, 183, 13, 'Shipping', 'Shipping', 0, 5, 0, '', 0),
(710, 395, 173, 'Support', 'Support', 0, 4, 0, 'support@example.com', 0),
(256, 271, 74, '71 - 76', '71 - 76', 0, 11, 0, '', 0),
(255, 271, 74, '63 - 70', '63 - 70', 0, 10, 0, '', 0),
(254, 271, 74, '57 - 62', '57 - 62', 0, 9, 0, '', 0),
(253, 271, 74, '51 - 56', '51 - 56', 0, 8, 0, '', 0),
(252, 271, 74, '43 - 50', '43 - 50', 0, 7, 0, '', 0),
(251, 271, 74, '37 - 42', '37 - 42', 0, 6, 0, '', 0),
(250, 271, 74, '31 - 36', '31 - 36', 0, 5, 0, '', 0),
(249, 271, 74, '25 - 30', '25 - 30', 0, 4, 0, '', 0),
(248, 271, 74, '18 - 24', '18 - 24', 0, 3, 0, '', 0),
(247, 271, 74, '-select one-', '', 0, 2, 0, '', 0),
(246, 271, 74, 'Under 18', 'Under 18', 0, 1, 0, '', 0),
(635, 271, 75, 'Female', 'Female', 0, 2, 0, '', 0),
(634, 271, 75, 'Male', 'Male', 0, 1, 0, '', 0),
(639, 271, 76, 'More than 5 years', 'More than 5 years', 0, 4, 0, '', 0),
(638, 271, 76, '3-5 years', '3-5 years', 0, 3, 0, '', 0),
(921, 271, 77, 'My first experience', '0', 0, 7, 0, '', 0),
(920, 271, 77, 'Significantly worse', '1', 0, 6, 0, '', 0),
(919, 271, 77, 'Lower quality', '2', 0, 5, 0, '', 0),
(399, 271, 80, 'Totally Dissatisfied', '1', 0, 6, 0, '', 0),
(398, 271, 80, 'Not Satisfied', '2', 0, 5, 0, '', 0),
(397, 271, 80, 'Satisfied', '3', 0, 4, 0, '', 0),
(877, 271, 81, 'Totally Dissatisfied', '1', 0, 6, 0, '', 0),
(876, 271, 81, 'Not Satisfied', '2', 0, 5, 0, '', 0),
(882, 271, 82, 'Not Satisfied', '2', 0, 5, 0, '', 0),
(881, 271, 82, 'Satisfied', '3', 0, 4, 0, '', 0),
(888, 271, 83, 'Not Satisfied', '2', 0, 5, 0, '', 0),
(887, 271, 83, 'Satisfied', '3', 0, 4, 0, '', 0),
(894, 271, 84, 'Not Satisfied', '2', 0, 5, 0, '', 0),
(893, 271, 84, 'Satisfied', '3', 0, 4, 0, '', 0),
(374, 271, 85, 'Not Satisfied', '2', 0, 5, 0, '', 0),
(373, 271, 85, 'Satisfied', '3', 0, 4, 0, '', 0),
(900, 271, 86, 'Not Satisfied', '2', 0, 5, 0, '', 0),
(899, 271, 86, 'Satisfied', '3', 0, 4, 0, '', 0),
(906, 271, 87, 'Not Satisfied', '2', 0, 5, 0, '', 0),
(905, 271, 87, 'Satisfied', '3', 0, 4, 0, '', 0),
(257, 271, 74, 'Over 76', 'Over 76', 0, 12, 0, '', 0),
(637, 271, 76, '1-2 years', '1-2 years', 0, 2, 0, '', 0),
(636, 271, 76, 'Less than 1 year', 'Less than 1 year', 0, 1, 0, '', 0),
(918, 271, 77, 'About the same', '3', 0, 4, 0, '', 0),
(396, 271, 80, 'Very Satisfied', '4', 0, 3, 0, '', 0),
(395, 271, 80, 'Exceptionally Satisfied', '5', 0, 2, 0, '', 0),
(875, 271, 81, 'Satisfied', '3', 0, 4, 0, '', 0),
(874, 271, 81, 'Very Satisfied', '4', 0, 3, 0, '', 0),
(873, 271, 81, 'Exceptionally Satisfied', '5', 0, 2, 0, '', 0),
(394, 271, 80, '-select one-', '', 0, 1, 0, '', 0),
(880, 271, 82, 'Very Satisfied', '4', 0, 3, 0, '', 0),
(879, 271, 82, 'Exceptionally Satisfied', '5', 0, 2, 0, '', 0),
(886, 271, 83, 'Very Satisfied', '4', 0, 3, 0, '', 0),
(885, 271, 83, 'Exceptionally Satisfied', '5', 0, 2, 0, '', 0),
(872, 271, 81, '-select one-', '', 0, 1, 0, '', 0),
(372, 271, 85, 'Very Satisfied', '4', 0, 3, 0, '', 0),
(371, 271, 85, 'Exceptionally Satisfied', '5', 0, 2, 0, '', 0),
(370, 271, 85, '-select one-', '', 0, 1, 0, '', 0),
(898, 271, 86, 'Very Satisfied', '4', 0, 3, 0, '', 0),
(897, 271, 86, 'Exceptionally Satisfied', '5', 0, 2, 0, '', 0),
(878, 271, 82, '-select one-', '', 0, 1, 0, '', 0),
(884, 271, 83, '-select one-', '', 0, 1, 0, '', 0),
(892, 271, 84, 'Very Satisfied', '4', 0, 3, 0, '', 0),
(891, 271, 84, 'Exceptionally Satisfied', '5', 0, 2, 0, '', 0),
(890, 271, 84, '-select one-', '', 0, 1, 0, '', 0),
(375, 271, 85, 'Totally Dissatisfied', '1', 0, 6, 0, '', 0),
(896, 271, 86, '-select one-', '', 0, 1, 0, '', 0),
(904, 271, 87, 'Very Satisfied', '4', 0, 3, 0, '', 0),
(903, 271, 87, 'Exceptionally Satisfied', '5', 0, 2, 0, '', 0),
(902, 271, 87, '-select one-', '', 0, 1, 0, '', 0),
(917, 271, 77, 'Slightly improved', '4', 0, 3, 0, '', 0),
(467, 288, 114, 'Rev.', 'Rev.', 0, 6, 0, '', 0),
(466, 288, 114, 'Dr.', 'Dr.', 0, 5, 0, '', 0),
(465, 288, 114, 'Miss', 'Miss', 0, 4, 0, '', 0),
(464, 288, 114, 'Mrs.', 'Mrs.', 0, 3, 0, '', 0),
(463, 288, 114, 'Ms.', 'Ms.', 0, 2, 0, '', 0),
(462, 288, 114, 'Mr.', 'Mr.', 0, 1, 0, '', 0),
(460, 288, 118, 'Finishing', 'Finishing', 0, 6, 0, '', 0),
(459, 288, 118, 'Customizing', 'Customizing', 0, 5, 0, '', 0),
(458, 288, 118, 'Retrofiting', 'Retrofiting', 0, 4, 0, '', 0),
(457, 288, 118, 'Building', 'Building', 0, 3, 0, '', 0),
(456, 288, 118, 'Designing', 'Designing', 0, 2, 0, '', 0),
(455, 288, 118, 'Planning', 'Planning', 0, 1, 0, '', 0),
(461, 288, 118, 'Maintainence', 'Maintainence', 0, 7, 0, '', 0),
(468, 291, 119, 'Mr.', 'Mr.', 0, 1, 0, '', 0),
(469, 291, 119, 'Ms.', 'Ms.', 0, 2, 0, '', 0),
(470, 291, 119, 'Mrs.', 'Mrs.', 0, 3, 0, '', 0),
(471, 291, 119, 'Miss', 'Miss', 0, 4, 0, '', 0),
(472, 291, 119, 'Dr.', 'Dr.', 0, 5, 0, '', 0),
(473, 291, 119, 'Rev.', 'Rev.', 0, 6, 0, '', 0),
(805, 291, 124, 'USC Trojans', 'USC Trojans', 0, 2, 0, '', 0),
(804, 291, 124, 'Texas Longhorns', 'Texas Longhorns', 0, 1, 0, '', 0),
(793, 291, 127, 'Nevada', 'NV', 0, 11, 0, '', 0),
(792, 291, 127, 'Nebraska', 'NE', 0, 10, 0, '', 0),
(791, 291, 127, 'Lousiana', 'LA', 0, 9, 0, '', 0),
(790, 291, 127, 'Hawaii', 'HI', 0, 8, 0, '', 0),
(789, 291, 127, 'Georgia', 'GA', 0, 7, 0, '', 0),
(788, 291, 127, 'Florida', 'FL', 0, 6, 0, '', 0),
(787, 291, 127, 'Delaware', 'DE', 0, 5, 0, '', 0),
(786, 291, 127, 'Colorado', 'CO', 0, 4, 0, '', 0),
(785, 291, 127, 'California', 'CA', 0, 3, 0, '', 0),
(784, 291, 127, 'Arkansas', 'AK', 0, 2, 0, '', 0),
(1085, 291, 137, 'False', 'False', 0, 2, 0, '', 0),
(803, 291, 140, 'False', 'False', 0, 2, 0, '', 0),
(783, 291, 127, '--select one--', '', 0, 1, 0, '', 0),
(1093, 290, 130, 'Furniture', 'Furniture', 0, 4, 0, '', 0),
(1092, 290, 130, 'Equipment', 'Equipment', 0, 3, 0, '', 0),
(1084, 291, 137, 'True', 'True', 0, 1, 0, '', 0),
(1087, 291, 138, 'False', 'False', 0, 2, 0, '', 0),
(1086, 291, 138, 'True', 'True', 0, 1, 0, '', 0),
(1089, 291, 139, 'False', 'False', 0, 2, 0, '', 0),
(1088, 291, 139, 'True', 'True', 0, 1, 0, '', 0),
(802, 291, 140, 'True', 'True', 0, 1, 0, '', 0),
(640, 0, 144, 'Any', 'Any', 0, 1, 47, '', 0),
(641, 0, 144, 'Double', 'Double', 0, 2, 47, '', 0),
(642, 0, 144, 'Queen', 'Queen', 0, 3, 47, '', 0),
(643, 0, 144, 'King', 'King', 0, 4, 47, '', 0),
(709, 395, 173, 'Billing', 'Billing', 0, 3, 0, 'billing@example.com', 0),
(708, 395, 173, 'Sales', 'Sales', 0, 2, 0, 'sales@example.com', 0),
(707, 395, 173, '-Select One-', '', 0, 1, 0, '', 0),
(683, 0, 190, 'XXL', 'XXL', 0, 5, 35, '', 0),
(682, 0, 190, 'XL', 'XL', 0, 4, 35, '', 0),
(681, 0, 190, 'L', 'L', 0, 3, 35, '', 0),
(680, 0, 190, 'M', 'M', 0, 2, 35, '', 0),
(679, 0, 190, 'S', 'S', 0, 1, 35, '', 0),
(678, 0, 192, 'No', 'No', 0, 2, 35, '', 0),
(677, 0, 192, 'Yes', 'Yes', 0, 1, 35, '', 0),
(749, 0, 216, 'Mens XL', 'Mens XL', 0, 7, 58, '', 0),
(746, 0, 216, 'Mens Small', 'Mens Small', 0, 4, 58, '', 0),
(747, 0, 216, 'Mens Medium', 'Mens Medium', 0, 5, 58, '', 0),
(745, 0, 216, 'Womens Large', 'Womens Large', 0, 3, 58, '', 0),
(744, 0, 216, 'Womens Medium', 'Womens Medium', 0, 2, 58, '', 0),
(743, 0, 216, 'Womens Small', 'Womens Small', 0, 1, 58, '', 0),
(1091, 290, 130, 'Autos', 'Autos', 0, 2, 0, '', 0),
(1096, 290, 136, 'Sold', 'Sold', 0, 2, 0, '', 0),
(1095, 290, 136, 'Still Available', '', 0, 1, 0, '', 0),
(1090, 290, 130, '--select a category for your item--', '', 0, 1, 0, '', 0),
(794, 291, 127, 'New York', 'NY', 0, 12, 0, '', 0),
(795, 291, 127, 'Texas', 'TX', 0, 13, 0, '', 0),
(826, 506, 232, 'Mr.', 'Mr.', 0, 1, 0, '', 0),
(827, 506, 232, 'Ms.', 'Ms.', 0, 2, 0, '', 0),
(828, 506, 232, 'Mrs.', 'Mrs.', 0, 3, 0, '', 0),
(829, 506, 232, 'Miss', 'Miss', 0, 4, 0, '', 0),
(830, 506, 232, 'Dr.', 'Dr.', 0, 5, 0, '', 0),
(831, 506, 232, 'Rev.', 'Rev.', 0, 6, 0, '', 0),
(832, 506, 237, 'USC Trojans', 'USC Trojans', 0, 2, 0, '', 0),
(833, 506, 237, 'Texas Longhorns', 'Texas Longhorns', 0, 1, 0, '', 0),
(834, 506, 240, 'Nevada', 'NV', 0, 11, 0, '', 0),
(835, 506, 240, 'Nebraska', 'NE', 0, 10, 0, '', 0),
(836, 506, 240, 'Lousiana', 'LA', 0, 9, 0, '', 0),
(837, 506, 240, 'Hawaii', 'HI', 0, 8, 0, '', 0),
(838, 506, 240, 'Georgia', 'GA', 0, 7, 0, '', 0),
(839, 506, 240, 'Florida', 'FL', 0, 6, 0, '', 0),
(840, 506, 240, 'Delaware', 'DE', 0, 5, 0, '', 0),
(841, 506, 240, 'Colorado', 'CO', 0, 4, 0, '', 0),
(842, 506, 240, 'California', 'CA', 0, 3, 0, '', 0),
(843, 506, 240, 'Arkansas', 'AK', 0, 2, 0, '', 0),
(844, 506, 240, '--select one--', '', 0, 1, 0, '', 0),
(845, 506, 240, 'New York', 'NY', 0, 12, 0, '', 0),
(846, 506, 240, 'Texas', 'TX', 0, 13, 0, '', 0),
(847, 506, 242, 'False', 'False', 0, 2, 0, '', 0),
(848, 506, 242, 'True', 'True', 0, 1, 0, '', 0),
(849, 506, 243, 'False', 'False', 0, 2, 0, '', 0),
(850, 506, 243, 'True', 'True', 0, 1, 0, '', 0),
(851, 506, 244, 'False', 'False', 0, 2, 0, '', 0),
(852, 506, 244, 'True', 'True', 0, 1, 0, '', 0),
(853, 506, 245, 'False', 'False', 0, 2, 0, '', 0),
(854, 506, 245, 'True', 'True', 0, 1, 0, '', 0),
(1115, 183, 13, 'Billing', 'Billing', 0, 4, 0, '', 0),
(1114, 183, 13, 'Support', 'Support', 0, 3, 0, '', 0),
(1113, 183, 13, 'Sales', 'Sales', 0, 2, 0, '', 0),
(1112, 183, 13, '-Select One-', '', 0, 1, 0, '', 0),
(895, 271, 84, 'Totally Dissatisfied', '1', 0, 6, 0, '', 0),
(901, 271, 86, 'Totally Dissatisfied', '1', 0, 6, 0, '', 0),
(907, 271, 87, 'Totally Dissatisfied', '1', 0, 6, 0, '', 0),
(916, 271, 77, 'Significantly better', '5', 0, 2, 0, '', 0),
(915, 271, 77, '-select one-', '', 0, 1, 0, '', 0),
(1194, 296, 255, 'Z', 'Z', 0, 26, 0, '', 0),
(1060, 408, 258, 'Example Topic 7', 'Example Topic 7', 0, 8, 0, '', 0),
(1058, 408, 258, 'Example Topic 5', 'Example Topic 5', 0, 6, 0, '', 0),
(1059, 408, 258, 'Example Topic 6', 'Example Topic 6', 0, 7, 0, '', 0),
(1057, 408, 258, 'Example Topic 4', 'Example Topic 4', 0, 5, 0, '', 0),
(1056, 408, 258, 'Example Topic 3', 'Example Topic 3', 0, 4, 0, '', 0),
(1055, 408, 258, 'Example Topic 2', 'Example Topic 2', 0, 3, 0, '', 0),
(1054, 408, 258, 'Example Topic 1', 'Example Topic 1', 0, 2, 0, '', 0),
(1053, 408, 258, '-Select Topic-', '', 0, 1, 0, '', 0),
(1061, 408, 258, 'Example Topic 8', 'Example Topic 8', 0, 9, 0, '', 0),
(1094, 290, 130, 'Miscellaneous', 'Miscellaneous', 0, 5, 0, '', 0),
(1193, 296, 255, 'Y', 'Y', 0, 25, 0, '', 0),
(1192, 296, 255, 'X', 'X', 0, 24, 0, '', 0),
(1191, 296, 255, 'W', 'W', 0, 23, 0, '', 0),
(1190, 296, 255, 'V', 'V', 0, 22, 0, '', 0),
(1189, 296, 255, 'U', 'U', 0, 21, 0, '', 0),
(1188, 296, 255, 'T', 'T', 0, 20, 0, '', 0),
(1187, 296, 255, 'S', 'S', 0, 19, 0, '', 0),
(1186, 296, 255, 'R', 'R', 0, 18, 0, '', 0),
(1185, 296, 255, 'Q', 'Q', 0, 17, 0, '', 0),
(1184, 296, 255, 'P', 'P', 0, 16, 0, '', 0),
(1183, 296, 255, 'O', 'O', 0, 15, 0, '', 0),
(1182, 296, 255, 'N', 'N', 0, 14, 0, '', 0),
(1181, 296, 255, 'M', 'M', 0, 13, 0, '', 0),
(1180, 296, 255, 'L', 'L', 0, 12, 0, '', 0),
(1179, 296, 255, 'K', 'K', 0, 11, 0, '', 0),
(1178, 296, 255, 'J', 'J', 0, 10, 0, '', 0),
(1177, 296, 255, 'I', 'I', 0, 9, 0, '', 0),
(1176, 296, 255, 'H', 'H', 0, 8, 0, '', 0),
(1175, 296, 255, 'G', 'G', 0, 7, 0, '', 0),
(1174, 296, 255, 'F', 'F', 0, 6, 0, '', 0),
(1173, 296, 255, 'E', 'E', 0, 5, 0, '', 0),
(1172, 296, 255, 'D', 'D', 0, 4, 0, '', 0),
(1171, 296, 255, 'C', 'C', 0, 3, 0, '', 0),
(1170, 296, 255, 'B', 'B', 0, 2, 0, '', 0),
(1169, 296, 255, 'A', 'A', 0, 1, 0, '', 0);

-- --------------------------------------------------------

--
-- Table structure for table `form_item_view_pages`
--

CREATE TABLE IF NOT EXISTS `form_item_view_pages` (
  `id` int(10) unsigned NOT NULL AUTO_INCREMENT,
  `page_id` int(10) unsigned NOT NULL DEFAULT '0',
  `custom_form_page_id` int(10) unsigned NOT NULL DEFAULT '0',
  `layout` mediumblob NOT NULL,
  `submitted_form_editable_by_submitter` tinyint(3) unsigned NOT NULL DEFAULT '0',
  `submitted_form_editable_by_registered_user` tinyint(3) unsigned NOT NULL DEFAULT '0',
  `submitter_security` tinyint(3) unsigned NOT NULL DEFAULT '0',
  PRIMARY KEY (`id`),
  UNIQUE KEY `page_id` (`page_id`)
) ENGINE=MyISAM  AUTO_INCREMENT=33 ;

--
-- Dumping data for table `form_item_view_pages`
--

INSERT INTO `form_item_view_pages` (`id`, `page_id`, `custom_form_page_id`, `layout`, `submitted_form_editable_by_submitter`, `submitted_form_editable_by_registered_user`, `submitter_security`) VALUES
(3, 316, 296, 0x3c703e3c696d6720636c6173733d22696d6167652d6c6566742d7365636f6e6461727922207372633d227b706174687d66696c65732f5e5e70686f746f5e5e2220616c743d2222202f3e3c2f703e0d0a3c68323e5e5e73616c75746174696f6e5e5e205e5e66697273745f6e616d655e5e205e5e6c6173745f6e616d655e5e3c2f68323e0d0a3c68333e5e5e7469746c655e5e3c2f68333e0d0a3c703e50686f6e653a205e5e70686f6e655e5e203c6272202f3e203c7374726f6e673e5e5e62696f5e5e203c2f7374726f6e673e3c6272202f3e203c6272202f3e205e5e686973746f72795e5e3c2f703e, 1, 0, 0),
(4, 301, 183, 0x3c68343e5e5e66697273745f6e616d655e5e205e5e6c6173745f6e616d655e5e3c2f68343e0d0a3c7461626c6520626f726465723d2230222077696474683d2231303025223e0d0a3c74626f64793e0d0a3c74723e0d0a3c7464207374796c653d2277696474683a2031303070783b222076616c69676e3d22746f70223e3c7374726f6e673e3c2f7374726f6e673e3c2f74643e0d0a3c74642076616c69676e3d22746f70223e3c6272202f3e3c2f74643e0d0a3c2f74723e0d0a3c74723e0d0a3c74642076616c69676e3d22746f70223e3c7374726f6e673e4f7267616e697a6174696f6e3a3c2f7374726f6e673e3c2f74643e0d0a3c74642076616c69676e3d22746f70223e5e5e636f6d70616e795e5e3c2f74643e0d0a3c2f74723e0d0a3c74723e0d0a3c74642076616c69676e3d22746f70223e3c7374726f6e673e50686f6e653a3c2f7374726f6e673e3c2f74643e0d0a3c74642076616c69676e3d22746f70223e5e5e627573696e6573735f70686f6e655e5e3c2f74643e0d0a3c2f74723e0d0a3c74723e0d0a3c74642076616c69676e3d22746f70223e3c7374726f6e673e456d61696c3a3c2f7374726f6e673e3c2f74643e0d0a3c74642076616c69676e3d22746f70223e5e5e656d61696c5f616464726573735e5e3c2f74643e0d0a3c2f74723e0d0a3c74723e0d0a3c74643e266e6273703b3c2f74643e0d0a3c74643e266e6273703b3c2f74643e0d0a3c2f74723e0d0a3c74723e0d0a3c74642076616c69676e3d22746f70223e3c7374726f6e673e436f6d6d656e74733a3c2f7374726f6e673e3c2f74643e0d0a3c74642076616c69676e3d22746f70223e3c656d3e5e5e636f6d6d656e745e5e3c2f656d3e3c2f74643e0d0a3c2f74723e0d0a3c74723e0d0a3c74642076616c69676e3d22746f70223e3c7374726f6e673e3c2f7374726f6e673e3c2f74643e0d0a3c74642076616c69676e3d22746f70223e266e6273703b3c2f74643e0d0a3c2f74723e0d0a3c74723e0d0a3c74643e3c7374726f6e673e4465706172746d656e743a3c2f7374726f6e673e3c2f74643e0d0a3c74643e5e5e6465706172746d656e745e5e3c2f74643e0d0a3c2f74723e0d0a3c74723e0d0a3c74642076616c69676e3d22746f70223e3c7374726f6e673e5374616666204e6f7465733a3c2f7374726f6e673e3c2f74643e0d0a3c74642076616c69676e3d22746f70223e5e5e6e6f7465735e5e3c2f74643e0d0a3c2f74723e0d0a3c2f74626f64793e0d0a3c2f7461626c653e0d0a3c7020636c6173733d22746578742d66696e652d7072696e74223e3c6272202f3e205375626d69747465643a205e5e7375626d69747465645f646174655f616e645f74696d655e5e206279205e5e7375626d69747465725e5e3c6272202f3e204c617374204d6f6469666965643a205e5e6c6173745f6d6f6469666965645f646174655f616e645f74696d655e5e206279205e5e6c6173745f6d6f6469666965725e5e3c2f703e, 0, 0, 0),
(9, 330, 288, 0x3c68323e5e5e6f7267616e697a6174696f6e5e5e3c2f68323e0d0a3c7461626c65207374796c653d2277696474683a20313030253b2220626f726465723d2230223e0d0a3c74626f64793e0d0a3c74722076616c69676e3d22746f70223e0d0a3c7464207374796c653d2277696474683a203230253b223e3c7374726f6e673e53657276696365733a3c2f7374726f6e673e3c2f74643e0d0a3c74643e5e5e73657276696365735e5e3c2f74643e0d0a3c2f74723e0d0a3c74722076616c69676e3d22746f70223e0d0a3c74643e3c7374726f6e673e4465736372697074696f6e3a3c2f7374726f6e673e3c2f74643e0d0a3c74643e5e5e6465736372697074696f6e5e5e3c2f74643e0d0a3c2f74723e0d0a3c74722076616c69676e3d22746f70223e0d0a3c74643e3c7374726f6e673e436f6e746163743a3c2f7374726f6e673e3c2f74643e0d0a3c74643e5e5e73616c75746174696f6e5e5e205e5e66697273745f6e616d655e5e205e5e6c6173745f6e616d655e5e3c6272202f3e205e5e70686f6e655e5e3c6272202f3e205e5e656d61696c5e5e3c2f74643e0d0a3c2f74723e0d0a3c2f74626f64793e0d0a3c2f7461626c653e, 1, 0, 0),
(13, 365, 313, 0x3c7461626c65207374796c653d2277696474683a20313030253b2220626f726465723d2230223e0d0a3c74626f64793e0d0a3c74723e0d0a3c746420636c6173733d227461626c652d63656c6c2d6d6f62696c652d66696c6c22207374796c653d22746578742d616c69676e3a2063656e7465723b20636f6c6f723a20236666666666663b2077696474683a20383070783b20666f6e742d73697a653a20313230253b20746578742d7472616e73666f726d3a207570706572636173653b2070616464696e672d72696768743a20313070783b222076616c69676e3d22746f70223e0d0a3c7020636c6173733d227061726167726170682d626f782d7365636f6e64617279206261636b67726f756e642d7072696d617279223e5e5e7075626c6973682d646174655e5e25254d2525205e5e7075626c6973682d646174655e5e25256425253c6272202f3e5e5e7075626c6973682d646174655e5e25255925253c2f703e0d0a3c2f74643e0d0a3c746420636c6173733d227461626c652d63656c6c2d6d6f62696c652d7772617022207374796c653d22766572746963616c2d616c69676e3a206d6964646c653b223e0d0a3c6832207374796c653d226d617267696e3a20303b223e5e5e7469746c655e5e3c2f68323e0d0a3c2f74643e0d0a3c2f74723e0d0a3c2f74626f64793e0d0a3c2f7461626c653e0d0a3c703e3c7370616e20636c6173733d22746578742d66696e652d7072696e74223e506f73746564206279203c7374726f6e673e5e5e7375626d69747465725e5e3c2f7374726f6e673e266e6273703b2066696c656420756e646572203c6120687265663d227b706174687d70616765732f626c6f672d61727469636c653f723d4233434b5a30344c4e3926616d703b73656e645f746f3d2532467061676573253246626c6f672533466d6f6465253344656469742532363433345f62726f7773655f6669656c645f69642533443237362532363433345f62726f7773655f66696c7465722533444a616e756172792532423230313326616d703b3433345f62726f7773655f6669656c645f69643d32353726616d703b3433345f62726f7773655f66696c7465723d5e5e7461675e5e223e3c7374726f6e673e5e5e7461675e5e3c2f7374726f6e673e3c2f613e266e6273703b266e6273703b205e5e6e756d6265725f6f665f636f6d6d656e74735e5e20436f6d6d656e7428732920266e6273703b266e6273703b203c6120687265663d227b706174687d70616765732f626c6f672d61727469636c6526616d703b723d5e5e7265666572656e63655f636f64655e5e23736f6674776172655f6164645f636f6d6d656e74223e416464206120436f6d6d656e743c2f613e266e6273703b3c2f7370616e3e203c696d67207469746c653d22636f6d6d656e742d69636f6e2e706e6722207372633d227b706174687d66696c65732f636f6d6d656e742d69636f6e2e706e672220616c743d22636f6d6d656e742d69636f6e2e706e67222077696474683d22313422206865696768743d22313422202f3e3c7370616e20636c6173733d22746578742d66696e652d7072696e74223e3c2f7370616e3e3c2f703e0d0a3c703e5e5e64657461696c735e5e3c2f703e, 1, 0, 0),
(12, 354, 290, 0x3c68333e5e5e63617465676f72795e5e3c2f68333e0d0a3c7461626c65207374796c653d2277696474683a20313030253b2220626f726465723d2230223e0d0a3c74626f64793e0d0a3c74723e0d0a3c746420636c6173733d227461626c652d63656c6c2d6d6f62696c652d66696c6c22207374796c653d2277696474683a2033323070783b2220726f777370616e3d2237222076616c69676e3d22746f70223e5b5b3c6120687265663d227b706174687d70616765732f636c61737369666965642d616473223e3c696d6720636c6173733d22696d6167652d6c6566742d7072696d61727922207374796c653d2277696474683a2033323070783b206865696768743a2032343070783b22207372633d227b706174687d66696c65732f5e5e70686f746f5e5e2220616c743d2222202f3e3c2f613e7c7c3c6120687265663d227b706174687d70616765732f636c61737369666965642d616473223e3c696d6720636c6173733d22696d6167652d6c6566742d7072696d61727922207374796c653d2277696474683a2033323070783b206865696768743a2032343070783b22207372633d227b706174687d66696c65732f70686f746f313235783132352e706e672220616c743d2222202f3e3c2f613e5d5d3c2f74643e0d0a3c746420636c6173733d227461626c652d63656c6c2d6d6f62696c652d6869646522207374796c653d2277696474683a20313570783b223e266e6273703b3c2f74643e0d0a3c746420636c6173733d227461626c652d63656c6c2d6d6f62696c652d77726170223e0d0a3c68363e5e5e6974656d5e5e3c2f68363e0d0a3c2f74643e0d0a3c2f74723e0d0a3c74723e0d0a3c746420636c6173733d227461626c652d63656c6c2d6d6f62696c652d68696465223e266e6273703b3c2f74643e0d0a3c746420636c6173733d227461626c652d63656c6c2d6d6f62696c652d77726170223e5e5e6465736372697074696f6e5e5e3c2f74643e0d0a3c2f74723e0d0a3c74723e0d0a3c746420636c6173733d227461626c652d63656c6c2d6d6f62696c652d68696465223e266e6273703b3c2f74643e0d0a3c746420636c6173733d227461626c652d63656c6c2d6d6f62696c652d77726170223e5b5b3c7370616e207374796c653d22636f6c6f723a207265643b20666f6e742d7765696768743a20626f6c643b223e5e5e7374617475735e5e3c2f7370616e3e203c7370616e207374796c653d22666f6e742d6465636f726174696f6e3a20737472696b657468726f7567683b223e243c7370616e207374796c653d22746578742d6465636f726174696f6e3a206c696e652d7468726f7567683b223e5e5e70726963655e5e3c2f7370616e3e3c2f7370616e3e7c7c245e5e70726963655e5e5d5d3c2f74643e0d0a3c2f74723e0d0a3c74723e0d0a3c746420636c6173733d227461626c652d63656c6c2d6d6f62696c652d68696465223e266e6273703b3c2f74643e0d0a3c74643e266e6273703b3c2f74643e0d0a3c2f74723e0d0a3c74723e0d0a3c746420636c6173733d227461626c652d63656c6c2d6d6f62696c652d68696465223e266e6273703b3c2f74643e0d0a3c746420636c6173733d227461626c652d63656c6c2d6d6f62696c652d77726170223e3c656d3e5e5e73656c6c65725e5e3c2f656d3e3c2f74643e0d0a3c2f74723e0d0a3c74723e0d0a3c746420636c6173733d227461626c652d63656c6c2d6d6f62696c652d68696465223e266e6273703b3c2f74643e0d0a3c746420636c6173733d227461626c652d63656c6c2d6d6f62696c652d68696465223e266e6273703b3c2f74643e0d0a3c2f74723e0d0a3c74723e0d0a3c746420636c6173733d227461626c652d63656c6c2d6d6f62696c652d68696465223e266e6273703b3c2f74643e0d0a3c746420636c6173733d227461626c652d63656c6c2d6d6f62696c652d77726170223e266e6273703b3c2f74643e0d0a3c2f74723e0d0a3c2f74626f64793e0d0a3c2f7461626c653e0d0a3c703e266e6273703b3c2f703e, 1, 0, 0),
(19, 402, 395, 0x3c7461626c6520636c6173733d227461626c652d7072696d61727922207374796c653d2277696474683a20313030253b2070616464696e673a2031656d3b2220626f726465723d2230223e0d0a3c74626f64793e0d0a3c74723e0d0a3c74643e0d0a3c68353e5e5e7375626a6563745e5e3c2f68353e0d0a5e5e64657461696c735e5e3c2f74643e0d0a3c2f74723e0d0a3c2f74626f64793e0d0a3c2f7461626c653e0d0a3c703e3c7374726f6e673e3c6272202f3e3c7370616e20636c6173733d22746578742d66696e652d7072696e74223e5469636b657420235e5e7265666572656e63655f636f64655e5e3c2f7370616e3e3c2f7374726f6e673e3c7370616e20636c6173733d22746578742d66696e652d7072696e74223e266e6273703b6372656174656420666f72205e5e66697273745f6e616d655e5e205e5e6c6173745f6e616d655e5e20285e5e652d6d61696c5e5e29203c2f7370616e3e3c6272202f3e3c7370616e20636c6173733d22746578742d66696e652d7072696e74223e6f6e205e5e7375626d69747465645f646174655f616e645f74696d655e5e207c205e5e6465706172746d656e745e5e266e6273703b20266e6273703b203c6120687265663d2223736f6674776172655f6164645f636f6d6d656e74223e416464206120436f6d6d656e743c2f613e3c2f7370616e3e203c696d67207469746c653d22636f6d6d656e742d69636f6e2e706e6722207372633d227b706174687d66696c65732f636f6d6d656e742d69636f6e2e706e672220616c743d22636f6d6d656e742d69636f6e2e706e67222077696474683d22313422206865696768743d22313422202f3e3c2f703e, 0, 0, 0),
(21, 409, 408, 0x3c7461626c6520636c6173733d227461626c652d7072696d61727922207374796c653d2277696474683a20313030253b2070616464696e673a2031656d3b2220626f726465723d2230223e0d0a3c74626f64793e0d0a3c74723e0d0a3c74643e0d0a3c68343e5e5e7375626a6563745e5e3c2f68343e0d0a3c703e3c7370616e20636c6173733d22746578742d66696e652d7072696e74223e506f737465642062793a203c7374726f6e673e5e5e7375626d69747465725e5e3c2f7374726f6e673e206f6e205e5e7375626d69747465645f646174655f616e645f74696d655e5e3c2f7370616e3e3c2f703e0d0a3c703e5e5e64657461696c5e5e3c2f703e0d0a3c703e3c7370616e20636c6173733d22746578742d66696e652d7072696e74223e546f7069633a203c7374726f6e673e5e5e746f7069635e5e3c2f7374726f6e673e3c2f7370616e3e3c2f703e0d0a3c2f74643e0d0a3c2f74723e0d0a3c2f74626f64793e0d0a3c2f7461626c653e0d0a3c703e266e6273703b3c2f703e, 0, 0, 0),
(24, 222, 183, 0x3c703e0d0a3c6272202f3e0d0a44656172205e5e66697273745f6e616d655e5e205e5e6c6173745f6e616d655e5e2c0d0a3c2f703e0d0a3c703e0d0a5468616e6b20796f7520666f7220636f6e74616374696e672075732e266e6273703b20576520726563656976656420796f757220696e7175697279206f6e205e5e7375626d69747465645f646174655f616e645f74696d655e5e2e0d0a3c2f703e0d0a3c703e0d0a3c7374726f6e673e596f752077726f74653a0d0a3c2f7374726f6e673e0d0a3c2f703e0d0a3c703e0d0a3c7374726f6e673e5e5e636f6d6d656e745e5e3c2f7374726f6e673e0d0a3c2f703e0d0a3c703e0d0a5765206861766520666f7277617264656420796f757220636f6d6d656e747320746f206f7572205e5e6465706172746d656e745e5e206465706172746d656e742e20546865792077696c6c20666f6c6c6f77207570207769746820796f752073686f72746c792e0d0a3c2f703e0d0a3c703e0d0a546865207265666572656e636520636f646520666f7220796f7572207265636f726473206973205e5e7265666572656e63655f636f64655e5e2e0d0a3c2f703e0d0a3c703e0d0a5468616e6b20796f75210d0a3c2f703e0d0a3c703e0d0a266e6273703b0d0a3c2f703e0d0a, 0, 0, 0),
(25, 438, 313, 0x3c703e3c7374726f6e673e0d0a3c6872202f3e0d0a456e74657220746865205e5e6e616d655e5e206669656c6420616e6420616e7920636f6e646974696f6e616c7320746f20706572736f6e616c697a65207468652020656d61696c2e3c2f7374726f6e673e2028466f72206578616d706c652c202244656172205b5b5e5e6e616d655e5e7c7c537562736372696265725d5d2c22266e6273703b77696c6c206265636f6d6520224465617220204a6f686e6e79204170706c65736565642c22206f7220224465617220537562736372696265722c22266e6273703b7768656e2074686520706f7374696e672069732073656e7420617320616e2020652d6d61696c2063616d706169676e2e293c2f703e0d0a3c703e3c7374726f6e673e5e5e746f5e5e3c2f7374726f6e673e3c2f703e0d0a3c703e3c7374726f6e673e4164642061207369676e6174757265203c2f7374726f6e673e617265612061742074686520626f74746f6d206f6620796f757220652d6d61696c656420706167652e3c2f703e0d0a3c703e3c7374726f6e673e5e5e7369676e61747572655e5e3c2f7374726f6e673e3c2f703e, 0, 0, 0),
(31, 540, 538, 0x3c703e596f75747562652e636f6d2049443a205e5e69645e5e3c6272202f3e3c6272202f3e5469746c653a205e5e7469746c655e5e3c6272202f3e3c6272202f3e4465736372697074696f6e3a3c6272202f3e5e5e6465736372697074696f6e5e5e3c2f703e0d0a3c703e536f7274204f726465723a205e5e736f72745e5e3c6272202f3e3c6272202f3e3c2f703e, 0, 0, 0),
(32, 85, 183, 0x3c68343e3c6272202f3e205e5e66697273745f6e616d655e5e2c207468616e6b20796f7520666f7220636f6e74616374696e672075732e3c2f68343e0d0a3c703e57652077696c6c207265706c7920746f20796f752073686f72746c792e3c2f703e0d0a3c703e57652068617665206a7573742073656e74206120636f7079206f6620796f757220696e717569727920746f20796f757220656d61696c206164647265737320666f72207265666572656e63652e266e6273703b3c2f703e0d0a3c703e266e6273703b3c2f703e, 0, 0, 0);

-- --------------------------------------------------------

--
-- Table structure for table `form_list_view_browse_fields`
--

CREATE TABLE IF NOT EXISTS `form_list_view_browse_fields` (
  `page_id` int(10) unsigned NOT NULL DEFAULT '0',
  `form_field_id` int(10) unsigned NOT NULL DEFAULT '0',
  `number_of_columns` tinyint(3) unsigned NOT NULL DEFAULT '0',
  `shortcut` tinyint(3) unsigned NOT NULL DEFAULT '0',
  `sort_order` enum('ascending','descending') NOT NULL DEFAULT 'ascending',
  `date_format` varchar(255) NOT NULL DEFAULT '',
  KEY `page_id` (`page_id`),
  KEY `form_field_id` (`form_field_id`)
) ENGINE=MyISAM;

--
-- Dumping data for table `form_list_view_browse_fields`
--

INSERT INTO `form_list_view_browse_fields` (`page_id`, `form_field_id`, `number_of_columns`, `shortcut`, `sort_order`, `date_format`) VALUES
(219, 255, 26, 0, 'ascending', ''),
(219, 42, 3, 0, 'ascending', ''),
(219, 41, 4, 1, 'ascending', ''),
(219, 40, 4, 1, 'ascending', ''),
(407, 258, 6, 0, 'ascending', ''),
(434, 276, 1, 0, 'ascending', 'F Y'),
(227, 257, 3, 0, 'ascending', ''),
(434, 257, 2, 0, 'ascending', ''),
(568, 118, 3, 0, 'ascending', ''),
(568, 111, 3, 0, 'ascending', ''),
(289, 133, 3, 0, 'ascending', ''),
(574, 255, 26, 0, 'ascending', ''),
(574, 42, 3, 0, 'ascending', ''),
(574, 41, 4, 1, 'ascending', ''),
(574, 40, 4, 1, 'ascending', ''),
(289, 130, 3, 0, 'ascending', '');

-- --------------------------------------------------------

--
-- Table structure for table `form_list_view_filters`
--

CREATE TABLE IF NOT EXISTS `form_list_view_filters` (
  `id` int(10) unsigned NOT NULL AUTO_INCREMENT,
  `page_id` int(10) unsigned NOT NULL DEFAULT '0',
  `standard_field` enum('','reference_code','tracking_code','affiliate_code','referring_url','submitter','submitted_date_and_time','last_modifier','last_modified_date_and_time','number_of_comments','newest_comment_name','newest_comment','newest_comment_date_and_time','newest_comment_id','newest_activity_date_and_time') NOT NULL DEFAULT '',
  `form_field_id` int(10) unsigned NOT NULL DEFAULT '0',
  `operator` enum('contains','does not contain','is equal to','is not equal to','is less than','is less than or equal to','is greater than','is greater than or equal to') NOT NULL DEFAULT 'contains',
  `value` varchar(255) NOT NULL DEFAULT '',
  `dynamic_value` enum('','current date','current date and time','current time','days ago','viewer','viewers email address') NOT NULL DEFAULT '',
  `dynamic_value_attribute` int(10) unsigned NOT NULL DEFAULT '0',
  PRIMARY KEY (`id`),
  KEY `page_id` (`page_id`)
) ENGINE=MyISAM  AUTO_INCREMENT=346 ;

--
-- Dumping data for table `form_list_view_filters`
--

INSERT INTO `form_list_view_filters` (`id`, `page_id`, `standard_field`, `form_field_id`, `operator`, `value`, `dynamic_value`, `dynamic_value_attribute`) VALUES
(344, 289, 'last_modified_date_and_time', 0, 'is greater than or equal to', '', 'days ago', 90),
(97, 354, 'submitted_date_and_time', 0, 'is greater than or equal to', '', 'days ago', 0),
(98, 354, 'submitted_date_and_time', 0, 'is less than or equal to', '', 'current date and time', 0),
(99, 354, '', 136, 'does not contain', 'Yes', '', 0),
(125, 353, '', 31, 'is less than or equal to', '', 'current date', 0),
(148, 384, '', 161, 'contains', 'sports', '', 0),
(345, 401, '', 171, 'is equal to', '', 'viewers email address', 0);

-- --------------------------------------------------------

--
-- Table structure for table `form_list_view_pages`
--

CREATE TABLE IF NOT EXISTS `form_list_view_pages` (
  `id` int(10) unsigned NOT NULL AUTO_INCREMENT,
  `page_id` int(10) unsigned NOT NULL DEFAULT '0',
  `custom_form_page_id` int(10) unsigned NOT NULL DEFAULT '0',
  `layout` mediumblob NOT NULL,
  `order_by_1_standard_field` enum('','random','reference_code','tracking_code','affiliate_code','referring_url','submitter','submitted_date_and_time','last_modifier','last_modified_date_and_time','number_of_comments','newest_comment_name','newest_comment','newest_comment_date_and_time','newest_comment_id','newest_activity_date_and_time') NOT NULL DEFAULT '',
  `order_by_1_form_field_id` int(10) unsigned NOT NULL DEFAULT '0',
  `order_by_2_standard_field` enum('','random','reference_code','tracking_code','affiliate_code','referring_url','submitter','submitted_date_and_time','last_modifier','last_modified_date_and_time','number_of_comments','newest_comment_name','newest_comment','newest_comment_date_and_time','newest_comment_id','newest_activity_date_and_time') NOT NULL DEFAULT '',
  `order_by_2_form_field_id` int(10) unsigned NOT NULL DEFAULT '0',
  `order_by_3_standard_field` enum('','random','reference_code','tracking_code','affiliate_code','referring_url','submitter','submitted_date_and_time','last_modifier','last_modified_date_and_time','number_of_comments','newest_comment_name','newest_comment','newest_comment_date_and_time','newest_comment_id','newest_activity_date_and_time') NOT NULL DEFAULT '',
  `order_by_3_form_field_id` int(10) unsigned NOT NULL DEFAULT '0',
  `maximum_number_of_results` int(10) unsigned NOT NULL DEFAULT '0',
  `maximum_number_of_results_per_page` int(10) unsigned NOT NULL DEFAULT '0',
  `search` tinyint(4) NOT NULL DEFAULT '0',
  `form_item_view_page_id` int(10) unsigned NOT NULL DEFAULT '0',
  `search_advanced` tinyint(3) unsigned NOT NULL DEFAULT '0',
  `search_advanced_show_by_default` tinyint(3) unsigned NOT NULL DEFAULT '0',
  `search_advanced_layout` mediumtext NOT NULL,
  `browse` tinyint(3) unsigned NOT NULL DEFAULT '0',
  `show_results_by_default` tinyint(3) unsigned NOT NULL DEFAULT '0',
  `browse_show_by_default_form_field_id` int(10) unsigned NOT NULL DEFAULT '0',
  `order_by_1_type` enum('ascending_alphabetical','ascending_numerical','descending_alphabetical','descending_numercial') NOT NULL DEFAULT 'ascending_alphabetical',
  `order_by_2_type` enum('ascending_alphabetical','ascending_numerical','descending_alphabetical','descending_numercial') NOT NULL DEFAULT 'ascending_alphabetical',
  `order_by_3_type` enum('ascending_alphabetical','ascending_numerical','descending_alphabetical','descending_numercial') NOT NULL DEFAULT 'ascending_alphabetical',
  PRIMARY KEY (`id`),
  UNIQUE KEY `page_id` (`page_id`)
) ENGINE=MyISAM  AUTO_INCREMENT=82 ;

--
-- Dumping data for table `form_list_view_pages`
--

INSERT INTO `form_list_view_pages` (`id`, `page_id`, `custom_form_page_id`, `layout`, `order_by_1_standard_field`, `order_by_1_form_field_id`, `order_by_2_standard_field`, `order_by_2_form_field_id`, `order_by_3_standard_field`, `order_by_3_form_field_id`, `maximum_number_of_results`, `maximum_number_of_results_per_page`, `search`, `form_item_view_page_id`, `search_advanced`, `search_advanced_show_by_default`, `search_advanced_layout`, `browse`, `show_results_by_default`, `browse_show_by_default_form_field_id`, `order_by_1_type`, `order_by_2_type`, `order_by_3_type`) VALUES
(61, 466, 408, 0x3c703e5e5e7375626d69747465645f646174655f616e645f74696d655e5e252572656c6174697665252520266d646173683b203c6120687265663d225e5e666f726d5f6974656d5f766965775e5e223e5e5e7375626a6563745e5e3c2f613e3c6272202f3e5b5b3c7370616e20636c6173733d22746578742d66696e652d7072696e74223e3c7374726f6e673e5e5e6e65776573745f636f6d6d656e745f6e616d655e5e3c2f7374726f6e673e206d61646520746865206c617374207265706c792e3c2f7370616e3e7c7c3c7370616e20636c6173733d22746578742d66696e652d7072696e74223e4e6f207265706c696573207965742e203c6120687265663d225e5e666f726d5f6974656d5f766965775e5e223e4265207468652066697273743c2f613e2e3c2f7370616e3e5d5d3c2f703e, 'submitted_date_and_time', 0, '', 0, '', 0, 3, 3, 0, 409, 0, 0, '', 0, 1, 0, 'descending_alphabetical', 'ascending_alphabetical', 'ascending_alphabetical'),
(65, 494, 271, 0x3c7461626c6520636c6173733d227461626c652d6d6f62696c652d6869646522207374796c653d22626f726465722d626f74746f6d2d77696474683a203170783b20626f726465722d626f74746f6d2d7374796c653a20736f6c69643b2077696474683a20313030253b2220626f726465723d2230223e0d0a3c74626f64793e0d0a3c74723e0d0a3c7464207374796c653d2277696474683a20372e35253b222076616c69676e3d22746f70223e3c7370616e20636c6173733d22746578742d66696e652d7072696e74223e5e5e7375626d69747465645f646174655f616e645f74696d655e5e3c2f7370616e3e3c2f74643e0d0a3c7464207374796c653d2277696474683a20372e35253b222076616c69676e3d22746f70223e3c7370616e20636c6173733d22746578742d66696e652d7072696e74223e5e5e66697273745f6e616d655e5e266e6273703b5e5e6c6173745f6e616d655e5e3c2f7370616e3e3c2f74643e0d0a3c7464207374796c653d2277696474683a20372e35253b222076616c69676e3d22746f70223e3c7370616e20636c6173733d22746578742d66696e652d7072696e74223e5e5e637573746f6d65725e5e3c2f7370616e3e3c2f74643e0d0a3c7464207374796c653d2277696474683a20372e35253b20746578742d616c69676e3a2063656e7465723b222076616c69676e3d22746f70223e3c7370616e20636c6173733d22746578742d66696e652d7072696e74223e5e5e61636375726163795e5e3c2f7370616e3e3c2f74643e0d0a3c7464207374796c653d2277696474683a20372e35253b20746578742d616c69676e3a2063656e7465723b222076616c69676e3d22746f70223e3c7370616e20636c6173733d22746578742d66696e652d7072696e74223e5e5e70726f6d70745e5e3c2f7370616e3e3c2f74643e0d0a3c7464207374796c653d2277696474683a20372e35253b20746578742d616c69676e3a2063656e7465723b222076616c69676e3d22746f70223e3c7370616e20636c6173733d22746578742d66696e652d7072696e74223e5e5e6b6e6f776c656467655e5e3c2f7370616e3e3c2f74643e0d0a3c7464207374796c653d2277696474683a20372e35253b20746578742d616c69676e3a2063656e7465723b222076616c69676e3d22746f70223e3c7370616e20636c6173733d22746578742d66696e652d7072696e74223e5e5e68656c7066756c5e5e3c2f7370616e3e3c2f74643e0d0a3c7464207374796c653d2277696474683a20372e35253b20746578742d616c69676e3a2063656e7465723b222076616c69676e3d22746f70223e3c7370616e20636c6173733d22746578742d66696e652d7072696e74223e5e5e74696d656c795e5e3c2f7370616e3e3c2f74643e0d0a3c7464207374796c653d2277696474683a20372e35253b20746578742d616c69676e3a2063656e7465723b222076616c69676e3d22746f70223e3c7370616e20636c6173733d22746578742d66696e652d7072696e74223e5e5e666c65786962696c6974795e5e3c2f7370616e3e3c2f74643e0d0a3c7464207374796c653d2277696474683a20372e35253b20746578742d616c69676e3a2063656e7465723b222076616c69676e3d22746f70223e3c7370616e20636c6173733d22746578742d66696e652d7072696e74223e5e5e61747469747564655e5e3c2f7370616e3e3c2f74643e0d0a3c7464207374796c653d2277696474683a20372e35253b20746578742d616c69676e3a2063656e7465723b222076616c69676e3d22746f70223e3c7370616e20636c6173733d22746578742d66696e652d7072696e74223e5e5e696e697461746976655e5e3c2f7370616e3e3c2f74643e0d0a3c7464207374796c653d2277696474683a20372e35253b20746578742d616c69676e3a2063656e7465723b222076616c69676e3d22746f70223e3c7374726f6e673e3c7370616e20636c6173733d22746578742d66696e652d7072696e74223e5e5e7472656e645e5e3c2f7370616e3e3c2f7374726f6e673e3c2f74643e0d0a3c2f74723e0d0a3c2f74626f64793e0d0a3c2f7461626c653e, 'submitted_date_and_time', 0, '', 0, '', 0, 0, 50, 0, 0, 0, 0, '', 0, 1, 0, 'descending_alphabetical', 'ascending_alphabetical', 'ascending_alphabetical'),
(4, 219, 296, 0x3c7461626c65207374796c653d2277696474683a20313030253b2220626f726465723d2230223e0d0a3c74626f64793e0d0a3c74723e0d0a3c74643e3c6120687265663d225e5e666f726d5f6974656d5f766965775e5e223e3c696d6720636c6173733d22696d6167652d7072696d61727920696d6167652d72696768742d7072696d61727920696d6167652d6c6566742d7365636f6e6461727922207374796c653d2277696474683a20373170783b206865696768743a20363770783b22207469746c653d225e5e73616c75746174696f6e5e5e205e5e66697273745f6e616d655e5e205e5e6c6173745f6e616d655e5e22207372633d227b706174687d66696c65732f5e5e70686f746f5e5e2220616c743d225e5e66697273745f6e616d655e5e205e5e6c6173745f6e616d655e5e222077696474683d2231323122206865696768743d2231313822202f3e3c2f613e0d0a3c68363e3c6272202f3e3c6120687265663d225e5e666f726d5f6974656d5f766965775e5e223e5e5e73616c75746174696f6e5e5e205e5e66697273745f6e616d655e5e205e5e6c6173745f6e616d655e5e3c2f613e3c2f68363e0d0a3c703e3c7374726f6e673e5e5e7469746c655e5e3c2f7374726f6e673e3c2f703e0d0a3c656d3e266e6273703b3c2f656d3e3c2f74643e0d0a3c2f74723e0d0a3c2f74626f64793e0d0a3c2f7461626c653e, '', 41, '', 0, '', 0, 0, 25, 1, 316, 1, 0, '<table style="width: 100%;" border="0">\r\n<tbody>\r\n<tr>\r\n<td class="table-cell-mobile-fill">First Name:</td>\r\n<td class="table-cell-mobile-wrap">{{name: ''first_name'', size: 20}}</td>\r\n<td class="table-cell-mobile-fill">Last Name:</td>\r\n<td class="table-cell-mobile-wrap" style="text-align: right;">{{name: ''last_name'', size: 30}}</td>\r\n</tr>\r\n</tbody>\r\n</table>\r\n<p style="text-align: right;"><span><br />{{name: ''submit_button''}}&nbsp; {{name: ''clear_button''}}</span></p>', 1, 1, 255, 'ascending_alphabetical', 'ascending_alphabetical', 'ascending_alphabetical'),
(8, 299, 183, 0x3c703e3c7374726f6e673e3c6120687265663d225e5e666f726d5f6974656d5f766965775e5e223e5e5e66697273745f6e616d655e5e266e6273703b5e5e6c6173745f6e616d655e5e3c2f613e266e6273703b266e6273703b203c2f7374726f6e673e3c6120687265663d227b706174687d70616765732f636f6e746163742d75732d666f726d732d6974656d3f723d5e5e7265666572656e63655f636f64655e5e23736f6674776172655f636f6d6d656e745f5e5e6e65776573745f636f6d6d656e745f69645e5e22207374796c653d22746578742d6465636f726174696f6e3a206e6f6e653b223e3c7374726f6e673e5e5e6e756d6265725f6f665f636f6d6d656e74735e5e203c2f7374726f6e673e3c696d67207469746c653d22436f6d6d656e747322207372633d227b706174687d66696c65732f636f6d6d656e742d69636f6e2e706e672220616c743d22436f6d6d656e7473222077696474683d22313422206865696768743d22313422202f3e3c2f613e203c6272202f3e3c656d3e5e5e636f6d70616e795e5e3c2f656d3e3c6272202f3e5e5e627573696e6573735f70686f6e655e5e3c6272202f3e5e5e656d61696c5f616464726573735e5e3c6272202f3e3c7370616e20636c6173733d22746578742d66696e652d7072696e74223e5e5e7375626d69747465645f646174655f616e645f74696d655e5e3c2f7370616e3e3c6272202f3e3c7370616e20636c6173733d22746578742d66696e652d7072696e74223e5e5e6465706172746d656e745e5e3c2f7370616e3e3c2f703e, 'submitted_date_and_time', 0, '', 0, '', 0, 0, 50, 1, 301, 0, 0, '', 0, 1, 0, 'descending_alphabetical', 'ascending_alphabetical', 'ascending_alphabetical'),
(62, 474, 313, 0x3c703e5e5e6c6173745f6d6f6469666965645f646174655f616e645f74696d655e5e252572656c6174697665252520266d646173683b203c6120687265663d225e5e666f726d5f6974656d5f766965775e5e223e5e5e7469746c655e5e3c2f613e3c6272202f3e5b5b3c7370616e20636c6173733d22746578742d66696e652d7072696e74223e3c7374726f6e673e5e5e6e756d6265725f6f665f636f6d6d656e74735e5e3c2f7374726f6e673e20636f6d6d656e74732e203c7374726f6e673e5e5e6e65776573745f636f6d6d656e745f6e616d655e5e3c2f7374726f6e673e206d61646520746865206c61737420636f6d6d656e742e3c2f7370616e3e7c7c3c7370616e20636c6173733d22746578742d66696e652d7072696e74223e4e6f20636f6d6d656e7473207965742e203c6120687265663d225e5e666f726d5f6974656d5f766965775e5e223e4265207468652066697273743c2f613e2e3c2f7370616e3e5d5d3c2f703e, 'last_modified_date_and_time', 0, '', 0, '', 0, 3, 3, 0, 365, 0, 0, '', 0, 1, 0, 'descending_alphabetical', 'ascending_alphabetical', 'ascending_alphabetical'),
(12, 227, 313, 0x3c7461626c65207374796c653d2277696474683a20313030253b2220626f726465723d2230223e0d0a3c74626f64793e0d0a3c74723e0d0a3c746420636c6173733d227461626c652d63656c6c2d6d6f62696c652d66696c6c22207374796c653d22766572746963616c2d616c69676e3a206d6964646c653b20746578742d616c69676e3a2063656e7465723b20636f6c6f723a20236666666666663b2077696474683a20383070783b20666f6e742d73697a653a20313230253b20746578742d7472616e73666f726d3a207570706572636173653b2070616464696e672d72696768743a20313070783b222076616c69676e3d22746f70223e0d0a3c7020636c6173733d227061726167726170682d626f782d7365636f6e64617279206261636b67726f756e642d7072696d617279223e5e5e7075626c6973682d646174655e5e25254d2525205e5e7075626c6973682d646174655e5e25256425253c6272202f3e5e5e7075626c6973682d646174655e5e25255925253c2f703e0d0a3c2f74643e0d0a3c746420636c6173733d227461626c652d63656c6c2d6d6f62696c652d7772617022207374796c653d22766572746963616c2d616c69676e3a206d6964646c653b223e0d0a3c6832207374796c653d226d617267696e3a20303b223e3c6120687265663d225e5e666f726d5f6974656d5f766965775e5e223e5e5e7469746c655e5e3c2f613e3c2f68323e0d0a3c2f74643e0d0a3c2f74723e0d0a3c2f74626f64793e0d0a3c2f7461626c653e0d0a3c703e3c7370616e20636c6173733d22746578742d66696e652d7072696e74223e506f73746564206279203c7374726f6e673e5e5e7375626d69747465725e5e3c2f7374726f6e673e206f6e205e5e7075626c6973682d646174655e5e252572656c6174697665252520266e6273703b266e6273703b20266e6273703b203c6120687265663d225e5e666f726d5f6974656d5f766965775e5e223e5e5e6e756d6265725f6f665f636f6d6d656e74735e5e203c2f613e3c6120687265663d225e5e666f726d5f6974656d5f766965775e5e223e436f6d6d656e742873293c2f613e3c2f7370616e3e3c6272202f3e3c6120687265663d225e5e666f726d5f6974656d5f766965775e5e223e5e5e73756d6d6172795e5e3c2f613e3c7370616e20636c6173733d22746578742d66696e652d7072696e74223e3c7374726f6e6720636c6173733d22746578742d66696e652d7072696e74223e3c2f7374726f6e673e3c2f7370616e3e3c2f703e, '', 276, '', 0, '', 0, 0, 5, 1, 365, 0, 0, '', 0, 1, 0, 'descending_alphabetical', 'ascending_alphabetical', 'ascending_alphabetical'),
(19, 289, 290, 0x3c7461626c65207374796c653d2277696474683a20313030253b2220626f726465723d2230223e0d0a3c74626f64793e0d0a3c74723e0d0a3c7464207374796c653d2277696474683a20383070783b2220726f777370616e3d2232222076616c69676e3d22746f70223e5b5b3c6120687265663d225e5e666f726d5f6974656d5f766965775e5e223e3c696d6720636c6173733d22696d6167652d6c6566742d7072696d61727922207374796c653d2277696474683a20383070783b206865696768743a20363070783b22207372633d227b706174687d66696c65732f5e5e70686f746f5e5e2220616c743d2222202f3e3c2f613e7c7c3c6120687265663d225e5e666f726d5f6974656d5f766965775e5e223e3c696d6720636c6173733d22696d6167652d6c6566742d7072696d61727922207374796c653d2277696474683a20383070783b206865696768743a20363070783b22207372633d227b706174687d66696c65732f70686f746f313235783132352e706e672220616c743d2222202f3e3c2f613e205d5d3c7370616e20636c6173733d22746578742d66696e652d7072696e74223e3c2f7370616e3e3c2f74643e0d0a3c74642076616c69676e3d22746f70223e0d0a3c68363e3c6120687265663d225e5e666f726d5f6974656d5f766965775e5e223e5e5e6974656d5e5e3c2f613e3c2f68363e0d0a3c7374726f6e673e5e5e63617465676f72795e5e3c2f7374726f6e673e3c2f74643e0d0a3c74642076616c69676e3d226d6964646c65223e0d0a3c6836207374796c653d22746578742d616c69676e3a2072696768743b223e5b5b3c7370616e207374796c653d22636f6c6f723a207265643b20666f6e742d7765696768743a20626f6c643b223e5e5e7374617475735e5e3c2f7370616e3e203c7370616e207374796c653d22746578742d6465636f726174696f6e3a206c696e652d7468726f7567683b223e3c7370616e207374796c653d22666f6e742d6465636f726174696f6e3a20737472696b657468726f7567683b223e245e5e70726963655e5e3c2f7370616e3e3c2f7370616e3e7c7c245e5e70726963655e5e5d5d3c2f68363e0d0a3c2f74643e0d0a3c2f74723e0d0a3c74723e0d0a3c74642076616c69676e3d22746f70223e3c7370616e20636c6173733d22746578742d66696e652d7072696e74223e204c617374204d6f646966696564206f6e205e5e6c6173745f6d6f6469666965645f646174655f616e645f74696d655e5e206279205e5e6c6173745f6d6f6469666965725e5e205b5b203c6272202f3e4c61737420436f6d6d656e74206279205e5e6e65776573745f636f6d6d656e745f6e616d655e5e206f6e205e5e6e65776573745f636f6d6d656e745f646174655f616e645f74696d655e5e3c6272202f3e207c7c205d5d203c2f7370616e3e3c2f74643e0d0a3c7464207374796c653d22746578742d616c69676e3a2072696768743b223e266e6273703b3c2f74643e0d0a3c2f74723e0d0a3c2f74626f64793e0d0a3c2f7461626c653e, '', 133, '', 0, '', 0, 0, 25, 1, 354, 0, 0, '', 1, 1, 130, 'ascending_numerical', 'ascending_numerical', 'ascending_alphabetical'),
(64, 492, 395, 0x3c7461626c65207374796c653d2277696474683a20313030253b2220626f726465723d2230223e0d0a3c74626f64793e0d0a3c74723e0d0a3c74643e0d0a3c703e3c6120687265663d225e5e666f726d5f6974656d5f766965775e5e223e3c7374726f6e673e5e5e7375626a6563745e5e3c2f7374726f6e673e3c2f613e3c6272202f3e3c7370616e20636c6173733d22746578742d66696e652d7072696e74223e5469636b6574203c7374726f6e673e235e5e7265666572656e63655f636f64655e5e3c2f7374726f6e673e3c2f7370616e3e3c6272202f3e3c7370616e20636c6173733d22746578742d66696e652d7072696e74223e5e5e7375626d69747465645f646174655f616e645f74696d655e5e206279205e5e7375626d69747465725e5e20666f72205e5e6465706172746d656e745e5e203c2f7370616e3e3c2f703e0d0a3c2f74643e0d0a3c7464207374796c653d22746578742d616c69676e3a2063656e7465723b2077696474683a203330253b223e3c6120687265663d225e5e666f726d5f6974656d5f766965775e5e23736f6674776172655f636f6d6d656e745f5e5e6e65776573745f636f6d6d656e745f69645e5e22207374796c653d22746578742d6465636f726174696f6e3a206e6f6e653b223e5e5e6e756d6265725f6f665f636f6d6d656e74735e5e203c696d67207469746c653d22436f6d6d656e747322207372633d227b706174687d66696c65732f636f6d6d656e742d69636f6e2e706e672220616c743d22436f6d6d656e7473222077696474683d22313422206865696768743d22313422202f3e3c2f613e266e6273703b266e6273703b266e6273703b203c6120687265663d225e5e666f726d5f6974656d5f766965775e5e23736f6674776172655f636f6d6d656e745f5e5e6e65776573745f636f6d6d656e745f69645e5e223e41646420436f6d6d656e743c2f613e203c2f74643e0d0a3c2f74723e0d0a3c2f74626f64793e0d0a3c2f7461626c653e0d0a3c703e5b5b3c2f703e0d0a3c7461626c65207374796c653d2277696474683a20313030253b206d617267696e2d746f703a202d32656d3b2220626f726465723d2230223e0d0a3c74626f64793e0d0a3c74723e0d0a3c74643e266e6273703b266e6273703b20266e6273703b266e6273703b3c2f74643e0d0a3c74643e0d0a3c703e3c7370616e20636c6173733d22746578742d66696e652d7072696e74223e3c7374726f6e673e3c656d3e5e5e6e65776573745f636f6d6d656e745f6e616d655e5e266e6273703b3c2f656d3e3c2f7374726f6e673e3c656d3e6f6e205e5e6e65776573745f636f6d6d656e745f646174655f616e645f74696d655e5e207265706c6965733a3c2f656d3e3c2f7370616e3e3c2f703e0d0a3c703e3c6120687265663d225e5e666f726d5f6974656d5f766965775e5e23736f6674776172655f636f6d6d656e745f5e5e6e65776573745f636f6d6d656e745f69645e5e223e3c656d3e5e5e6e65776573745f636f6d6d656e745e5e3c2f656d3e3c2f613e3c2f703e0d0a3c2f74643e0d0a3c2f74723e0d0a3c2f74626f64793e0d0a3c2f7461626c653e0d0a3c703e7c7c5d5d3c2f703e0d0a3c6872202f3e, 'newest_activity_date_and_time', 0, '', 0, '', 0, 0, 25, 1, 402, 0, 0, '', 0, 1, 0, 'descending_alphabetical', 'ascending_alphabetical', 'ascending_alphabetical'),
(40, 401, 395, 0x3c7461626c65207374796c653d2277696474683a20313030253b2220626f726465723d2230223e0d0a3c74626f64793e0d0a3c74723e0d0a3c74643e0d0a3c703e3c7374726f6e673e3c2f7374726f6e673e3c6120687265663d225e5e666f726d5f6974656d5f766965775e5e223e3c7374726f6e673e5e5e7375626a6563745e5e3c2f7374726f6e673e3c2f613e203c6272202f3e3c7374726f6e673e5469636b657420235e5e7265666572656e63655f636f64655e5e3c2f7374726f6e673e266e6273703b6372656174656420666f72205e5e66697273745f6e616d655e5e205e5e6c6173745f6e616d655e5e20285e5e652d6d61696c5e5e29203c6272202f3e6f6e205e5e7375626d69747465645f646174655f616e645f74696d655e5e207c204465706172746d656e743a205e5e6465706172746d656e745e5e3c2f703e0d0a3c2f74643e0d0a3c7464207374796c653d22746578742d616c69676e3a2063656e7465723b2077696474683a203330253b222076616c69676e3d22746f70223e3c6120687265663d225e5e666f726d5f6974656d5f766965775e5e23736f6674776172655f636f6d6d656e745f5e5e6e65776573745f636f6d6d656e745f69645e5e22207374796c653d22746578742d6465636f726174696f6e3a206e6f6e653b223e5e5e6e756d6265725f6f665f636f6d6d656e74735e5e203c696d67207469746c653d22436f6d6d656e747322207372633d227b706174687d66696c65732f636f6d6d656e742d69636f6e2e706e672220616c743d22436f6d6d656e7473222077696474683d22313422206865696768743d22313422202f3e3c2f613e3c2f74643e0d0a3c2f74723e0d0a3c2f74626f64793e0d0a3c2f7461626c653e0d0a3c703e5b5b3c2f703e0d0a3c7461626c65207374796c653d2277696474683a20313030253b206d617267696e2d746f703a202d31656d3b2220626f726465723d2230223e0d0a3c74626f64793e0d0a3c74723e0d0a3c74643e266e6273703b266e6273703b20266e6273703b266e6273703b3c2f74643e0d0a3c74643e0d0a3c703e3c7370616e20636c6173733d22746578742d66696e652d7072696e74223e3c7374726f6e673e5e5e6e65776573745f636f6d6d656e745f6e616d655e5e266e6273703b3c2f7374726f6e673e6f6e205e5e6e65776573745f636f6d6d656e745f646174655f616e645f74696d655e5e207265706c6965733a3c2f7370616e3e3c2f703e0d0a3c703e3c6120687265663d225e5e666f726d5f6974656d5f766965775e5e23736f6674776172655f636f6d6d656e745f5e5e6e65776573745f636f6d6d656e745f69645e5e223e5e5e6e65776573745f636f6d6d656e745e5e3c2f613e3c2f703e0d0a3c2f74643e0d0a3c2f74723e0d0a3c2f74626f64793e0d0a3c2f7461626c653e0d0a3c703e7c7c5d5d3c2f703e, 'newest_activity_date_and_time', 0, '', 0, '', 0, 0, 25, 1, 402, 1, 0, '<table style="width: 100%;" border="0">\r\n<tbody>\r\n<tr>\r\n<td class="table-cell-mobile-fill">Ticket #:&nbsp; {{name: ''reference_code''}}</td>\r\n<td class="table-cell-mobile-fill table-cell-desktop-hide" style="text-align: right;">&nbsp;</td>\r\n<td class="table-cell-mobile-wrap" style="text-align: right;">{{name: ''submit_button''}} {{name: ''clear_button''}}</td>\r\n</tr>\r\n</tbody>\r\n</table>', 0, 1, 0, 'descending_alphabetical', 'ascending_alphabetical', 'ascending_alphabetical'),
(42, 407, 408, 0x3c7461626c65207374796c653d2277696474683a20313030253b2220626f726465723d2230223e0d0a3c74626f64793e0d0a3c74723e0d0a3c74643e0d0a3c68353e3c6120687265663d225e5e666f726d5f6974656d5f766965775e5e223e5e5e7375626a6563745e5e3c2f613e3c2f68353e0d0a3c703e3c7370616e20636c6173733d22746578742d66696e652d7072696e74223e506f73746564206279203c7374726f6e673e5e5e7375626d69747465725e5e3c2f7374726f6e673e205e5e7375626d69747465645f646174655f616e645f74696d655e5e252572656c61746976652525266e6273703b20546f7069633a203c7374726f6e673e5e5e746f7069635e5e3c2f7374726f6e673e3c6272202f3e3c2f7370616e3e3c2f703e0d0a3c2f74643e0d0a3c7464207374796c653d22746578742d616c69676e3a2063656e7465723b2077696474683a203230253b222076616c69676e3d22746f70223e3c6272202f3e203c6120687265663d225e5e666f726d5f6974656d5f766965775e5e23736f6674776172655f636f6d6d656e745f5e5e6e65776573745f636f6d6d656e745f69645e5e22207374796c653d22746578742d6465636f726174696f6e3a206e6f6e653b223e5e5e6e756d6265725f6f665f636f6d6d656e74735e5e203c696d67207469746c653d22436f6d6d656e747322207372633d227b706174687d66696c65732f636f6d6d656e742d69636f6e2e706e672220616c743d22436f6d6d656e7473222077696474683d22313422206865696768743d22313422202f3e3c2f613e266e6273703b266e6273703b266e6273703b203c6120687265663d225e5e666f726d5f6974656d5f766965775e5e23736f6674776172655f636f6d6d656e745f5e5e6e65776573745f636f6d6d656e745f69645e5e223e41646420436f6d6d656e743c2f613e3c2f74643e0d0a3c2f74723e0d0a3c2f74626f64793e0d0a3c2f7461626c653e0d0a3c703e5b5b3c2f703e0d0a3c7461626c65207374796c653d2277696474683a20313030253b206d617267696e2d746f703a202d31656d3b2220626f726465723d2230223e0d0a3c74626f64793e0d0a3c74723e0d0a3c74643e266e6273703b266e6273703b20266e6273703b266e6273703b3c2f74643e0d0a3c74643e3c7370616e20636c6173733d22746578742d66696e652d7072696e74223e3c7374726f6e673e3c656d3e5e5e6e65776573745f636f6d6d656e745f6e616d655e5e3c2f656d3e3c2f7374726f6e673e207265706c696564205e5e6e65776573745f636f6d6d656e745f646174655f616e645f74696d655e5e252572656c617469766525253a203c6120687265663d225e5e666f726d5f6974656d5f766965775e5e23736f6674776172655f636f6d6d656e745f5e5e6e65776573745f636f6d6d656e745f69645e5e223e5e5e6e65776573745f636f6d6d656e745e5e3c2f613e3c6272202f3e3c2f7370616e3e3c2f74643e0d0a3c2f74723e0d0a3c2f74626f64793e0d0a3c2f7461626c653e0d0a3c703e7c7c5d5d3c2f703e0d0a3c6872202f3e, 'newest_activity_date_and_time', 0, '', 0, '', 0, 0, 25, 1, 409, 1, 0, '<table class="table-mobile-hide" style="width: 100%;" border="0">\r\n<tbody>\r\n<tr>\r\n<td valign="middle">Subject:</td>\r\n<td valign="middle">&nbsp;</td>\r\n<td valign="middle">{{name: ''subject'',size: 20}}</td>\r\n<td valign="middle">&nbsp;</td>\r\n<td valign="middle">Submitter:<br style="text-align: left;" /><span class="text-fine-print"><em></em></span></td>\r\n<td valign="middle">{{name: ''submitter''}}</td>\r\n<td valign="middle">&nbsp;</td>\r\n<td valign="middle">Newest Activity:<br /><span class="text-fine-print">Include only posts and replies between certain&nbsp;<strong>Dates.<br /></strong>(mm/dd/yyyy hh:mm AM/PM)</span></td>\r\n</tr>\r\n<tr>\r\n<td valign="middle">Topic:</td>\r\n<td valign="middle">&nbsp;</td>\r\n<td valign="middle">{{name: ''topic''}}</td>\r\n<td valign="middle">&nbsp;</td>\r\n<td valign="middle">Commenter:</td>\r\n<td valign="middle">{{name: ''newest_comment_name''}}</td>\r\n<td valign="middle">&nbsp;</td>\r\n<td style="text-align: left;" valign="middle">{{name: ''newest_activity_date_and_time'', operator: ''is greater than or equal to'', help: false, size: 18}} to {{name: ''newest_activity_date_and_time'', operator: ''is less than or equal to'', help: false, size: 18}}<span class="text-fine-print"></span></td>\r\n</tr>\r\n<tr>\r\n<td valign="middle">&nbsp;</td>\r\n<td valign="middle">&nbsp;</td>\r\n<td valign="middle">&nbsp;</td>\r\n<td valign="middle">&nbsp;</td>\r\n<td valign="middle">&nbsp;</td>\r\n<td valign="middle">&nbsp;</td>\r\n<td valign="middle">&nbsp;</td>\r\n<td style="text-align: left;" valign="middle">&nbsp;</td>\r\n</tr>\r\n<tr>\r\n<td valign="middle">&nbsp;</td>\r\n<td valign="middle">&nbsp;</td>\r\n<td valign="middle">&nbsp;</td>\r\n<td valign="middle">&nbsp;</td>\r\n<td valign="middle">&nbsp;</td>\r\n<td valign="middle">&nbsp;</td>\r\n<td valign="middle">&nbsp;</td>\r\n<td style="text-align: right;" valign="middle">{{name: ''submit_button''}}&nbsp;&nbsp; {{name: ''clear_button''}}</td>\r\n</tr>\r\n</tbody>\r\n</table>\r\n<table class="table-desktop-hide" style="width: 100%;" border="0">\r\n<tbody>\r\n<tr>\r\n<td class="table-cell-mobile-hide"><strong>Mobile Version </strong>(so it''s not a duplicate)...<strong><br /></strong></td>\r\n</tr>\r\n<tr>\r\n<td valign="middle">Subject:</td>\r\n<td valign="middle">&nbsp;</td>\r\n<td valign="middle">{{name: ''subject'',size: 20}}</td>\r\n<td valign="middle">&nbsp;</td>\r\n</tr>\r\n<tr>\r\n<td valign="middle">Topic:</td>\r\n<td valign="middle">&nbsp;</td>\r\n<td valign="middle">{{name: ''topic''}}</td>\r\n<td valign="middle">&nbsp;</td>\r\n</tr>\r\n<tr>\r\n<td valign="middle">Submitter:</td>\r\n<td valign="middle">&nbsp;</td>\r\n<td valign="middle">{{name: ''submitter''}}</td>\r\n<td valign="middle">&nbsp;</td>\r\n</tr>\r\n<tr>\r\n<td valign="middle">Commenter:</td>\r\n<td valign="middle">&nbsp;</td>\r\n<td valign="middle">{{name: ''newest_comment_name''}}</td>\r\n<td valign="middle">&nbsp;</td>\r\n</tr>\r\n</tbody>\r\n</table>\r\n<table class="table-desktop-hide" style="width: 100%;" border="0" align="center">\r\n<tbody>\r\n<tr>\r\n<td>Newest Activity:<br /><span class="text-fine-print">Include only posts and replies between certain&nbsp;<strong>Dates.<br /></strong>(mm/dd/yyyy hh:mm AM/PM)</span></td>\r\n</tr>\r\n<tr>\r\n<td>{{name: ''newest_activity_date_and_time'', operator: ''is greater than or equal to'', help: false, size: 18}}<br />{{name: ''newest_activity_date_and_time'', operator: ''is less than or equal to'', help: false, size: 18}}</td>\r\n</tr>\r\n<tr>\r\n<td style="text-align: right;" valign="middle">&nbsp;</td>\r\n</tr>\r\n<tr>\r\n<td style="text-align: right;" valign="middle">{{name: ''submit_button''}}&nbsp;&nbsp; {{name: ''clear_button''}}</td>\r\n</tr>\r\n</tbody>\r\n</table>', 1, 1, 258, 'descending_alphabetical', 'ascending_alphabetical', 'ascending_alphabetical'),
(44, 434, 313, 0x3c703e3c6120687265663d225e5e666f726d5f6974656d5f766965775e5e223e5e5e7469746c655e5e3c2f613e3c6272202f3e203c7370616e20636c6173733d22746578742d66696e652d7072696e74223e5075626c6973686564206f6e3a205e5e7075626c6973682d646174655e5e252546206a2c205925253c2f7370616e3e3c6272202f3e3c7370616e20636c6173733d22746578742d66696e652d7072696e74223e7461676765642061733a205e5e7461675e5e3c2f7370616e3e3c6272202f3e5b5b3c7370616e20636c6173733d22746578742d66696e652d7072696e74223e3c7374726f6e673e5e5e6e756d6265725f6f665f636f6d6d656e74735e5e3c2f7374726f6e673e266e6273703b636f6d6d656e74732e266e6273703b3c7374726f6e673e5e5e6e65776573745f636f6d6d656e745f6e616d655e5e3c2f7374726f6e673e266e6273703b6d61646520746865206c61737420636f6d6d656e742e3c2f7370616e3e7c7c3c7370616e20636c6173733d22746578742d66696e652d7072696e74223e4e6f20636f6d6d656e7473207965742e266e6273703b3c6120687265663d225e5e666f726d5f6974656d5f766965775e5e223e4265207468652066697273743c2f613e2e3c2f7370616e3e5d5d3c2f703e, '', 276, '', 0, '', 0, 0, 10, 0, 365, 0, 0, '', 1, 0, 276, 'descending_alphabetical', 'ascending_alphabetical', 'ascending_alphabetical'),
(45, 435, 313, 0x3c703e3c6120687265663d225e5e666f726d5f6974656d5f766965775e5e223e5e5e7469746c655e5e3c2f613e266e6273703b266d646173683b20706f73746564206279203c7374726f6e673e5e5e7375626d69747465725e5e3c2f7374726f6e673e205e5e6c6173745f6d6f6469666965645f646174655f616e645f74696d655e5e252572656c617469766525253c6272202f3e3c7370616e20636c6173733d22746578742d66696e652d7072696e74223e3c6120687265663d225e5e666f726d5f6974656d5f766965775e5e223e3c7374726f6e673e5e5e6e756d6265725f6f665f636f6d6d656e74735e5e3c2f7374726f6e673e20436f6d6d656e742873293c2f613e3c2f7370616e3e3c2f703e, 'last_modified_date_and_time', 0, '', 0, '', 0, 1, 1, 0, 365, 0, 0, '', 0, 1, 0, 'descending_alphabetical', 'ascending_alphabetical', 'ascending_alphabetical'),
(47, 437, 313, 0x3c703e3c7374726f6e673e3c6120687265663d225e5e666f726d5f6974656d5f766965775e5e223e5e5e7469746c655e5e3c2f613e3c2f7374726f6e673e203c7370616e20636c6173733d22746578742d66696e652d7072696e74223e6279205e5e7375626d69747465725e5e3c6272202f3e3c7374726f6e673e4c617374204d6f6469666965643a205e5e6c6173745f6d6f6469666965645f646174655f616e645f74696d655e5e266e6273703b3c2f7374726f6e673e3c2f7370616e3e3c2f703e, 'last_modified_date_and_time', 0, '', 0, '', 0, 1, 1, 0, 438, 0, 0, '', 0, 1, 0, 'descending_alphabetical', 'ascending_alphabetical', 'ascending_alphabetical'),
(49, 439, 313, 0x3c68313e5e5e7469746c655e5e3c2f68313e0d0a3c703e5e5e746f5e5e5e5e64657461696c735e5e3c2f703e0d0a3c703e5e5e7369676e61747572655e5e3c2f703e, 'last_modified_date_and_time', 0, '', 0, '', 0, 1, 1, 0, 0, 0, 0, '', 0, 1, 0, 'descending_alphabetical', 'ascending_alphabetical', 'ascending_alphabetical'),
(70, 508, 472, 0x3c703e3c7374726f6e673e5e5e656d61696c5e5e3c2f7374726f6e673e20776173206a75737420616464656420746f20796f7572206d61696c696e67206c6973742e3c2f703e, 'submitted_date_and_time', 0, '', 0, '', 0, 1, 1, 0, 0, 0, 0, '', 0, 1, 0, 'descending_alphabetical', 'ascending_alphabetical', 'ascending_alphabetical'),
(71, 539, 538, 0x3c7461626c65207374796c653d2277696474683a20313030253b2220626f726465723d2230223e0d0a3c74626f64793e0d0a3c74723e0d0a3c746420636c6173733d227461626c652d63656c6c2d6d6f62696c652d66696c6c222076616c69676e3d22746f70223e0d0a3c7020636c6173733d22766964656f2d7365636f6e64617279223e3c6f626a6563742077696474683d2234303022206865696768743d223238332220636c61737369643d22636c7369643a64323763646236652d616536642d313163662d393662382d3434343535333534303030302220636f6465626173653d22687474703a2f2f646f776e6c6f61642e6d6163726f6d656469612e636f6d2f7075622f73686f636b776176652f636162732f666c6173682f7377666c6173682e6361622376657273696f6e3d362c302c34302c30223e3c706172616d206e616d653d22616c6c6f7746756c6c53637265656e222076616c75653d227472756522202f3e3c706172616d206e616d653d22776d6f6465222076616c75653d227472616e73706172656e7422202f3e3c706172616d206e616d653d22616c6c6f77736372697074616363657373222076616c75653d22616c7761797322202f3e3c706172616d206e616d653d22616c6c6f774e6574776f726b696e67222076616c75653d22696e7465726e616c22202f3e3c706172616d206e616d653d22737263222076616c75653d22687474703a2f2f7777772e796f75747562652e636f6d2f762f5e5e69645e5e3f76657273696f6e3d3326616d703b686c3d656e5f555326616d703b72656c3d3022202f3e3c706172616d206e616d653d22616c6c6f7766756c6c73637265656e222076616c75653d227472756522202f3e3c706172616d206e616d653d22616c6c6f776e6574776f726b696e67222076616c75653d22696e7465726e616c22202f3e3c656d6265642077696474683d2234303022206865696768743d223238332220747970653d226170706c69636174696f6e2f782d73686f636b776176652d666c61736822207372633d22687474703a2f2f7777772e796f75747562652e636f6d2f762f5e5e69645e5e3f76657273696f6e3d3326616d703b686c3d656e5f555326616d703b72656c3d302220616c6c6f7746756c6c53637265656e3d22747275652220776d6f64653d227472616e73706172656e742220616c6c6f777363726970746163636573733d22616c776179732220616c6c6f774e6574776f726b696e673d22696e7465726e616c2220616c6c6f7766756c6c73637265656e3d22747275652220616c6c6f776e6574776f726b696e673d22696e7465726e616c22202f3e203c2f6f626a6563743e3c2f703e0d0a3c2f74643e0d0a3c746420636c6173733d227461626c652d63656c6c2d6d6f62696c652d7772617022207374796c653d2277696474683a2033253b222076616c69676e3d22746f70223e266e6273703b3c2f74643e0d0a3c746420636c6173733d227461626c652d63656c6c2d6d6f62696c652d77726170222076616c69676e3d22746f70223e0d0a3c68333e5e5e7469746c655e5e3c2f68333e0d0a3c703e5e5e6465736372697074696f6e5e5e3c2f703e0d0a3c2f74643e0d0a3c2f74723e0d0a3c2f74626f64793e0d0a3c2f7461626c653e0d0a3c7020636c6173733d227061726167726170682d6465736b746f702d68696465207061726167726170682d6d6f62696c652d68696465223e536f7274204f726465723a205e5e736f72745e5e266e6273703b266e6273703b203c6120687265663d225e5e666f726d5f6974656d5f766965775e5e26616d703b656469745f7375626d69747465645f666f726d3d74727565223e45646974207468697320766964656f3c2f613e202868696464656e206f757473696465206f66202265646974206d6f646522206279203c7374726f6e673e7061726167726170682d6465736b746f702d686964653c2f7374726f6e673e20616e64203c7374726f6e673e7061726167726170682d6d6f62696c652d686964653c2f7374726f6e673e20437573746f6d20466f726d617473292e3c2f703e0d0a3c7020636c6173733d226261636b67726f756e642d7365636f6e6461727922207374796c653d226865696768743a203170783b206d617267696e2d746f703a203870783b223e266e6273703b3c2f703e, '', 254, '', 0, '', 0, 0, 5, 0, 540, 0, 0, '', 0, 1, 0, 'ascending_alphabetical', 'ascending_alphabetical', 'ascending_alphabetical'),
(76, 566, 538, 0x3c64697620636c6173733d226261636b67726f756e642d7072696d61727922207374796c653d226d617267696e3a202d31656d3b223e3c6f626a656374207374796c653d22646973706c61793a20626c6f636b3b206d617267696e2d6c6566743a206175746f3b206d617267696e2d72696768743a206175746f3b222077696474683d2234303022206865696768743d223238332220636c61737369643d22636c7369643a64323763646236652d616536642d313163662d393662382d3434343535333534303030302220636f6465626173653d22687474703a2f2f646f776e6c6f61642e6d6163726f6d656469612e636f6d2f7075622f73686f636b776176652f636162732f666c6173682f7377666c6173682e6361622376657273696f6e3d362c302c34302c30223e3c706172616d206e616d653d22616c6c6f7746756c6c53637265656e222076616c75653d227472756522202f3e3c706172616d206e616d653d22776d6f6465222076616c75653d227472616e73706172656e7422202f3e3c706172616d206e616d653d22616c6c6f77736372697074616363657373222076616c75653d22616c7761797322202f3e3c706172616d206e616d653d22616c6c6f774e6574776f726b696e67222076616c75653d22696e7465726e616c22202f3e3c706172616d206e616d653d22737263222076616c75653d22687474703a2f2f7777772e796f75747562652e636f6d2f762f5e5e69645e5e3f76657273696f6e3d3326616d703b686c3d656e5f555326616d703b72656c3d3022202f3e3c706172616d206e616d653d22616c6c6f7766756c6c73637265656e222076616c75653d227472756522202f3e3c706172616d206e616d653d22616c6c6f776e6574776f726b696e67222076616c75653d22696e7465726e616c22202f3e3c656d626564207374796c653d22646973706c61793a20626c6f636b3b206d617267696e2d6c6566743a206175746f3b206d617267696e2d72696768743a206175746f3b222077696474683d2234303022206865696768743d223238332220747970653d226170706c69636174696f6e2f782d73686f636b776176652d666c61736822207372633d22687474703a2f2f7777772e796f75747562652e636f6d2f762f5e5e69645e5e3f76657273696f6e3d3326616d703b686c3d656e5f555326616d703b72656c3d302220616c6c6f7746756c6c53637265656e3d22747275652220776d6f64653d227472616e73706172656e742220616c6c6f777363726970746163636573733d22616c776179732220616c6c6f774e6574776f726b696e673d22696e7465726e616c2220616c6c6f7766756c6c73637265656e3d22747275652220616c6c6f776e6574776f726b696e673d22696e7465726e616c22202f3e203c2f6f626a6563743e3c2f6469763e, '', 254, '', 0, '', 0, 1, 1, 0, 540, 0, 0, '', 0, 1, 0, 'ascending_alphabetical', 'ascending_alphabetical', 'ascending_alphabetical'),
(77, 568, 288, 0x3c6872202f3e0d0a3c7461626c65207374796c653d2277696474683a20313030253b2220626f726465723d2230223e0d0a3c74626f64793e0d0a3c74722076616c69676e3d22746f70223e0d0a3c74643e0d0a3c68363e5e5e6f7267616e697a6174696f6e5e5e3c2f68363e0d0a3c2f74643e0d0a3c7464207374796c653d22746578742d616c69676e3a2072696768743b223e3c6120636c6173733d22736f6674776172655f627574746f6e5f74696e795f7365636f6e646172792220687265663d225e5e666f726d5f6974656d5f766965775e5e223e45646974204d696e653c2f613e3c2f74643e0d0a3c2f74723e0d0a3c2f74626f64793e0d0a3c2f7461626c653e0d0a3c7461626c65207374796c653d2277696474683a20313030253b2220626f726465723d2230223e0d0a3c74626f64793e0d0a3c74722076616c69676e3d22746f70223e0d0a3c7464207374796c653d2277696474683a203135253b223e3c7374726f6e673e53657276696365733a3c2f7374726f6e673e3c2f74643e0d0a3c74643e5e5e73657276696365735e5e3c2f74643e0d0a3c2f74723e0d0a3c74722076616c69676e3d22746f70223e0d0a3c74643e3c7374726f6e673e4465736372697074696f6e3a3c2f7374726f6e673e3c2f74643e0d0a3c74643e5e5e6465736372697074696f6e5e5e3c2f74643e0d0a3c2f74723e0d0a3c74722076616c69676e3d22746f70223e0d0a3c74643e3c7374726f6e673e436f6e746163743a3c2f7374726f6e673e3c2f74643e0d0a3c74643e5e5e73616c75746174696f6e5e5e205e5e66697273745f6e616d655e5e205e5e6c6173745f6e616d655e5e3c6272202f3e205e5e70686f6e655e5e3c6272202f3e205e5e656d61696c5e5e3c2f74643e0d0a3c2f74723e0d0a3c2f74626f64793e0d0a3c2f7461626c653e, '', 111, '', 0, '', 0, 0, 25, 1, 330, 1, 0, '<table style="width: 100%;" border="0">\r\n<tbody>\r\n<tr>\r\n<td class="table-cell-mobile-fill">First Name:</td>\r\n<td class="table-cell-mobile-wrap">{{name: ''first_name'', size: 20}}</td>\r\n<td class="table-cell-mobile-fill">Last Name:</td>\r\n<td class="table-cell-mobile-wrap" style="text-align: right;">{{name: ''last_name'', size: 30}}</td>\r\n</tr>\r\n</tbody>\r\n</table>\r\n<p style="text-align: right;"><span><br />{{name: ''submit_button''}}&nbsp; {{name: ''clear_button''}}</span></p>', 1, 0, 118, 'ascending_alphabetical', 'ascending_alphabetical', 'ascending_alphabetical');

-- --------------------------------------------------------

--
-- Table structure for table `form_view_directories_form_list_views_xref`
--

CREATE TABLE IF NOT EXISTS `form_view_directories_form_list_views_xref` (
  `form_view_directory_page_id` int(10) unsigned NOT NULL DEFAULT '0',
  `form_list_view_page_id` int(10) unsigned NOT NULL DEFAULT '0',
  `form_list_view_name` varchar(100) NOT NULL DEFAULT '',
  `subject_form_field_id` int(10) unsigned NOT NULL DEFAULT '0',
  KEY `form_view_directory_page_id` (`form_view_directory_page_id`),
  KEY `form_list_view_page_id` (`form_list_view_page_id`),
  KEY `subject_form_field_id` (`subject_form_field_id`)
) ENGINE=MyISAM;

--
-- Dumping data for table `form_view_directories_form_list_views_xref`
--

INSERT INTO `form_view_directories_form_list_views_xref` (`form_view_directory_page_id`, `form_list_view_page_id`, `form_list_view_name`, `subject_form_field_id`) VALUES
(410, 407, 'Foods', 174),
(284, 289, 'Classified Ads', 131),
(541, 539, 'Videos', 249),
(541, 219, 'Staff Directory', 42),
(541, 407, 'Forum', 174),
(541, 299, 'Contact Forms', 10),
(541, 289, 'Classified Ads', 131),
(541, 227, 'Blog Postings', 36);

-- --------------------------------------------------------

--
-- Table structure for table `form_view_directory_pages`
--

CREATE TABLE IF NOT EXISTS `form_view_directory_pages` (
  `id` int(10) unsigned NOT NULL AUTO_INCREMENT,
  `page_id` int(10) unsigned NOT NULL DEFAULT '0',
  `summary` tinyint(3) unsigned NOT NULL DEFAULT '0',
  `summary_days` int(10) unsigned NOT NULL DEFAULT '0',
  `summary_maximum_number_of_results` int(10) unsigned NOT NULL DEFAULT '0',
  `form_list_view_heading` varchar(50) NOT NULL DEFAULT '',
  `subject_heading` varchar(50) NOT NULL DEFAULT '',
  `number_of_submitted_forms_heading` varchar(50) NOT NULL DEFAULT '',
  PRIMARY KEY (`id`),
  UNIQUE KEY `page_id` (`page_id`)
) ENGINE=MyISAM  AUTO_INCREMENT=6 ;

--
-- Dumping data for table `form_view_directory_pages`
--

INSERT INTO `form_view_directory_pages` (`id`, `page_id`, `summary`, `summary_days`, `summary_maximum_number_of_results`, `form_list_view_heading`, `subject_heading`, `number_of_submitted_forms_heading`) VALUES
(4, 284, 1, 180, 10, 'Area', 'Subject', 'Forms'),
(5, 541, 1, 180, 20, 'Resource', 'Subject', 'Items');

-- --------------------------------------------------------

--
-- Table structure for table `key_codes`
--

CREATE TABLE IF NOT EXISTS `key_codes` (
  `id` int(10) unsigned NOT NULL AUTO_INCREMENT,
  `code` varchar(50) NOT NULL DEFAULT '',
  `offer_code` varchar(50) NOT NULL DEFAULT '',
  `user` int(10) unsigned NOT NULL DEFAULT '0',
  `timestamp` int(10) unsigned NOT NULL DEFAULT '0',
  PRIMARY KEY (`id`)
) ENGINE=MyISAM AUTO_INCREMENT=1 ;

--
-- Dumping data for table `key_codes`
--


-- --------------------------------------------------------

--
-- Table structure for table `log`
--

CREATE TABLE IF NOT EXISTS `log` (
  `log_id` int(10) unsigned NOT NULL AUTO_INCREMENT,
  `log_description` text NOT NULL,
  `log_ip` varchar(15) DEFAULT NULL,
  `log_user` varchar(100) DEFAULT NULL,
  `log_timestamp` int(10) unsigned DEFAULT NULL,
  PRIMARY KEY (`log_id`),
  KEY `log_timestamp` (`log_timestamp`)
) ENGINE=MyISAM  AUTO_INCREMENT=32726 ;

--
-- Dumping data for table `log`
--


-- --------------------------------------------------------

--
-- Table structure for table `login_regions`
--

CREATE TABLE IF NOT EXISTS `login_regions` (
  `id` int(10) unsigned NOT NULL AUTO_INCREMENT,
  `name` varchar(100) NOT NULL DEFAULT '',
  `not_logged_in_header` mediumtext NOT NULL,
  `not_logged_in_footer` mediumtext NOT NULL,
  `logged_in_header` mediumtext NOT NULL,
  `logged_in_footer` mediumtext NOT NULL,
  `created_user_id` int(10) unsigned NOT NULL DEFAULT '0',
  `created_timestamp` int(10) unsigned NOT NULL DEFAULT '0',
  `last_modified_user_id` int(10) unsigned NOT NULL DEFAULT '0',
  `last_modified_timestamp` int(10) unsigned NOT NULL DEFAULT '0',
  `login_form` tinyint(3) unsigned NOT NULL DEFAULT '0',
  PRIMARY KEY (`id`)
) ENGINE=MyISAM  AUTO_INCREMENT=2 ;

--
-- Dumping data for table `login_regions`
--

INSERT INTO `login_regions` (`id`, `name`, `not_logged_in_header`, `not_logged_in_footer`, `logged_in_header`, `logged_in_footer`, `created_user_id`, `created_timestamp`, `last_modified_user_id`, `last_modified_timestamp`, `login_form`) VALUES
(1, 'site-login', '<a style="text-decoration: none" href="{path}pages/user-login-register">Login or Register</a>', '', '<a style="text-decoration: none" href="{path}pages/my-account">', '</a>&middot; <a style="text-decoration: none" href="{path}pages/user-logout">logout</a>', 2, 1257007974, 2, 1343268278, 0);

-- --------------------------------------------------------

--
-- Table structure for table `menus`
--

CREATE TABLE IF NOT EXISTS `menus` (
  `id` int(10) unsigned NOT NULL AUTO_INCREMENT,
  `name` varchar(100) NOT NULL DEFAULT '',
  `first_level_popup_position` enum('Top','Bottom','Left','Right') NOT NULL DEFAULT 'Bottom',
  `second_level_popup_position` enum('Top','Bottom','Left','Right') NOT NULL DEFAULT 'Right',
  `created_user_id` int(10) unsigned NOT NULL DEFAULT '0',
  `created_timestamp` int(10) unsigned NOT NULL DEFAULT '0',
  `last_modified_user_id` int(10) unsigned NOT NULL DEFAULT '0',
  `last_modified_timestamp` int(10) unsigned NOT NULL DEFAULT '0',
  `effect` enum('','Pop-up','Accordion') NOT NULL DEFAULT '',
  PRIMARY KEY (`id`)
) ENGINE=MyISAM  AUTO_INCREMENT=10 ;

--
-- Dumping data for table `menus`
--

INSERT INTO `menus` (`id`, `name`, `first_level_popup_position`, `second_level_popup_position`, `created_user_id`, `created_timestamp`, `last_modified_user_id`, `last_modified_timestamp`, `effect`) VALUES
(6, 'main-menu', 'Bottom', 'Right', 2, 1333334618, 2, 1369868011, 'Pop-up'),
(7, 'mobile-menu', 'Bottom', 'Right', 2, 1338109138, 2, 1365645751, 'Accordion');

-- --------------------------------------------------------

--
-- Table structure for table `menu_items`
--

CREATE TABLE IF NOT EXISTS `menu_items` (
  `id` int(10) unsigned NOT NULL AUTO_INCREMENT,
  `menu_id` int(10) unsigned NOT NULL DEFAULT '0',
  `parent_id` int(10) unsigned NOT NULL DEFAULT '0',
  `name` varchar(100) NOT NULL DEFAULT '',
  `sort_order` smallint(5) unsigned NOT NULL DEFAULT '0',
  `link_page_id` int(10) unsigned NOT NULL DEFAULT '0',
  `link_url` varchar(255) NOT NULL DEFAULT '',
  `link_target` enum('Same Window','New Window') NOT NULL DEFAULT 'Same Window',
  `created_user_id` int(10) unsigned NOT NULL DEFAULT '0',
  `created_timestamp` int(10) unsigned NOT NULL DEFAULT '0',
  `last_modified_user_id` int(10) unsigned NOT NULL DEFAULT '0',
  `last_modified_timestamp` int(10) unsigned NOT NULL DEFAULT '0',
  `security` tinyint(3) unsigned NOT NULL DEFAULT '0',
  PRIMARY KEY (`id`)
) ENGINE=MyISAM  AUTO_INCREMENT=327 ;

--
-- Dumping data for table `menu_items`
--

INSERT INTO `menu_items` (`id`, `menu_id`, `parent_id`, `name`, `sort_order`, `link_page_id`, `link_url`, `link_target`, `created_user_id`, `created_timestamp`, `last_modified_user_id`, `last_modified_timestamp`, `security`) VALUES
(217, 6, 174, 'My Subscriptions', 2, 189, '', 'Same Window', 2, 1333360575, 2, 1365645334, 1),
(311, 6, 173, 'Video Gallery', 6, 539, '', 'Same Window', 2, 1344675810, 2, 1344675820, 0),
(207, 6, 196, 'Pay for Downloads', 9, 0, '{path}pages/product-catalog/downloads', 'Same Window', 2, 1333356853, 2, 1364659559, 0),
(196, 6, 0, 'Customers', 4, 0, '#', 'Same Window', 2, 1333352815, 2, 1333358317, 0),
(199, 6, 196, 'Event Tickets', 4, 479, '', 'Same Window', 2, 1333353957, 2, 1333445123, 0),
(206, 6, 172, 'Pay for Access', 4, 418, '', 'Same Window', 2, 1333356746, 2, 1333358849, 0),
(320, 7, 270, 'Classified Ads', 5, 289, '', 'Same Window', 2, 1361041854, 2, 1365645744, 1),
(205, 6, 196, 'Recurring Services', 7, 485, '', 'Same Window', 2, 1333355639, 2, 1333470269, 0),
(312, 7, 242, 'Video Gallery', 6, 539, '', 'Same Window', 2, 1344675913, 2, 1344675921, 0),
(159, 6, 173, 'Calendar', 4, 200, '', 'Same Window', 2, 1333343175, 2, 1333357201, 0),
(160, 6, 174, 'Forum', 5, 407, '', 'Same Window', 2, 1333343187, 2, 1333358768, 0),
(161, 6, 173, 'Blog', 2, 227, '', 'Same Window', 2, 1333343196, 2, 1343122924, 0),
(162, 6, 173, 'Photo Gallery', 5, 343, '', 'Same Window', 2, 1333343213, 2, 1333343755, 0),
(163, 6, 196, 'Store', 1, 306, '', 'Same Window', 2, 1333343244, 2, 1333358389, 0),
(165, 6, 196, 'Affiliates', 11, 169, '', 'Same Window', 2, 1333343343, 2, 1333360718, 0),
(166, 6, 174, 'Support', 6, 581, '', 'Same Window', 2, 1333343366, 2, 1365645597, 0),
(168, 6, 173, 'Contact Form', 8, 183, '', 'Same Window', 2, 1333343400, 2, 1333357208, 0),
(169, 6, 196, 'Event Registration', 3, 283, '', 'Same Window', 2, 1333343433, 2, 1333359197, 0),
(170, 6, 173, 'Media Center', 7, 381, '', 'Same Window', 2, 1333343464, 2, 1333344235, 0),
(172, 6, 0, 'Members', 5, 0, '#', 'Same Window', 2, 1333343574, 2, 1333356956, 0),
(173, 6, 0, 'Visitors', 2, 0, '#', 'Same Window', 2, 1333343604, 2, 1338709366, 0),
(305, 6, 196, 'Online Payments', 8, 251, '', 'Same Window', 2, 1343121977, 2, 1343122002, 0),
(195, 6, 196, 'Pay for Exams', 10, 506, '', 'Same Window', 2, 1333352669, 2, 1360667019, 0),
(174, 6, 0, 'Guests', 3, 0, '#', 'Same Window', 2, 1333343721, 2, 1333353764, 0),
(175, 6, 0, 'Staff', 6, 294, '', 'Same Window', 2, 1333343801, 2, 1365645638, 1),
(224, 6, 196, 'Class Registration', 6, 483, '', 'Same Window', 2, 1333468760, 2, 1333468780, 0),
(180, 6, 174, 'My Account', 1, 130, '', 'Same Window', 2, 1333345647, 2, 1365645329, 1),
(202, 6, 196, 'Reservations', 5, 481, '', 'Same Window', 2, 1333354634, 2, 1333447368, 0),
(200, 6, 196, 'Shopping Cart', 2, 248, '', 'Same Window', 2, 1333354106, 2, 1333788030, 0),
(187, 6, 172, 'Trial Membership', 3, 417, '', 'Same Window', 2, 1333345918, 2, 1333357464, 0),
(188, 6, 172, 'Collect Dues', 2, 394, '', 'Same Window', 2, 1333345944, 2, 1333544619, 0),
(189, 6, 174, 'Survey', 7, 271, '', 'Same Window', 2, 1333345973, 2, 1333390261, 0),
(197, 6, 174, 'Donation Form', 8, 266, '', 'Same Window', 2, 1333353735, 2, 1361261842, 0),
(192, 6, 0, 'Home', 1, 461, '', 'Same Window', 2, 1333348027, 2, 1369868011, 0),
(225, 6, 172, 'Members Portal', 1, 284, '', 'Same Window', 2, 1333473168, 2, 1365645618, 1),
(227, 6, 173, 'Staff Directory', 9, 219, '', 'Same Window', 2, 1333554910, 2, 1361003498, 0),
(297, 7, 0, 'Home', 1, 461, '', 'Same Window', 2, 1339410872, 2, 1365633426, 0),
(237, 7, 242, 'Blog', 2, 227, '', 'Same Window', 2, 1338172063, 2, 1343124877, 0),
(238, 7, 253, 'Forum', 5, 407, '', 'Same Window', 2, 1338172076, 2, 1338729365, 0),
(239, 7, 261, 'Store', 1, 306, '', 'Same Window', 2, 1338172102, 2, 1338729541, 0),
(240, 7, 261, 'Shopping Cart', 2, 248, '', 'Same Window', 2, 1338172115, 2, 1338729552, 0),
(262, 7, 261, 'Event Registration', 3, 283, '', 'Same Window', 2, 1338729593, 2, 1338729593, 0),
(242, 7, 0, 'Visitors', 2, 0, '#', 'Same Window', 2, 1338729016, 2, 1338729016, 0),
(243, 7, 242, 'Calendar', 4, 200, '', 'Same Window', 2, 1338729071, 2, 1338731429, 0),
(244, 7, 242, 'Photo Gallery', 5, 343, '', 'Same Window', 2, 1338729094, 2, 1339406932, 0),
(246, 7, 242, 'Media Center', 7, 381, '', 'Same Window', 2, 1338729145, 2, 1338729145, 0),
(247, 7, 242, 'Contact Form', 8, 183, '', 'Same Window', 2, 1338729164, 2, 1338729164, 0),
(248, 7, 242, 'Staff Directory', 9, 219, '', 'Same Window', 2, 1338729185, 2, 1338729185, 0),
(319, 6, 172, 'Classified Ads', 5, 289, '', 'Same Window', 2, 1361041806, 2, 1365645630, 1),
(253, 7, 0, 'Guests', 3, 0, '#', 'Same Window', 2, 1338729276, 2, 1338729276, 0),
(255, 7, 253, 'My Account', 1, 130, '', 'Same Window', 2, 1338729309, 2, 1365645679, 1),
(256, 7, 253, 'My Subscriptions', 2, 189, '', 'Same Window', 2, 1338729335, 2, 1365645686, 1),
(257, 7, 253, 'Support', 6, 581, '', 'Same Window', 2, 1338729418, 2, 1365645717, 0),
(258, 7, 253, 'Survey', 7, 271, '', 'Same Window', 2, 1338729440, 2, 1338729440, 0),
(260, 7, 253, 'Donations', 8, 266, '', 'Same Window', 2, 1338729511, 2, 1361261947, 0),
(261, 7, 0, 'Customers', 4, 0, '#', 'Same Window', 2, 1338729522, 2, 1338729522, 0),
(263, 7, 261, 'Event Tickets', 4, 479, '', 'Same Window', 2, 1338729615, 2, 1338729615, 0),
(264, 7, 261, 'Reservations', 5, 481, '', 'Same Window', 2, 1338729634, 2, 1338729634, 0),
(265, 7, 261, 'Class Registration', 6, 483, '', 'Same Window', 2, 1338729656, 2, 1338729656, 0),
(266, 7, 261, 'Recurring Services', 7, 485, '', 'Same Window', 2, 1338729691, 2, 1338729691, 0),
(267, 7, 261, 'Pay for Downloads', 9, 0, '{path}pages/product-catalog/downloads', 'Same Window', 2, 1338729753, 2, 1364659597, 0),
(268, 7, 261, 'Pay for Testing', 10, 291, '', 'Same Window', 2, 1338729772, 2, 1338729772, 0),
(269, 7, 261, 'Affiliates', 11, 169, '', 'Same Window', 2, 1338729794, 2, 1338729794, 0),
(270, 7, 0, 'Members', 5, 0, '#', 'Same Window', 2, 1338729807, 2, 1338729807, 0),
(272, 7, 270, 'Member Portal', 1, 284, '', 'Same Window', 2, 1338729851, 2, 1365645736, 1),
(277, 7, 270, 'Collect Dues', 2, 394, '', 'Same Window', 2, 1338730876, 2, 1338730876, 0),
(278, 7, 270, 'Trial Membership', 3, 417, '', 'Same Window', 2, 1338730896, 2, 1338730896, 0),
(279, 7, 270, 'Pay for Access', 4, 418, '', 'Same Window', 2, 1338730947, 2, 1338730947, 0),
(281, 7, 0, 'Staff', 6, 294, '', 'Same Window', 2, 1338731023, 2, 1365645751, 1),
(293, 7, 261, 'Online Payments', 8, 251, '', 'Same Window', 2, 1338731346, 2, 1343124959, 0),
(314, 6, 174, 'My Content', 4, 558, '', 'Same Window', 2, 1357825496, 2, 1365645349, 1),
(315, 6, 173, 'FAQ', 3, 564, '', 'Same Window', 2, 1360761957, 2, 1360761970, 0),
(316, 6, 174, 'My Support Tickets', 3, 401, '', 'Same Window', 2, 1360775068, 2, 1365645341, 1),
(317, 7, 253, 'My Support Tickets', 3, 401, '', 'Same Window', 2, 1360775142, 2, 1365645702, 1),
(318, 7, 253, 'My Content', 4, 558, '', 'Same Window', 2, 1360775179, 2, 1365645708, 1),
(322, 6, 173, 'About Us', 1, 574, '', 'Same Window', 2, 1362823787, 2, 1362823796, 0),
(323, 7, 242, 'About Us', 1, 574, '', 'Same Window', 2, 1362830159, 2, 1362830167, 0),
(324, 7, 242, 'FAQ', 3, 564, '', 'Same Window', 2, 1365645664, 2, 1365645672, 0),
(325, 6, 175, 'Search Staff Portal', 2, 583, '', 'Same Window', 2, 1366295574, 2, 1366295624, 1),
(326, 6, 175, 'Staff Home', 1, 294, '', 'Same Window', 2, 1366295607, 2, 1366295607, 1);

-- --------------------------------------------------------

--
-- Table structure for table `next_order_number`
--

CREATE TABLE IF NOT EXISTS `next_order_number` (
  `next_order_number` bigint(20) unsigned NOT NULL DEFAULT '1'
) ENGINE=MyISAM;

--
-- Dumping data for table `next_order_number`
--

INSERT INTO `next_order_number` (`next_order_number`) VALUES
(1001);

-- --------------------------------------------------------

--
-- Table structure for table `offers`
--

CREATE TABLE IF NOT EXISTS `offers` (
  `id` int(10) unsigned NOT NULL AUTO_INCREMENT,
  `code` varchar(50) NOT NULL DEFAULT '',
  `description` varchar(255) NOT NULL DEFAULT '',
  `require_code` tinyint(4) NOT NULL DEFAULT '0',
  `status` enum('enabled','disabled') NOT NULL DEFAULT 'enabled',
  `start_date` date NOT NULL DEFAULT '0000-00-00',
  `end_date` date NOT NULL DEFAULT '0000-00-00',
  `offer_rule_id` int(10) unsigned NOT NULL DEFAULT '0',
  `user` int(10) unsigned NOT NULL DEFAULT '0',
  `timestamp` int(10) unsigned NOT NULL DEFAULT '0',
  `upsell` tinyint(4) NOT NULL DEFAULT '0',
  `upsell_message` varchar(255) NOT NULL DEFAULT '',
  `upsell_trigger_subtotal` int(10) unsigned NOT NULL DEFAULT '0',
  `upsell_trigger_quantity` int(10) unsigned NOT NULL DEFAULT '0',
  `upsell_action_button_label` varchar(50) NOT NULL DEFAULT '',
  `upsell_action_page_id` int(10) unsigned NOT NULL DEFAULT '0',
  `scope` enum('order','recipient') NOT NULL DEFAULT 'order',
  `multiple_recipients` tinyint(4) NOT NULL DEFAULT '0',
  `only_apply_best_offer` tinyint(3) unsigned NOT NULL DEFAULT '0',
  PRIMARY KEY (`id`),
  KEY `offer_rule_id` (`offer_rule_id`)
) ENGINE=MyISAM  AUTO_INCREMENT=8 ;

--
-- Dumping data for table `offers`
--

INSERT INTO `offers` (`id`, `code`, `description`, `require_code`, `status`, `start_date`, `end_date`, `offer_rule_id`, `user`, `timestamp`, `upsell`, `upsell_message`, `upsell_trigger_subtotal`, `upsell_trigger_quantity`, `upsell_action_button_label`, `upsell_action_page_id`, `scope`, `multiple_recipients`, `only_apply_best_offer`) VALUES
(2, 'Free Product', 'Order 2 Shippable Products and receive 1 Free Product!', 0, 'enabled', '2013-06-01', '2099-12-31', 3, 2, 1370463995, 1, 'Order 2 Shippable Products delivered to the same recipient and receive 1 Free Product!', 0, 1, 'Details', 0, 'order', 0, 1),
(4, '12345', '$5 Off our Monthly Service Plan with promotion code.', 1, 'enabled', '2013-06-01', '2099-12-31', 5, 2, 1370464040, 1, 'Enter Promotion Code "12345" and get $5 off our Monthly Service Plan.', 0, 0, 'Details', 0, 'order', 0, 1),
(5, 'Office Chair Sale - 10% Off!', '10% off your new Office Chair! You got a great deal!!!', 0, 'enabled', '2013-06-01', '2099-12-31', 0, 2, 1370464053, 1, 'Remember, we are offering 10% off our famous Office Chair!  Add it to your cart to see your discount!', 9999999, 0, 'More Info', 406, 'order', 0, 1),
(6, 'Orders over $100 get free shipping', 'All orders over $100 will get free shipping!', 0, 'disabled', '2013-06-01', '2099-12-31', 8, 2, 1370464025, 1, 'Order $100 or more and you''ll get free shipping.', 9900, 0, '', 0, 'order', 0, 1),
(7, 'Concert Ticket Discount', 'Congrats!  You get $10 off your concert tickets because you used an affiliate''s code when ordering!', 1, 'enabled', '2013-06-01', '2099-12-31', 0, 2, 1370464010, 0, '', 0, 0, '', 0, 'order', 0, 1);

-- --------------------------------------------------------

--
