REPLACE INTO `rvs_category` (`rvs_category_id`, `category_name`, `category_sh_name`) VALUES ('4', 'Computer and Technology', 'ct');
REPLACE INTO `rvs_charset` (`charset_id`, `charset_name`, `charset_value`, `xml_lang`) VALUES ('17', 'english', 'iso-8859-15', 'en');
REPLACE INTO `rvs_color` (`color_id`, `color_name`, `color_code`) VALUES ('28', 'Darkgreen', '006400');
REPLACE INTO `rvs_color_group` (`color_group_id`, `color_id`) VALUES ('4', '28');
REPLACE INTO `rvs_color_group_name` (`color_group_id`, `default_color_id`) VALUES ('4', '28');
REPLACE INTO `rvs_component` (`rvs_component_id`, `component_name`, `rvs_owner_usr_id`, `use_wysiwyg`) VALUES ('a9cadbd10665c0555688d27f66a58bf2', 'PhotoGallery', '19801db0e652b0ef49e61f8090be3042', '0');
REPLACE INTO `rvs_component` (`rvs_component_id`, `component_name`, `rvs_owner_usr_id`, `use_wysiwyg`) VALUES ('b9c6d7f965b896d9ffc4da166aa39232', 'Online_Form', '19801db0e652b0ef49e61f8090be3042', '1');
REPLACE INTO `rvs_component` (`rvs_component_id`, `component_name`, `rvs_owner_usr_id`, `use_wysiwyg`) VALUES ('5043954b6cc587c03d3651292652b072', 'ComponentAndUserFramework', '19801db0e652b0ef49e61f8090be3042', '0');
REPLACE INTO `rvs_component_header` (`project_page_id`, `header`, `footer`) VALUES ('1316af47bc637e4f814902a1b0bdf695', '', '<div>Select Album above to view pictures</div>');
REPLACE INTO `rvs_user_component_config` (`rvs_project_page_id`, `rvs_component_id`, `component_config`, `component_value`) VALUES ('1316af47bc637e4f814902a1b0bdf695', 'a9cadbd10665c0555688d27f66a58bf2', 'waterMarkText', '');
REPLACE INTO `rvs_user_component_config` (`rvs_project_page_id`, `rvs_component_id`, `component_config`, `component_value`) VALUES ('1316af47bc637e4f814902a1b0bdf695', 'a9cadbd10665c0555688d27f66a58bf2', 'enableWaterMark', '');
REPLACE INTO `rvs_user_component_config` (`rvs_project_page_id`, `rvs_component_id`, `component_config`, `component_value`) VALUES ('1316af47bc637e4f814902a1b0bdf695', 'a9cadbd10665c0555688d27f66a58bf2', 'listOrderImg', '1');
REPLACE INTO `rvs_user_component_config` (`rvs_project_page_id`, `rvs_component_id`, `component_config`, `component_value`) VALUES ('1316af47bc637e4f814902a1b0bdf695', 'a9cadbd10665c0555688d27f66a58bf2', 'backgroundThumbnailView', '#ffffff');
REPLACE INTO `rvs_user_component_config` (`rvs_project_page_id`, `rvs_component_id`, `component_config`, `component_value`) VALUES ('1316af47bc637e4f814902a1b0bdf695', 'a9cadbd10665c0555688d27f66a58bf2', 'thumbBorderColor', '#3065cf');
REPLACE INTO `rvs_user_component_config` (`rvs_project_page_id`, `rvs_component_id`, `component_config`, `component_value`) VALUES ('1316af47bc637e4f814902a1b0bdf695', 'a9cadbd10665c0555688d27f66a58bf2', 'thumbBorder', '2');
REPLACE INTO `rvs_user_component_config` (`rvs_project_page_id`, `rvs_component_id`, `component_config`, `component_value`) VALUES ('1316af47bc637e4f814902a1b0bdf695', 'a9cadbd10665c0555688d27f66a58bf2', 'qualityThumb', '75');
REPLACE INTO `rvs_user_component_config` (`rvs_project_page_id`, `rvs_component_id`, `component_config`, `component_value`) VALUES ('1316af47bc637e4f814902a1b0bdf695', 'a9cadbd10665c0555688d27f66a58bf2', 'thumbnailImagesSize', '120');
REPLACE INTO `rvs_user_component_config` (`rvs_project_page_id`, `rvs_component_id`, `component_config`, `component_value`) VALUES ('1316af47bc637e4f814902a1b0bdf695', 'a9cadbd10665c0555688d27f66a58bf2', 'showAlbumDescription', '1');
REPLACE INTO `rvs_user_component_config` (`rvs_project_page_id`, `rvs_component_id`, `component_config`, `component_value`) VALUES ('1316af47bc637e4f814902a1b0bdf695', 'a9cadbd10665c0555688d27f66a58bf2', 'showPhotoDescrition', '1');
REPLACE INTO `rvs_user_component_config` (`rvs_project_page_id`, `rvs_component_id`, `component_config`, `component_value`) VALUES ('1316af47bc637e4f814902a1b0bdf695', 'a9cadbd10665c0555688d27f66a58bf2', 'resizeByImageSize', '900');
REPLACE INTO `rvs_user_component_config` (`rvs_project_page_id`, `rvs_component_id`, `component_config`, `component_value`) VALUES ('1316af47bc637e4f814902a1b0bdf695', 'a9cadbd10665c0555688d27f66a58bf2', 'showOriginalImage', '');
REPLACE INTO `rvs_user_component_config` (`rvs_project_page_id`, `rvs_component_id`, `component_config`, `component_value`) VALUES ('1316af47bc637e4f814902a1b0bdf695', 'a9cadbd10665c0555688d27f66a58bf2', 'allowKeepOriginalImage', '');
REPLACE INTO `rvs_user_component_config` (`rvs_project_page_id`, `rvs_component_id`, `component_config`, `component_value`) VALUES ('1316af47bc637e4f814902a1b0bdf695', 'a9cadbd10665c0555688d27f66a58bf2', 'viewImageFitSize', '1');
REPLACE INTO `rvs_user_component_config` (`rvs_project_page_id`, `rvs_component_id`, `component_config`, `component_value`) VALUES ('1316af47bc637e4f814902a1b0bdf695', 'a9cadbd10665c0555688d27f66a58bf2', 'transitionSpeed', '5');
REPLACE INTO `rvs_user_component_config` (`rvs_project_page_id`, `rvs_component_id`, `component_config`, `component_value`) VALUES ('1316af47bc637e4f814902a1b0bdf695', 'a9cadbd10665c0555688d27f66a58bf2', 'slideDelay', '3sec');
REPLACE INTO `rvs_user_component_config` (`rvs_project_page_id`, `rvs_component_id`, `component_config`, `component_value`) VALUES ('1316af47bc637e4f814902a1b0bdf695', 'a9cadbd10665c0555688d27f66a58bf2', 'slideEffect', 'fade');
REPLACE INTO `rvs_user_component_config` (`rvs_project_page_id`, `rvs_component_id`, `component_config`, `component_value`) VALUES ('1316af47bc637e4f814902a1b0bdf695', 'a9cadbd10665c0555688d27f66a58bf2', 'waterMarkTextPosition', 'southeast');
REPLACE INTO `rvs_user_component_config` (`rvs_project_page_id`, `rvs_component_id`, `component_config`, `component_value`) VALUES ('1316af47bc637e4f814902a1b0bdf695', 'a9cadbd10665c0555688d27f66a58bf2', 'createThumbnailBaseOn', 'gd');
REPLACE INTO `rvs_user_component_config` (`rvs_project_page_id`, `rvs_component_id`, `component_config`, `component_value`) VALUES ('1316af47bc637e4f814902a1b0bdf695', 'a9cadbd10665c0555688d27f66a58bf2', 'viewImageThumbnailPerPage', '60');
REPLACE INTO `rvs_user_component_config` (`rvs_project_page_id`, `rvs_component_id`, `component_config`, `component_value`) VALUES ('1316af47bc637e4f814902a1b0bdf695', 'a9cadbd10665c0555688d27f66a58bf2', 'zoomLevel', '4');
REPLACE INTO `rvs_user_component_config` (`rvs_project_page_id`, `rvs_component_id`, `component_config`, `component_value`) VALUES ('1316af47bc637e4f814902a1b0bdf695', 'a9cadbd10665c0555688d27f66a58bf2', 'email', '1');
REPLACE INTO `rvs_user_component_config` (`rvs_project_page_id`, `rvs_component_id`, `component_config`, `component_value`) VALUES ('1316af47bc637e4f814902a1b0bdf695', 'a9cadbd10665c0555688d27f66a58bf2', 'myspace', '');
REPLACE INTO `rvs_user_component_config` (`rvs_project_page_id`, `rvs_component_id`, `component_config`, `component_value`) VALUES ('1316af47bc637e4f814902a1b0bdf695', 'a9cadbd10665c0555688d27f66a58bf2', 'twitter', '1');
REPLACE INTO `rvs_user_component_config` (`rvs_project_page_id`, `rvs_component_id`, `component_config`, `component_value`) VALUES ('1316af47bc637e4f814902a1b0bdf695', 'a9cadbd10665c0555688d27f66a58bf2', 'facebook', '1');
REPLACE INTO `rvs_user_component_config` (`rvs_project_page_id`, `rvs_component_id`, `component_config`, `component_value`) VALUES ('1316af47bc637e4f814902a1b0bdf695', 'a9cadbd10665c0555688d27f66a58bf2', 'autoPlay', '');
REPLACE INTO `rvs_user_component_config` (`rvs_project_page_id`, `rvs_component_id`, `component_config`, `component_value`) VALUES ('1316af47bc637e4f814902a1b0bdf695', 'a9cadbd10665c0555688d27f66a58bf2', 'waterMarkTextColor', '#736F6E');
REPLACE INTO `rvs_component_config` (`rvs_component_id`, `component_config`, `component_value`) VALUES ('a9cadbd10665c0555688d27f66a58bf2', 'active', '1');
REPLACE INTO `rvs_component_config` (`rvs_component_id`, `component_config`, `component_value`) VALUES ('a9cadbd10665c0555688d27f66a58bf2', 'isResellerConfig', '1');
REPLACE INTO `rvs_component_config` (`rvs_component_id`, `component_config`, `component_value`) VALUES ('b9c6d7f965b896d9ffc4da166aa39232', 'active', '1');
REPLACE INTO `rvs_component_config` (`rvs_component_id`, `component_config`, `component_value`) VALUES ('b9c6d7f965b896d9ffc4da166aa39232', 'isResellerConfig', '1');
REPLACE INTO `rvs_component_config` (`rvs_component_id`, `component_config`, `component_value`) VALUES ('5043954b6cc587c03d3651292652b072', 'active', '1');
REPLACE INTO `rvs_component_config` (`rvs_component_id`, `component_config`, `component_value`) VALUES ('5043954b6cc587c03d3651292652b072', 'isResellerConfig', '0');
REPLACE INTO `rvs_font` (`font_id`, `font_name`) VALUES ('12', 'Verdana');
REPLACE INTO `rvs_layout_template` (`layout_template_id`, `layout_template_name`, `layout_template_data`, `layout_template_desc`, `layout_template_preview`, `layout_template_head`, `layout_group_id`) VALUES ('5b7a994edd971a207ddb115a9855ef99', 'General style 12', '<!-- ####### LAYOUT CSS: MODIFY COLOR, FONT AND BOX SIZE HERE BUT DO NOT DELETE. ####### -->\r\n\r\n<style type=\"text/css\">\r\n\r\n.type12rightpad01{padding:10px 3px;}\r\n.type12rightpad02{padding:6px 3px;}\r\n.type12bgsilver{ background-color:#E7E7E7;}\r\n.type12bggray{ background-color:#C5C5C5;}\r\n.type12txtbold{ \r\n	font-weight:bold;\r\n}\r\n.type12txthead{ \r\n	font-weight:bold;\r\n	color:#535353;\r\n}\r\n.type12head{ font-weight:bold;}\r\n.type12linedash{border-bottom:#999999 dashed 1px;}\r\n.type12bgwhite{ \r\n	background-color:#FFFFFF;\r\n	color:#535353;\r\n}\r\n.type12txtbody{color:#535353;}\r\n</style>\r\n<!-- ########################### END CSS LAYOUT ###########################  -->\r\n<table cellpadding=\"0\" cellspacing=\"0\" id=\"rv_template_layout\">\r\n  <tr>\r\n  	<td align=\"left\" valign=\"top\">\r\n		<table cellpadding=\"5\" cellspacing=\"0\" width=\"100%\">\r\n			<tr>\r\n			  <td width=\"70%\" align=\"left\" valign=\"top\">\r\n			  	<table cellpadding=\"5\" cellspacing=\"0\" width=\"100%\" class=\"type12bgsilver\">\r\n					<tr>\r\n						<td valign=\"top\"><img src=\"images/180x60.gif\" alt=\"\" width=\"180\" height=\"60\" /></td>\r\n						<td valign=\"top\">\r\n							<div class=\"type12txthead\">Epsum factorial non deposit quid</div>\r\n							<div align=\"left\" class=\"type12txtbody\">Sic tempus fugit esperanto hiccup estrogen. Glorious baklava ex librus hup hey ad infinitum. Non sequitur condominium facile et geranium incognito. Epsum factorial non deposit quid pro quo hic escorol. </div></td>\r\n					</tr>\r\n				</table>\r\n				<br />\r\n				<table cellpadding=\"5\" cellspacing=\"0\" width=\"100%\" class=\"type12bgsilver\">\r\n					<tr>\r\n					  <td width=\"50%\" align=\"left\" valign=\"top\">\r\n					  	<table cellpadding=\"0\" cellspacing=\"0\" width=\"100%\" class=\"type12bgwhite\">\r\n							<tr class=\"type12bggray\">\r\n								<td align=\"left\" valign=\"top\"><img src=\"images/tab01.gif\" alt=\"\" width=\"34\" height=\"26\" /></td>\r\n								<td width=\"99%\" class=\"type12txtbold\">Epsum factorial non deposit quid</td>\r\n								<td align=\"right\" valign=\"top\"><img src=\"images/tab02.gif\" alt=\"\" width=\"19\" height=\"26\" /></td>\r\n							</tr>\r\n							<tr>\r\n								<td></td>\r\n								<td align=\"left\" valign=\"top\">Epsum factorial non deposit quid pro quo hic escorol. Olypian quarrels et gorilla congolium sic ad nauseum. Souvlaki ignitus carborundum e pluribus unum. Defacto lingo est igpay atinlay. Marquee selectus non provisio incongruous feline nolo contendre. Gratuitous octopus niacin, sodium glutimate. Quote meon an estimate et non interruptus stadium.</td>\r\n								<td></td>\r\n							</tr>\r\n							<tr>\r\n								<td align=\"left\" valign=\"bottom\"><img src=\"images/corner03.gif\" alt=\"\" width=\"17\" height=\"10\" /></td>\r\n								<td width=\"99%\"></td>\r\n								<td align=\"right\" valign=\"bottom\"><img src=\"images/corner04.gif\" alt=\"\" width=\"9\" height=\"10\" /></td>\r\n							</tr>\r\n						</table>\r\n					  </td>\r\n					  <td width=\"50%\" align=\"left\" valign=\"top\">\r\n					  	<table cellpadding=\"0\" cellspacing=\"0\" width=\"100%\" class=\"type12bgwhite\">\r\n							<tr class=\"type12bggray\">\r\n								<td align=\"left\" valign=\"top\"><img src=\"images/tab01.gif\" alt=\"\" width=\"34\" height=\"26\" /></td>\r\n								<td width=\"99%\" class=\"type12txtbold\">Epsum factorial non deposit quid</td>\r\n								<td align=\"right\" valign=\"top\"><img src=\"images/tab02.gif\" alt=\"\" width=\"19\" height=\"26\" /></td>\r\n							</tr>\r\n							<tr>\r\n								<td></td>\r\n								<td align=\"left\" valign=\"top\">Epsum factorial non deposit quid pro quo hic escorol. Olypian quarrels et gorilla congolium sic ad nauseum. Souvlaki ignitus carborundum e pluribus unum. Defacto lingo est igpay atinlay. Marquee selectus non provisio incongruous feline nolo contendre. Gratuitous octopus niacin, sodium glutimate. Quote meon an estimate et non interruptus stadium.</td>\r\n								<td></td>\r\n							</tr>\r\n							<tr>\r\n								<td align=\"left\" valign=\"bottom\"><img src=\"images/corner03.gif\" alt=\"\" width=\"17\" height=\"10\" /></td>\r\n								<td width=\"99%\"></td>\r\n								<td align=\"right\" valign=\"bottom\"><img src=\"images/corner04.gif\" alt=\"\" width=\"9\" height=\"10\" /></td>\r\n							</tr>\r\n						</table>\r\n					  </td>\r\n					</tr>\r\n				</table>\r\n			  </td>\r\n				<td width=\"30%\" align=\"left\" valign=\"top\">\r\n					<table cellpadding=\"0\" cellspacing=\"0\" width=\"100%\">\r\n						<tr>\r\n							<td align=\"left\" valign=\"top\">\r\n								<table cellpadding=\"3\" cellspacing=\"0\" width=\"100%\">\r\n									<tr>\r\n										<td align=\"left\" valign=\"top\" colspan=\"2\" class=\"type12txtbold\">Europan lingues</td>\r\n									</tr>\r\n									<tr>\r\n										<td class=\"type12rightpad01\" valign=\"top\"><img src=\"images/bullet02.gif\" alt=\"\" width=\"6\" height=\"6\" /></td>\r\n										<td class=\"type12rightpad02\">Pro quo hic escorol.Defacto lingo</td>\r\n									</tr>							\r\n									<tr>\r\n										<td class=\"type12rightpad01\" valign=\"top\"><img src=\"images/bullet02.gif\" alt=\"\" width=\"6\" height=\"6\" /></td>\r\n										<td class=\"type12rightpad02\">Epsum factorial non deposit quid pro quo hic escorol.</td>\r\n									</tr>\r\n									<tr>\r\n										<td class=\"type12rightpad01\" valign=\"top\"><img src=\"images/bullet02.gif\" alt=\"\" width=\"6\" height=\"6\" /></td>\r\n										<td class=\"type12rightpad02\">Olypian quarrels et gorilla congolium sic ad nauseum.</td>\r\n									</tr>\r\n									<tr><td></td><td class=\"type12linedash\"><img src=\"images/spacer.gif\" alt=\"\" width=\"1\" height=\"1\" /></td></tr>\r\n									<tr>\r\n										<td class=\"type12rightpad01\" valign=\"top\"><img src=\"images/bullet02.gif\" alt=\"\" width=\"6\" height=\"6\" /></td>\r\n										<td class=\"type12rightpad02\">Souvlaki ignitus carborundum e pluribus unum.</td>\r\n									</tr>\r\n									<tr>\r\n										<td class=\"type12rightpad01\" valign=\"top\"><img src=\"images/bullet02.gif\" alt=\"\" width=\"6\" height=\"6\" /></td>\r\n										<td class=\"type12rightpad02\">Defacto lingo est igpay atinlay. Marquee selectus non provisio incongruous feline nolo contendre.</td>\r\n									</tr>\r\n									<tr>\r\n										<td class=\"type12rightpad01\" valign=\"top\"><img src=\"images/bullet02.gif\" alt=\"\" width=\"6\" height=\"6\" /></td>\r\n										<td class=\"type12rightpad02\">Gratuitous octopus niacin, sodium glutimate.</td>\r\n									</tr>\r\n									<tr><td></td><td class=\"type12linedash\"><img src=\"images/spacer.gif\" alt=\"\" width=\"1\" height=\"1\" /></td></tr>\r\n								</table>\r\n							</td>\r\n						</tr>\r\n					</table>\r\n				</td>\r\n			</tr>\r\n		</table>  		\r\n	</td>\r\n  </tr>\r\n</table>', '', 'b_layout12.jpg', '', '3');
REPLACE INTO `rvs_layout_group` (`layout_group_id`, `layout_group_name`, `layout_category_id`) VALUES ('3', 'general style', '1');
REPLACE INTO `rvs_navigator_name` (`navigator_name_id`, `navigator_name`) VALUES ('1', 'h_3Dshining_tube');
REPLACE INTO `rvs_navigator` (`navigator_id`, `menustyle_id`, `navigator_name_id`) VALUES ('27', '2', '5');
REPLACE INTO `forms` (`id`, `username`, `title`, `height`, `status`) VALUES ('5564094b483f7074b2e9b1c2d4c5f0f0', '98c7dc36e4a1815b20d8f4895dcf535c', 'contact us', '640', 'Enabled');
REPLACE INTO `questions` (`form_id`, `id`, `order`, `type`) VALUES ('5564094b483f7074b2e9b1c2d4c5f0f0', '0', '1', 'control_textbox');
REPLACE INTO `questions` (`form_id`, `id`, `order`, `type`) VALUES ('5564094b483f7074b2e9b1c2d4c5f0f0', '1', '2', 'control_textbox');
REPLACE INTO `questions` (`form_id`, `id`, `order`, `type`) VALUES ('5564094b483f7074b2e9b1c2d4c5f0f0', '2', '3', 'control_textbox');
REPLACE INTO `questions` (`form_id`, `id`, `order`, `type`) VALUES ('5564094b483f7074b2e9b1c2d4c5f0f0', '12', '4', 'control_textbox');
REPLACE INTO `questions` (`form_id`, `id`, `order`, `type`) VALUES ('5564094b483f7074b2e9b1c2d4c5f0f0', '7', '5', 'control_textarea');
REPLACE INTO `questions` (`form_id`, `id`, `order`, `type`) VALUES ('5564094b483f7074b2e9b1c2d4c5f0f0', '8', '7', 'control_button');
REPLACE INTO `questions` (`form_id`, `id`, `order`, `type`) VALUES ('5564094b483f7074b2e9b1c2d4c5f0f0', '14', '6', 'control_captcha');
REPLACE INTO `question_properties` (`form_id`, `question_id`, `prop`, `value`) VALUES ('5564094b483f7074b2e9b1c2d4c5f0f0', '0', 'desc', '');
REPLACE INTO `question_properties` (`form_id`, `question_id`, `prop`, `value`) VALUES ('5564094b483f7074b2e9b1c2d4c5f0f0', '0', 'maxsize', '100');
REPLACE INTO `question_properties` (`form_id`, `question_id`, `prop`, `value`) VALUES ('5564094b483f7074b2e9b1c2d4c5f0f0', '0', 'required', 'yes');
REPLACE INTO `question_properties` (`form_id`, `question_id`, `prop`, `value`) VALUES ('5564094b483f7074b2e9b1c2d4c5f0f0', '0', 'size', '20');
REPLACE INTO `question_properties` (`form_id`, `question_id`, `prop`, `value`) VALUES ('5564094b483f7074b2e9b1c2d4c5f0f0', '0', 'text', 'First Name');
REPLACE INTO `question_properties` (`form_id`, `question_id`, `prop`, `value`) VALUES ('5564094b483f7074b2e9b1c2d4c5f0f0', '0', 'validation', 'no');
REPLACE INTO `question_properties` (`form_id`, `question_id`, `prop`, `value`) VALUES ('5564094b483f7074b2e9b1c2d4c5f0f0', '1', 'desc', '');
REPLACE INTO `question_properties` (`form_id`, `question_id`, `prop`, `value`) VALUES ('5564094b483f7074b2e9b1c2d4c5f0f0', '1', 'maxsize', '100');
REPLACE INTO `question_properties` (`form_id`, `question_id`, `prop`, `value`) VALUES ('5564094b483f7074b2e9b1c2d4c5f0f0', '1', 'required', 'yes');
REPLACE INTO `question_properties` (`form_id`, `question_id`, `prop`, `value`) VALUES ('5564094b483f7074b2e9b1c2d4c5f0f0', '1', 'size', '20');
REPLACE INTO `question_properties` (`form_id`, `question_id`, `prop`, `value`) VALUES ('5564094b483f7074b2e9b1c2d4c5f0f0', '1', 'text', 'Last Name');
REPLACE INTO `question_properties` (`form_id`, `question_id`, `prop`, `value`) VALUES ('5564094b483f7074b2e9b1c2d4c5f0f0', '1', 'validation', 'no');
REPLACE INTO `question_properties` (`form_id`, `question_id`, `prop`, `value`) VALUES ('5564094b483f7074b2e9b1c2d4c5f0f0', '2', 'desc', '');
REPLACE INTO `question_properties` (`form_id`, `question_id`, `prop`, `value`) VALUES ('5564094b483f7074b2e9b1c2d4c5f0f0', '2', 'maxsize', '100');
REPLACE INTO `question_properties` (`form_id`, `question_id`, `prop`, `value`) VALUES ('5564094b483f7074b2e9b1c2d4c5f0f0', '2', 'required', 'yes');
REPLACE INTO `question_properties` (`form_id`, `question_id`, `prop`, `value`) VALUES ('5564094b483f7074b2e9b1c2d4c5f0f0', '2', 'size', '20');
REPLACE INTO `question_properties` (`form_id`, `question_id`, `prop`, `value`) VALUES ('5564094b483f7074b2e9b1c2d4c5f0f0', '2', 'text', 'E-mail');
REPLACE INTO `question_properties` (`form_id`, `question_id`, `prop`, `value`) VALUES ('5564094b483f7074b2e9b1c2d4c5f0f0', '2', 'validation', 'Email');
REPLACE INTO `question_properties` (`form_id`, `question_id`, `prop`, `value`) VALUES ('5564094b483f7074b2e9b1c2d4c5f0f0', '7', 'cols', '35');
REPLACE INTO `question_properties` (`form_id`, `question_id`, `prop`, `value`) VALUES ('5564094b483f7074b2e9b1c2d4c5f0f0', '7', 'desc', '');
REPLACE INTO `question_properties` (`form_id`, `question_id`, `prop`, `value`) VALUES ('5564094b483f7074b2e9b1c2d4c5f0f0', '7', 'required', 'yes');
REPLACE INTO `question_properties` (`form_id`, `question_id`, `prop`, `value`) VALUES ('5564094b483f7074b2e9b1c2d4c5f0f0', '7', 'rows', '10');
REPLACE INTO `question_properties` (`form_id`, `question_id`, `prop`, `value`) VALUES ('5564094b483f7074b2e9b1c2d4c5f0f0', '7', 'text', 'Your Message');
REPLACE INTO `question_properties` (`form_id`, `question_id`, `prop`, `value`) VALUES ('5564094b483f7074b2e9b1c2d4c5f0f0', '7', 'validation', 'no');
REPLACE INTO `question_properties` (`form_id`, `question_id`, `prop`, `value`) VALUES ('5564094b483f7074b2e9b1c2d4c5f0f0', '8', 'clear', 'no');
REPLACE INTO `question_properties` (`form_id`, `question_id`, `prop`, `value`) VALUES ('5564094b483f7074b2e9b1c2d4c5f0f0', '8', 'submittext', 'Submit');
REPLACE INTO `question_properties` (`form_id`, `question_id`, `prop`, `value`) VALUES ('5564094b483f7074b2e9b1c2d4c5f0f0', '8', 'text', '');
REPLACE INTO `question_properties` (`form_id`, `question_id`, `prop`, `value`) VALUES ('5564094b483f7074b2e9b1c2d4c5f0f0', '12', 'desc', '');
REPLACE INTO `question_properties` (`form_id`, `question_id`, `prop`, `value`) VALUES ('5564094b483f7074b2e9b1c2d4c5f0f0', '12', 'maxsize', '100');
REPLACE INTO `question_properties` (`form_id`, `question_id`, `prop`, `value`) VALUES ('5564094b483f7074b2e9b1c2d4c5f0f0', '12', 'required', 'no');
REPLACE INTO `question_properties` (`form_id`, `question_id`, `prop`, `value`) VALUES ('5564094b483f7074b2e9b1c2d4c5f0f0', '12', 'size', '20');
REPLACE INTO `question_properties` (`form_id`, `question_id`, `prop`, `value`) VALUES ('5564094b483f7074b2e9b1c2d4c5f0f0', '12', 'text', 'Phone');
REPLACE INTO `question_properties` (`form_id`, `question_id`, `prop`, `value`) VALUES ('5564094b483f7074b2e9b1c2d4c5f0f0', '12', 'validation', 'no');
REPLACE INTO `question_properties` (`form_id`, `question_id`, `prop`, `value`) VALUES ('5564094b483f7074b2e9b1c2d4c5f0f0', '14', 'text', 'undefined');
REPLACE INTO `question_properties` (`form_id`, `question_id`, `prop`, `value`) VALUES ('5564094b483f7074b2e9b1c2d4c5f0f0', '999', 'alignment', 'default');
REPLACE INTO `question_properties` (`form_id`, `question_id`, `prop`, `value`) VALUES ('5564094b483f7074b2e9b1c2d4c5f0f0', '999', 'background', 'white');
REPLACE INTO `question_properties` (`form_id`, `question_id`, `prop`, `value`) VALUES ('5564094b483f7074b2e9b1c2d4c5f0f0', '999', 'conf_body', 'Thanks for submitting our form, we will get back to you as soon as possible.');
REPLACE INTO `question_properties` (`form_id`, `question_id`, `prop`, `value`) VALUES ('5564094b483f7074b2e9b1c2d4c5f0f0', '999', 'conf_send', 'no');
REPLACE INTO `question_properties` (`form_id`, `question_id`, `prop`, `value`) VALUES ('5564094b483f7074b2e9b1c2d4c5f0f0', '999', 'conf_subj', 'Submission Received');
REPLACE INTO `question_properties` (`form_id`, `question_id`, `prop`, `value`) VALUES ('5564094b483f7074b2e9b1c2d4c5f0f0', '999', 'disabled', 'Enabled');
REPLACE INTO `question_properties` (`form_id`, `question_id`, `prop`, `value`) VALUES ('5564094b483f7074b2e9b1c2d4c5f0f0', '999', 'email', 'yes');
REPLACE INTO `question_properties` (`form_id`, `question_id`, `prop`, `value`) VALUES ('5564094b483f7074b2e9b1c2d4c5f0f0', '999', 'email_addr', 'jim@zynetsw.com');
REPLACE INTO `question_properties` (`form_id`, `question_id`, `prop`, `value`) VALUES ('5564094b483f7074b2e9b1c2d4c5f0f0', '999', 'ext_sendpostdata', 'no');
REPLACE INTO `question_properties` (`form_id`, `question_id`, `prop`, `value`) VALUES ('5564094b483f7074b2e9b1c2d4c5f0f0', '999', 'font', 'Verdana');
REPLACE INTO `question_properties` (`form_id`, `question_id`, `prop`, `value`) VALUES ('5564094b483f7074b2e9b1c2d4c5f0f0', '999', 'fontcolor', '#524c4c');
REPLACE INTO `question_properties` (`form_id`, `question_id`, `prop`, `value`) VALUES ('5564094b483f7074b2e9b1c2d4c5f0f0', '999', 'fontsize', '12');
REPLACE INTO `question_properties` (`form_id`, `question_id`, `prop`, `value`) VALUES ('5564094b483f7074b2e9b1c2d4c5f0f0', '999', 'not_subj', 'New Submission: {qForm Title}');
REPLACE INTO `question_properties` (`form_id`, `question_id`, `prop`, `value`) VALUES ('5564094b483f7074b2e9b1c2d4c5f0f0', '999', 'rvcolor', '');
REPLACE INTO `question_properties` (`form_id`, `question_id`, `prop`, `value`) VALUES ('5564094b483f7074b2e9b1c2d4c5f0f0', '999', 'rvtheme', 'rvJotformThemeStyle3');
REPLACE INTO `question_properties` (`form_id`, `question_id`, `prop`, `value`) VALUES ('5564094b483f7074b2e9b1c2d4c5f0f0', '999', 'sendpostdata', 'yes');
REPLACE INTO `question_properties` (`form_id`, `question_id`, `prop`, `value`) VALUES ('5564094b483f7074b2e9b1c2d4c5f0f0', '999', 'spamcheck', 'Enabled');
REPLACE INTO `question_properties` (`form_id`, `question_id`, `prop`, `value`) VALUES ('5564094b483f7074b2e9b1c2d4c5f0f0', '999', 'thanktext', 'Thanks for contacting me, I will get back to you as soon as possible.');
REPLACE INTO `question_properties` (`form_id`, `question_id`, `prop`, `value`) VALUES ('5564094b483f7074b2e9b1c2d4c5f0f0', '999', 'theme', 'Default');
REPLACE INTO `question_properties` (`form_id`, `question_id`, `prop`, `value`) VALUES ('5564094b483f7074b2e9b1c2d4c5f0f0', '999', 'use_buildin_formmail', 'yes');
REPLACE INTO `question_utf8` (`form_id`, `utf8format`) VALUES ('5564094b483f7074b2e9b1c2d4c5f0f0', '1');
REPLACE INTO `rvs_project_page_out_seggestion` (`project_page_id`, `out_suggestion_id`) VALUES ('0917d08f4c3664bf5413cb0cea5f0644', '1');
REPLACE INTO `rvs_project_page_out_seggestion` (`project_page_id`, `out_suggestion_id`) VALUES ('43fbc194a3854b86fa4c037ac11a670f', '2');
REPLACE INTO `rvs_project_page_out_seggestion` (`project_page_id`, `out_suggestion_id`) VALUES ('1316af47bc637e4f814902a1b0bdf695', '');
REPLACE INTO `rvs_project_page_out_seggestion` (`project_page_id`, `out_suggestion_id`) VALUES ('7aa60bd4caaab67bd95ca78837e7888e', '9');
REPLACE INTO `rvs_project_page_out_seggestion` (`project_page_id`, `out_suggestion_id`) VALUES ('981bb4687127c58b4bcbe8a6c4c05549', '');
REPLACE INTO `rvs_project_page_out_seggestion` (`project_page_id`, `out_suggestion_id`) VALUES ('b44b9beec9502fe12202688e3fa89901', '7');
REPLACE INTO `rvs_out_suggestion` (`out_suggestion_id`, `out_suggestion_name`, `description_keylang`) VALUES ('1', 'Home', '');
REPLACE INTO `rvs_out_suggestion` (`out_suggestion_id`, `out_suggestion_name`, `description_keylang`) VALUES ('2', 'About us', '');
REPLACE INTO `rvs_out_suggestion` (`out_suggestion_id`, `out_suggestion_name`, `description_keylang`) VALUES ('9', 'Contact Us@@Online_Form', '');
REPLACE INTO `rvs_out_suggestion` (`out_suggestion_id`, `out_suggestion_name`, `description_keylang`) VALUES ('7', 'Order', 'our suggestion Order description');
REPLACE INTO `rvs_picture` (`picture_id`, `picture_name`) VALUES ('520d24150d005b759f59fd92ce9475b3', 'airplane');
REPLACE INTO `rvs_project` (`project_id`, `project_info_id`, `rvs_usr_id`, `project_name`, `project_directory`, `utf8format`) VALUES ('98c7dc36e4a1815b20d8f4895dcf535c', '85fd078562107377c76c96d3b3cc965b', '19801db0e652b0ef49e61f8090be3042', 'jims page', '', '1');
REPLACE INTO `rvs_project_info` (`project_info_id`, `template_item_id`, `font_id`, `navigator_id`, `rvs_category_id`, `charset_id`, `project_company`, `project_slogan`, `project_logo`, `project_title`, `project_keyword`, `project_description`, `project_domain`, `check_step`, `effect_site_enter`, `duration_site_enter`, `last_update`, `layout_template_id`, `i_pathway`, `i_mail`, `i_print`, `i_favorite`, `no_slogan`, `no_company_name`, `navigator_name_id`) VALUES ('85fd078562107377c76c96d3b3cc965b', '282e69461d6b5115c3405b5d723a9274', '12', 'df76d339cc5e0602d03f43dea8349c57', '4', '17', 'Jims page', '<div>all about Jim</div>', 'LOGO.JPG', 'Welcome to Jim\'s page', '', '', 'zynetsw.com', '4', '12', '3', '1326671904', '5b7a994edd971a207ddb115a9855ef99', '1', '1', '1', '1', '0', '1', '1');
REPLACE INTO `rvs_project_layout_page` (`project_id`, `project_page_id`, `parent_project_page_id`, `priority`) VALUES ('98c7dc36e4a1815b20d8f4895dcf535c', '0917d08f4c3664bf5413cb0cea5f0644', '0', '1');
REPLACE INTO `rvs_project_layout_page` (`project_id`, `project_page_id`, `parent_project_page_id`, `priority`) VALUES ('98c7dc36e4a1815b20d8f4895dcf535c', '43fbc194a3854b86fa4c037ac11a670f', '0', '2');
REPLACE INTO `rvs_project_layout_page` (`project_id`, `project_page_id`, `parent_project_page_id`, `priority`) VALUES ('98c7dc36e4a1815b20d8f4895dcf535c', '1316af47bc637e4f814902a1b0bdf695', '0', '3');
REPLACE INTO `rvs_project_layout_page` (`project_id`, `project_page_id`, `parent_project_page_id`, `priority`) VALUES ('98c7dc36e4a1815b20d8f4895dcf535c', '7aa60bd4caaab67bd95ca78837e7888e', '0', '5');
REPLACE INTO `rvs_project_layout_page` (`project_id`, `project_page_id`, `parent_project_page_id`, `priority`) VALUES ('98c7dc36e4a1815b20d8f4895dcf535c', '981bb4687127c58b4bcbe8a6c4c05549', '0', '6');
REPLACE INTO `rvs_project_layout_page` (`project_id`, `project_page_id`, `parent_project_page_id`, `priority`) VALUES ('98c7dc36e4a1815b20d8f4895dcf535c', 'b44b9beec9502fe12202688e3fa89901', '0', '4');
REPLACE INTO `rvs_project_page` (`project_page_id`, `rvs_usr_id`, `page_name`, `custom_page_name`, `rvs_component_id`, `page_data`, `page_data_zone_2`, `page_data_zone_3`, `page_data_zone_4`, `colume_width_1`, `colume_width_2`, `colume_width_3`, `rvs_layout_id`, `head`, `page_title`, `meta_keyword`, `meta_description`, `effect_page_enter`, `duration_page_enter`, `meta_page_effect`, `rvs_link_id`, `target`, `form_template_id`, `i_pathway`, `i_mail`, `i_print`, `i_favorite`, `last_modifier`, `link_active`, `page_type`) VALUES ('0917d08f4c3664bf5413cb0cea5f0644', '19801db0e652b0ef49e61f8090be3042', 'Home', '', '0', '<div id=\"fb-root\"></div><script     >(function(d, s, id) {\n  var js, fjs = d.getElementsByTagName(s)[0];\n  if (d.getElementById(id)) return;\n  js = d.createElement(s); js.id = id;\n  js.src = \"//connect.facebook.net/en_US/all.js#xfbml=1\";\n  fjs.parentNode.insertBefore(js, fjs);\n}(document, \'script\', \'facebook-jssdk\'));</script>\n<table class=\"rvFrame\" width=\"780\" cellpadding=\"1\" cellspacing=\"1\">\n<tbody>\n<tr>\n<td class=\"tdSolid\" valign=\"top\" align=\"left\">\n<div class=\"dashView\">\n<table width=\"100%\" cellpadding=\"8\" cellspacing=\"0\">\n<tbody>\n<tr>\n<td colspan=\"2\" style=\"padding: 5px 0\" valign=\"top\">\n<h2 style=\"margin: 2px; font-size: 1.3em\"><u>Welcome to my little place in cyberspace.</u></h2></td></tr>\n<tr>\n<td valign=\"top\">\n<div><img title=\"\" src=\"/3rdparty/rvsitebuilder/project/98c7dc36e4a1815b20d8f4895dcf535c/images/Jim_Demon.jpg\" alt=\"\" width=\"316\" height=\"237\" hspace=\"10\" /></div></td>\n<td valign=\"top\" width=\"99%\"><strong><em>Jim and his pal Demon.</em></strong>\n<p> This is me and my buddy Demon on a camping trip near Greer, AZ. What a cool place up in northern AZ to hang out for the weekend. This is just one of the things I like to do in my spare time.</p></td></tr>\n<tr>\n<td colspan=\"2\" style=\"padding: 5px\" valign=\"top\" align=\"left\">Below are other things I like to do in my spare time, if I have any now a days :-). Check out my photo album for more pictures.<br />\n</td></tr></tbody></table></div></td></tr>\n<tr>\n<td class=\"tdSolid\" valign=\"top\" align=\"left\">\n<div class=\"dashView\">\n<table width=\"845\" cellpadding=\"0\" cellspacing=\"0\" height=\"368\">\n<tbody>\n<tr>\n<td colspan=\"5\" style=\"padding: 5px 0\" valign=\"top\">\n<h2 style=\"margin: 2px; font-size: 1.3em\">Other things I like to do.</h2></td></tr>\n<tr>\n<td valign=\"top\" width=\"33%\" align=\"center\"><img title=\"\" src=\"/3rdparty/rvsitebuilder/project/98c7dc36e4a1815b20d8f4895dcf535c/images/0516091703.jpg\" alt=\"\" vspace=\"5\" width=\"269\" height=\"202\" /><br />\n<strong>Jim at a BMW rally</strong>\n<div style=\"text-align: left; padding: 20px 7px\"> This is me about to go on a test ride, on a BMW K1300S. you would not believe the size of the smile on my face when I returned.  </div></td>\n<td valign=\"top\" width=\"33%\" align=\"center\">\n<div>&nbsp;</div></td>\n<td valign=\"top\" width=\"33%\" align=\"center\">\n<div>&nbsp;</div></td>\n<td valign=\"top\" align=\"center\"><img title=\"\" src=\"/3rdparty/rvsitebuilder/project/98c7dc36e4a1815b20d8f4895dcf535c/images/car2.jpg\" alt=\"\" vspace=\"5\" width=\"289\" height=\"202\" /><br />\n<strong>Jim at the drags</strong>\n<div style=\"text-align: left; padding: 20px 7px\"> This was taken at Interstate dragways, close to moorehead, MN. I believe this was taken in the early 90\'s.It is now called <a href=\"http://www.topenddragways.com/\" title=\"\">Top end dragways</a>. Yes I still have this car :-)</div></td>\n<td valign=\"top\" align=\"center\"><img title=\"\" src=\"/3rdparty/rvsitebuilder/project/98c7dc36e4a1815b20d8f4895dcf535c/images/car8.jpg\" alt=\"\" vspace=\"5\" width=\"287\" height=\"200\" /><br />\n<strong>Jim\'s other toy</strong>\n<div style=\"text-align: left; padding: 20px 7px\"> This is my other toy, it is not a daily driver and is constantly in the works. Some day I will have enough money to finish it.</div></td></tr>\n<tr valign=\"top\">\n<td valign=\"top\" width=\"33%\" align=\"center\">\n<div>&nbsp;</div></td>\n<td valign=\"top\" width=\"33%\" align=\"center\">\n<div>&nbsp;</div></td>\n<td valign=\"top\" width=\"33%\" align=\"center\">\n<div>&nbsp;</div></td>\n<td valign=\"top\" align=\"center\">\n<div>&nbsp;</div></td>\n<td valign=\"top\" align=\"center\">\n<div>&nbsp;</div></td></tr>\n<tr valign=\"top\" bgcolor=\"#000000\">\n<td valign=\"top\" width=\"33%\" align=\"center\">\n<div>&nbsp;</div>\n<div class=\"fb-like\" data-href=\"http://zynetsw.com/jim/\" data-send=\"true\" data-width=\"450\" data-show-faces=\"true\"></div></td>\n<td valign=\"top\" width=\"33%\" align=\"center\">\n<div>&nbsp;</div></td>\n<td valign=\"top\" width=\"33%\" align=\"center\">\n<div>&nbsp;</div></td>\n<td valign=\"top\" align=\"center\">\n<div>&nbsp;<a href=\"https://twitter.com/zynetsw\" class=\"twitter-follow-button\" data-show-count=\"false\">Follow @zynetsw</a><script >!function(d,s,id){var js,fjs=d.getElementsByTagName(s)[0];if(!d.getElementById(id)){js=d.createElement(s);js.id=id;js.src=\"//platform.twitter.com/widgets.js\";fjs.parentNode.insertBefore(js,fjs);}}(document,\"script\",\"twitter-wjs\");</script></div></td>\n<td valign=\"top\" align=\"center\">\n<div>&nbsp;</div></td></tr>\n<tr valign=\"top\">\n<td valign=\"top\" width=\"33%\" align=\"center\">\n<div>&nbsp;</div></td>\n<td valign=\"top\" width=\"33%\" align=\"center\">\n<div>&nbsp;</div></td>\n<td valign=\"top\" width=\"33%\" align=\"center\">\n<div>&nbsp;</div></td>\n<td valign=\"top\" align=\"center\">\n<div>&nbsp;</div></td>\n<td valign=\"top\" align=\"center\">\n<div>&nbsp;</div></td></tr></tbody></table></div></td></tr></tbody></table>', NULL, NULL, NULL, NULL, NULL, NULL, '1', '', '', '', '', '12', '2', '\n<meta http-equiv=\"Site-Enter\" content=\"revealTrans(Duration=3,Transition=12)\" />\n<meta http-equiv=\"Page-Enter\" content=\"revealTrans(Duration=2,Transition=12)\" />\n', '', '', '', NULL, NULL, NULL, NULL, '1326676526', NULL, '');
REPLACE INTO `rvs_project_page` (`project_page_id`, `rvs_usr_id`, `page_name`, `custom_page_name`, `rvs_component_id`, `page_data`, `page_data_zone_2`, `page_data_zone_3`, `page_data_zone_4`, `colume_width_1`, `colume_width_2`, `colume_width_3`, `rvs_layout_id`, `head`, `page_title`, `meta_keyword`, `meta_description`, `effect_page_enter`, `duration_page_enter`, `meta_page_effect`, `rvs_link_id`, `target`, `form_template_id`, `i_pathway`, `i_mail`, `i_print`, `i_favorite`, `last_modifier`, `link_active`, `page_type`) VALUES ('43fbc194a3854b86fa4c037ac11a670f', '19801db0e652b0ef49e61f8090be3042', 'About me', '', '0', '<table class=\"rvFrame\" cellpadding=\"1\" cellspacing=\"1\" width=\"780\">\n<tbody>\n<tr>\n<td class=\"tdSolid\" align=\"left\" valign=\"top\">\n<div class=\"dashView\">\n<table cellpadding=\"5\" cellspacing=\"0\" width=\"100%\">\n<tbody>\n<tr>\n<td style=\"padding: 20px 10px 20px 0\" valign=\"top\"><img title=\"\" src=\"/3rdparty/rvsitebuilder/rvs_library/180x150/l097.jpg\" alt=\"\" height=\"150\" width=\"180\" /></td>\n<td style=\"padding: 20px 10px 20px 0\" align=\"center\" valign=\"top\" width=\"99%\"> <br />\n</td></tr></tbody></table></div></td></tr>\n<tr>\n<td class=\"tdSolid\" align=\"left\" valign=\"top\">\n<div class=\"dashView\">\n<table cellpadding=\"3\" cellspacing=\"0\" width=\"100%\">\n<tbody>\n<tr>\n<td align=\"left\">\n<h2 style=\"margin: 2px; font-size: 1.3em\"><u>Bio.</u></h2></td></tr>\n<tr>\n<td align=\"left\" valign=\"top\" width=\"99%\">\n<div style=\"padding-bottom: 15px\">\n<h2 style=\"margin: 5px 0pt 8px; font-size: 1.1em\">Where do I start.</h2>\n\n								More coming soon, check back later :-).</div>\n<div style=\"padding-bottom: 15px\">Suspendisse turpis. Nulla eget leo. Cras interdum sollicitudin ante. Sed placerat scelerisque magna.\n\n								Vestibulum rutrum nibh a eros. Cum sociis natoque penatibus. Cras interdum sollicitudin ante. Sed placerat scelerisque magna.</div>\n<div style=\"padding-bottom: 15px\">\n<h2 style=\"margin: 5px 0 8px 0; font-size: 1.1em\">Cras interdum sollicitudin ante.</h2>\n\n											Suspendisse turpis. Nulla eget leo. Cras interdum sollicitudin ante. Sed placerat scelerisque magna.\n\n											Vestibulum rutrum nibh a eros. Cum sociis natoque penatibus. Cras interdum sollicitudin ante. Sed placerat scelerisque magna.</div></td></tr></tbody></table></div></td></tr></tbody></table>', '<table class=\"rvFrame\" cellpadding=\"1\" cellspacing=\"1\" width=\"780\">\n<tbody>\n<tr>\n<td class=\"tdSolid\" align=\"left\" valign=\"top\">\n<div class=\"dashView\">\n<table cellpadding=\"5\" cellspacing=\"0\" width=\"100%\">\n<tbody>\n<tr>\n<td style=\"padding: 20px 10px 20px 0\" valign=\"top\"><img src=\"/3rdparty/rvsitebuilder/rvs_library/180x120/4ct_180x120_40.jpg\" alt=\"\" height=\"120\" width=\"180\" /></td>\n<td style=\"padding: 20px 10px 20px 0\" align=\"center\" valign=\"top\" width=\"99%\"> Suspendisse turpis. Nulla eget leo. Cras interdum sollicitudin ante. Sed placerat scelerisque magna.\n\n								Vestibulum rutrum nibh a eros. Cum sociis natoque penatibus et magnis dis parturient montes,\n\n								nascetur ridiculus mus. Pellentesque nonummy, lorem non elementum consequat, velit diam iaculis erat,\n\n								eget venenatis neque dui sed ligula.</td></tr></tbody></table></div></td></tr>\n<tr>\n<td class=\"tdSolid\" align=\"left\" valign=\"top\">\n<div class=\"dashView\">\n<table cellpadding=\"3\" cellspacing=\"0\" width=\"100%\">\n<tbody>\n<tr>\n<td align=\"left\">\n<h2 style=\"margin: 2px; font-size: 1.3em\"><u>Cras interdum sollicitudin ante.</u></h2></td></tr>\n<tr>\n<td align=\"left\" valign=\"top\" width=\"99%\">\n<div style=\"padding-bottom: 15px\">\n<h2 style=\"margin: 5px 0 8px 0; font-size: 1.1em\">Cras interdum sollicitudin ante.</h2>\n\n								Suspendisse turpis. Nulla eget leo. Cras interdum sollicitudin ante. Sed placerat scelerisque magna.\n\n								Vestibulum rutrum nibh a eros. Cum sociis natoque penatibus. Cras interdum sollicitudin ante. Sed placerat scelerisque magna.</div>\n<div style=\"padding-bottom: 15px\">\n<h2 style=\"margin: 5px 0 8px 0; font-size: 1.1em\">Cras interdum sollicitudin ante.</h2>\n\n											Suspendisse turpis. Nulla eget leo. Cras interdum sollicitudin ante. Sed placerat scelerisque magna.\n\n											Vestibulum rutrum nibh a eros. Cum sociis natoque penatibus. Cras interdum sollicitudin ante. Sed placerat scelerisque magna.</div></td></tr></tbody></table></div></td></tr></tbody></table>', NULL, NULL, NULL, NULL, NULL, '4', '', '', '', '', '12', '2', '\n<meta http-equiv=\"Site-Enter\" content=\"revealTrans(Duration=3,Transition=12)\" />\n<meta http-equiv=\"Page-Enter\" content=\"revealTrans(Duration=2,Transition=12)\" />\n', '', '', '', NULL, NULL, NULL, NULL, '1317007287', NULL, '');
REPLACE INTO `rvs_project_page` (`project_page_id`, `rvs_usr_id`, `page_name`, `custom_page_name`, `rvs_component_id`, `page_data`, `page_data_zone_2`, `page_data_zone_3`, `page_data_zone_4`, `colume_width_1`, `colume_width_2`, `colume_width_3`, `rvs_layout_id`, `head`, `page_title`, `meta_keyword`, `meta_description`, `effect_page_enter`, `duration_page_enter`, `meta_page_effect`, `rvs_link_id`, `target`, `form_template_id`, `i_pathway`, `i_mail`, `i_print`, `i_favorite`, `last_modifier`, `link_active`, `page_type`) VALUES ('1316af47bc637e4f814902a1b0bdf695', '19801db0e652b0ef49e61f8090be3042', 'Photo Gallery ', '', 'a9cadbd10665c0555688d27f66a58bf2', '', NULL, NULL, NULL, NULL, NULL, NULL, '0', '', '', '', '', '12', '2', '\n<meta http-equiv=\"Site-Enter\" content=\"revealTrans(Duration=3,Transition=12)\" />\n<meta http-equiv=\"Page-Enter\" content=\"revealTrans(Duration=2,Transition=12)\" />\n', '', '', '', NULL, NULL, NULL, NULL, NULL, NULL, '');
REPLACE INTO `rvs_project_page` (`project_page_id`, `rvs_usr_id`, `page_name`, `custom_page_name`, `rvs_component_id`, `page_data`, `page_data_zone_2`, `page_data_zone_3`, `page_data_zone_4`, `colume_width_1`, `colume_width_2`, `colume_width_3`, `rvs_layout_id`, `head`, `page_title`, `meta_keyword`, `meta_description`, `effect_page_enter`, `duration_page_enter`, `meta_page_effect`, `rvs_link_id`, `target`, `form_template_id`, `i_pathway`, `i_mail`, `i_print`, `i_favorite`, `last_modifier`, `link_active`, `page_type`) VALUES ('7aa60bd4caaab67bd95ca78837e7888e', '19801db0e652b0ef49e61f8090be3042', 'Contact Us', '', 'b9c6d7f965b896d9ffc4da166aa39232', '<img alt=\"\" class=\"jotForm\" id=\"DragAndDropForm_5564094b483f7074b2e9b1c2d4c5f0f0\" name=\"DragAndDropForm_5564094b483f7074b2e9b1c2d4c5f0f0\" src=\"/3rdparty/rvsitebuilder/themes/default/sitebuilder/images/spacer.gif\" frmid=\"5564094b483f7074b2e9b1c2d4c5f0f0\" formtype=\"jotform\" height=\"600\" width=\"600\" align=\"center\" border=\"1\" /><br/>', NULL, NULL, NULL, NULL, NULL, NULL, '0', '', '', '', '', '12', '2', '\n<meta http-equiv=\"Site-Enter\" content=\"revealTrans(Duration=3,Transition=12)\" />\n<meta http-equiv=\"Page-Enter\" content=\"revealTrans(Duration=2,Transition=12)\" />\n', '', '', '', NULL, NULL, NULL, NULL, NULL, NULL, '');
REPLACE INTO `rvs_project_page` (`project_page_id`, `rvs_usr_id`, `page_name`, `custom_page_name`, `rvs_component_id`, `page_data`, `page_data_zone_2`, `page_data_zone_3`, `page_data_zone_4`, `colume_width_1`, `colume_width_2`, `colume_width_3`, `rvs_layout_id`, `head`, `page_title`, `meta_keyword`, `meta_description`, `effect_page_enter`, `duration_page_enter`, `meta_page_effect`, `rvs_link_id`, `target`, `form_template_id`, `i_pathway`, `i_mail`, `i_print`, `i_favorite`, `last_modifier`, `link_active`, `page_type`) VALUES ('981bb4687127c58b4bcbe8a6c4c05549', '19801db0e652b0ef49e61f8090be3042', 'ComponentAndUserFramework', '', '5043954b6cc587c03d3651292652b072', '', NULL, NULL, NULL, NULL, NULL, NULL, '0', '', '', '', '', NULL, NULL, '', '', '', '', NULL, NULL, NULL, NULL, NULL, NULL, '');
REPLACE INTO `rvs_project_page` (`project_page_id`, `rvs_usr_id`, `page_name`, `custom_page_name`, `rvs_component_id`, `page_data`, `page_data_zone_2`, `page_data_zone_3`, `page_data_zone_4`, `colume_width_1`, `colume_width_2`, `colume_width_3`, `rvs_layout_id`, `head`, `page_title`, `meta_keyword`, `meta_description`, `effect_page_enter`, `duration_page_enter`, `meta_page_effect`, `rvs_link_id`, `target`, `form_template_id`, `i_pathway`, `i_mail`, `i_print`, `i_favorite`, `last_modifier`, `link_active`, `page_type`) VALUES ('b44b9beec9502fe12202688e3fa89901', '19801db0e652b0ef49e61f8090be3042', 'Funnies', '', '0', '<table class=\"rvFrame\" width=\"780\" cellpadding=\"1\" cellspacing=\"1\">\n<tbody>\n<tr>\n<td class=\"tdSolid\" colspan=\"3\" valign=\"top\" width=\"100%\">\n<div class=\"dashView\">\n<table width=\"100%\" cellpadding=\"5\" cellspacing=\"0\">\n<tbody>\n<tr>\n<td style=\"padding: 0 10px 0 0\" valign=\"top\"><img src=\"/3rdparty/rvsitebuilder/rvs_library/330x190/b40.jpg\" alt=\"\" width=\"330\" height=\"190\" /></td>\n<td valign=\"top\" width=\"99%\">\n<h2 style=\"margin: 0 1px 10px 1px; font-size: 1.2em\">Welcome to Jim\'s funny papers.</h2>\n\n							   These have been circulating around either at the office or the net.....enjoy. more on the way\n<p align=\"right\"><strong style=\"padding-right: 10px\"><br />\n</strong> </p></td></tr></tbody></table></div></td></tr>\n<tr>\n<td class=\"tdSolid\" valign=\"top\" width=\"100%\">\n<div class=\"dashView\">\n<table style=\"width: 100%; background-color: #e2e2e2\" summary=\"\" border=\"2\" bordercolor=\"#20df9f\" cellpadding=\"3\" cellspacing=\"1\">\n<tbody>\n<tr valign=\"top\">\n<td>\n<div><a href=\"/3rdparty/rvsitebuilder/project/98c7dc36e4a1815b20d8f4895dcf535c/documents/Anatheist.pdf\" title=\"\"><img alt=\"\" title=\"\" src=\"/3rdparty/rvsitebuilder/rvs_library/icon/document_seach.gif\" width=\"32\" border=\"0\" height=\"32\" />An Atheist.pdf<br />\n</a></div></td>\n<td>\n<div><a href=\"/3rdparty/rvsitebuilder/project/98c7dc36e4a1815b20d8f4895dcf535c/documents/asslist.pdf\" title=\"\"><img alt=\"\" title=\"\" src=\"/3rdparty/rvsitebuilder/rvs_library/icon/document_seach.gif\" width=\"32\" border=\"0\" height=\"32\" />Ass list.pdf<br />\n</a></div></td>\n<td>\n<div><a href=\"/3rdparty/rvsitebuilder/project/98c7dc36e4a1815b20d8f4895dcf535c/documents/Astrology.pdf\" title=\"\"><img alt=\"\" title=\"\" src=\"/3rdparty/rvsitebuilder/rvs_library/icon/document_seach.gif\" width=\"32\" border=\"0\" height=\"32\" />Astrology.pdf</a></div></td>\n<td>\n<div><a href=\"/3rdparty/rvsitebuilder/project/98c7dc36e4a1815b20d8f4895dcf535c/documents/Barbies.pdf\" title=\"\"><img alt=\"\" title=\"\" src=\"/3rdparty/rvsitebuilder/rvs_library/icon/document_seach.gif\" width=\"32\" border=\"0\" height=\"32\" />Barbies.pdf</a></div></td>\n<td>\n<div><a href=\"/3rdparty/rvsitebuilder/project/98c7dc36e4a1815b20d8f4895dcf535c/documents/EngineerPassing.pdf\" title=\"\"><img alt=\"\" title=\"\" src=\"/3rdparty/rvsitebuilder/rvs_library/icon/document_seach.gif\" width=\"32\" border=\"0\" height=\"32\" />Engineer passing.pdf<br />\n</a></div></td>\n<td>\n<div><a href=\"/3rdparty/rvsitebuilder/project/98c7dc36e4a1815b20d8f4895dcf535c/documents/BeerTroubleShootingChart.pdf\" title=\"\"><img alt=\"\" title=\"\" src=\"/3rdparty/rvsitebuilder/rvs_library/icon/document_seach.gif\" width=\"32\" border=\"0\" height=\"32\" />Beer Troubleshooting<br />\n</a></div></td></tr>\n<tr valign=\"top\">\n<td>\n<div><a href=\"/3rdparty/rvsitebuilder/project/98c7dc36e4a1815b20d8f4895dcf535c/documents/beerisms.pdf\" title=\"\"><img alt=\"\" title=\"\" src=\"/3rdparty/rvsitebuilder/rvs_library/icon/document_seach.gif\" width=\"32\" border=\"0\" height=\"32\" />Beerisms.pdf</a></div></td>\n<td>\n<div><a href=\"/3rdparty/rvsitebuilder/project/98c7dc36e4a1815b20d8f4895dcf535c/documents/bestcombackever.pdf\" title=\"\"><img alt=\"\" title=\"\" src=\"/3rdparty/rvsitebuilder/rvs_library/icon/document_seach.gif\" width=\"32\" border=\"0\" height=\"32\" />Best come back.pdf<br />\n</a></div></td>\n<td>\n<div><a href=\"/3rdparty/rvsitebuilder/project/98c7dc36e4a1815b20d8f4895dcf535c/documents/BillGatesvrsGM.pdf\" title=\"\"><img alt=\"\" title=\"\" src=\"/3rdparty/rvsitebuilder/rvs_library/icon/document_seach.gif\" width=\"32\" border=\"0\" height=\"32\" />Bill Gates vrs GM.pdf</a></div></td>\n<td>\n<div><a href=\"/3rdparty/rvsitebuilder/project/98c7dc36e4a1815b20d8f4895dcf535c/documents/BillGatesvrsGM2.pdf\" title=\"\"><img alt=\"\" title=\"\" src=\"/3rdparty/rvsitebuilder/rvs_library/icon/document_seach.gif\" width=\"32\" border=\"0\" height=\"32\" />Bill Gates vrs GM2.pdf<br />\n</a></div></td>\n<td>\n<div><a href=\"/3rdparty/rvsitebuilder/project/98c7dc36e4a1815b20d8f4895dcf535c/documents/blondguyjoke.pdf\" title=\"\"><img alt=\"\" title=\"\" src=\"/3rdparty/rvsitebuilder/rvs_library/icon/document_seach.gif\" width=\"32\" border=\"0\" height=\"32\" />Blond guy joke.pdf<br />\n</a></div></td>\n<td>\n<div><a href=\"/3rdparty/rvsitebuilder/project/98c7dc36e4a1815b20d8f4895dcf535c/documents/blonds.pdf\" title=\"\"><img alt=\"\" title=\"\" src=\"/3rdparty/rvsitebuilder/rvs_library/icon/document_seach.gif\" width=\"32\" border=\"0\" height=\"32\" />Blonds.pdf</a></div></td></tr>\n<tr valign=\"top\">\n<td>\n<div><a href=\"/3rdparty/rvsitebuilder/project/98c7dc36e4a1815b20d8f4895dcf535c/documents/computergender.pdf\" title=\"\"><img alt=\"\" title=\"\" src=\"/3rdparty/rvsitebuilder/rvs_library/icon/document_seach.gif\" width=\"32\" border=\"0\" height=\"32\" />Computer gender.pdf<br />\n</a></div></td>\n<td>\n<div><a href=\"/3rdparty/rvsitebuilder/project/98c7dc36e4a1815b20d8f4895dcf535c/documents/DIRECTIONSforMICROSOFTTVDINNER.pdf\" title=\"\"><img alt=\"\" title=\"\" src=\"/3rdparty/rvsitebuilder/rvs_library/icon/document_seach.gif\" width=\"32\" border=\"0\" height=\"32\" />Microsoft tv dinner.pdf<br />\n</a></div></td>\n<td>\n<div><a href=\"/3rdparty/rvsitebuilder/project/98c7dc36e4a1815b20d8f4895dcf535c/documents/e-mailmoon.pdf\" title=\"\"><img alt=\"\" title=\"\" src=\"/3rdparty/rvsitebuilder/rvs_library/icon/document_seach.gif\" width=\"32\" border=\"0\" height=\"32\" />E-mail moon.pdf<br />\n</a></div></td>\n<td>\n<div><a href=\"/3rdparty/rvsitebuilder/project/98c7dc36e4a1815b20d8f4895dcf535c/documents/Emotions.pdf\" title=\"\"><img alt=\"\" title=\"\" src=\"/3rdparty/rvsitebuilder/rvs_library/icon/document_seach.gif\" width=\"32\" border=\"0\" height=\"32\" />Emotions.pdf</a></div></td>\n<td>\n<div><a href=\"/3rdparty/rvsitebuilder/project/98c7dc36e4a1815b20d8f4895dcf535c/documents/everwonder.pdf\" title=\"\"><img alt=\"\" title=\"\" src=\"/3rdparty/rvsitebuilder/rvs_library/icon/document_seach.gif\" width=\"32\" border=\"0\" height=\"32\" />Ever Wonder.pdf<br />\n</a></div></td>\n<td>\n<div><a href=\"/3rdparty/rvsitebuilder/project/98c7dc36e4a1815b20d8f4895dcf535c/documents/Giving100.pdf\" title=\"\"><img alt=\"\" title=\"\" src=\"/3rdparty/rvsitebuilder/rvs_library/icon/document_seach.gif\" width=\"32\" border=\"0\" height=\"32\" />Giving 100%.pdf<br />\n</a></div></td></tr>\n<tr valign=\"top\">\n<td>\n<div><a href=\"/3rdparty/rvsitebuilder/project/98c7dc36e4a1815b20d8f4895dcf535c/documents/gorgeousredhead.pdf\" title=\"\"><img alt=\"\" title=\"\" src=\"/3rdparty/rvsitebuilder/rvs_library/icon/document_seach.gif\" width=\"32\" border=\"0\" height=\"32\" />Gorgeous redhead.pdf<br />\n</a></div></td>\n<td>\n<div><a href=\"/3rdparty/rvsitebuilder/project/98c7dc36e4a1815b20d8f4895dcf535c/documents/gorgeousredhead.pdf\" title=\"\"><img alt=\"\" title=\"\" src=\"/3rdparty/rvsitebuilder/rvs_library/icon/document_seach.gif\" width=\"32\" border=\"0\" height=\"32\" /></a><a href=\"/3rdparty/rvsitebuilder/project/98c7dc36e4a1815b20d8f4895dcf535c/documents/Holidaygreeting.pdf\" title=\"\">Politically correct holiday greeting</a></div></td>\n<td>\n<div><a href=\"/3rdparty/rvsitebuilder/project/98c7dc36e4a1815b20d8f4895dcf535c/documents/gorgeousredhead.pdf\" title=\"\"><img alt=\"\" title=\"\" src=\"/3rdparty/rvsitebuilder/rvs_library/icon/document_seach.gif\" width=\"32\" border=\"0\" height=\"32\" /></a>&nbsp;<a href=\"/3rdparty/rvsitebuilder/project/98c7dc36e4a1815b20d8f4895dcf535c/documents/MSDSwoman.pdf\" title=\"\">MSDSwoman.pdf</a>&nbsp;</div></td>\n<td>\n<div>&nbsp;</div></td>\n<td>\n<div>&nbsp;</div></td>\n<td>\n<div>&nbsp;</div></td></tr>\n<tr valign=\"top\">\n<td>\n<div>&nbsp;</div></td>\n<td>\n<div>&nbsp;</div></td>\n<td>\n<div>&nbsp;</div></td>\n<td>\n<div>&nbsp;</div></td>\n<td>\n<div>&nbsp;</div></td>\n<td>\n<div>&nbsp;</div></td></tr>\n<tr valign=\"top\">\n<td>\n<div>&nbsp;</div></td>\n<td>\n<div>&nbsp;</div></td>\n<td>\n<div>&nbsp;</div></td>\n<td>\n<div>&nbsp;</div></td>\n<td>\n<div>&nbsp;</div></td>\n<td>\n<div>&nbsp;</div></td></tr>\n<tr valign=\"top\">\n<td>\n<div>&nbsp;</div></td>\n<td>\n<div>&nbsp;</div></td>\n<td>\n<div>&nbsp;</div></td>\n<td>\n<div>&nbsp;</div></td>\n<td>\n<div>&nbsp;</div></td>\n<td>\n<div>&nbsp;</div></td></tr>\n<tr valign=\"top\">\n<td>\n<div>&nbsp;</div></td>\n<td>\n<div>&nbsp;</div></td>\n<td>\n<div>&nbsp;</div></td>\n<td>\n<div>&nbsp;</div></td>\n<td>\n<div>&nbsp;</div></td>\n<td>\n<div>&nbsp;</div></td></tr>\n<tr valign=\"top\">\n<td>\n<div>&nbsp;</div></td>\n<td>\n<div>&nbsp;</div></td>\n<td>\n<div>&nbsp;</div></td>\n<td>\n<div>&nbsp;</div></td>\n<td>\n<div>&nbsp;</div></td>\n<td>\n<div>&nbsp;</div></td></tr>\n<tr valign=\"top\">\n<td>\n<div>&nbsp;</div></td>\n<td>\n<div>&nbsp;</div></td>\n<td>\n<div>&nbsp;</div></td>\n<td>\n<div>&nbsp;</div></td>\n<td>\n<div>&nbsp;</div></td>\n<td>\n<div>&nbsp;</div></td></tr>\n<tr valign=\"top\">\n<td>\n<div>&nbsp;</div></td>\n<td>\n<div>&nbsp;</div></td>\n<td>\n<div>&nbsp;</div></td>\n<td>\n<div>&nbsp;</div></td>\n<td>\n<div>&nbsp;</div></td>\n<td>\n<div>&nbsp;</div></td></tr>\n<tr valign=\"top\">\n<td>\n<div>&nbsp;</div></td>\n<td>\n<div>&nbsp;</div></td>\n<td>\n<div>&nbsp;</div></td>\n<td>\n<div>&nbsp;</div></td>\n<td>\n<div>&nbsp;</div></td>\n<td>\n<div>&nbsp;</div></td></tr>\n<tr valign=\"top\">\n<td>\n<div>&nbsp;</div></td>\n<td>\n<div>&nbsp;</div></td>\n<td>\n<div>&nbsp;</div></td>\n<td>\n<div>&nbsp;</div></td>\n<td>\n<div>&nbsp;</div></td>\n<td>\n<div>&nbsp;</div></td></tr>\n<tr valign=\"top\">\n<td>\n<div>&nbsp;</div></td>\n<td>\n<div>&nbsp;</div></td>\n<td>\n<div>&nbsp;</div></td>\n<td>\n<div>&nbsp;</div></td>\n<td>\n<div>&nbsp;</div></td>\n<td>\n<div>&nbsp;</div></td></tr>\n<tr valign=\"top\">\n<td>\n<div>&nbsp;</div></td>\n<td>\n<div>&nbsp;</div></td>\n<td>\n<div>&nbsp;</div></td>\n<td>\n<div>&nbsp;</div></td>\n<td>\n<div>&nbsp;</div></td>\n<td>\n<div>&nbsp;</div></td></tr>\n<tr valign=\"top\">\n<td>\n<div>&nbsp;</div></td>\n<td>\n<div>&nbsp;</div></td>\n<td>\n<div>&nbsp;</div></td>\n<td>\n<div>&nbsp;</div></td>\n<td>\n<div>&nbsp;</div></td>\n<td>\n<div>&nbsp;</div></td></tr>\n<tr valign=\"top\">\n<td>\n<div>&nbsp;</div></td>\n<td>\n<div>&nbsp;</div></td>\n<td>\n<div>&nbsp;</div></td>\n<td>\n<div>&nbsp;</div></td>\n<td>\n<div>&nbsp;</div></td>\n<td>\n<div>&nbsp;</div></td></tr>\n<tr valign=\"top\">\n<td>\n<div>&nbsp;</div></td>\n<td>\n<div>&nbsp;</div></td>\n<td>\n<div>&nbsp;</div></td>\n<td>\n<div>&nbsp;</div></td>\n<td>\n<div>&nbsp;</div></td>\n<td>\n<div>&nbsp;</div></td></tr>\n<tr valign=\"top\">\n<td>\n<div>&nbsp;</div></td>\n<td>\n<div>&nbsp;</div></td>\n<td>\n<div>&nbsp;</div></td>\n<td>\n<div>&nbsp;</div></td>\n<td>\n<div>&nbsp;</div></td>\n<td>\n<div>&nbsp;</div></td></tr>\n<tr valign=\"top\">\n<td>\n<div>&nbsp;</div></td>\n<td>\n<div>&nbsp;</div></td>\n<td>\n<div>&nbsp;</div></td>\n<td>\n<div>&nbsp;</div></td>\n<td>\n<div>&nbsp;</div></td>\n<td>\n<div>&nbsp;</div></td></tr></tbody></table><br />\n</div></td></tr>\n<tr>\n<td class=\"tdSolid\" valign=\"top\" width=\"100%\">\n<div class=\"dashView\">&nbsp;</div></td></tr></tbody></table>', NULL, NULL, NULL, NULL, NULL, NULL, '1', '', '', '', '', NULL, NULL, '', '', '', '', NULL, NULL, NULL, NULL, '1326679000', NULL, '');
REPLACE INTO `rvs_publish` (`project_id`, `rvs_publish_protocal`, `rvs_publish_domain`, `rvs_publish_path`, `rvs_domain_path`) VALUES ('98c7dc36e4a1815b20d8f4895dcf535c', 'http', 'jim.zynetsw.com', '', '/home/zynetsw1/public_html/jim');
REPLACE INTO `rvs_template_item` (`template_item_id`, `products_id`, `template_id`, `template_item_folder`, `template_type_s_preview`, `color_id`, `picture_id`) VALUES ('282e69461d6b5115c3405b5d723a9274', '4-138-3', '6f4918723703870ecee59c84196cf1f4', 'pro_4-138-3_green_airplane_2', 'jpg', '28', '520d24150d005b759f59fd92ce9475b3');
REPLACE INTO `rvs_template_item_navigator_color` (`template_item_id`, `custom_color_group_id`) VALUES ('282e69461d6b5115c3405b5d723a9274', '4');
REPLACE INTO `rvs_template` (`template_id`, `default_template_item_id`, `default_template_item_id2`, `font_id`, `menustyle_id`, `navigator_id`, `default_layout_id`, `sort_priority`, `cdate`) VALUES ('6f4918723703870ecee59c84196cf1f4', '6f4918723703870ecee59c84196cf1f4', '', '12', '2', '27', '9dd12b138426f964f6fd2f38525976f9', '200', '1224201600');
REPLACE INTO `rvs_menustyle` (`menustyle_id`, `menustyle_description`) VALUES ('2', 'horizontal');
REPLACE INTO `rvs_template_categories_xref` (`template_id`, `rvs_category_id`) VALUES ('6f4918723703870ecee59c84196cf1f4', '4');
REPLACE INTO `rvs_template_categories_xref` (`template_id`, `rvs_category_id`) VALUES ('6f4918723703870ecee59c84196cf1f4', '13');
REPLACE INTO `rvs_template_categories_xref` (`template_id`, `rvs_category_id`) VALUES ('6f4918723703870ecee59c84196cf1f4', '19');
REPLACE INTO `rvs_template_type_xref` (`template_id`, `template_type_id`) VALUES ('6f4918723703870ecee59c84196cf1f4', '1');
REPLACE INTO `rvs_template_type` (`template_type_id`, `template_type_name`) VALUES ('1', 'Flash');
REPLACE INTO `rvs_usr` (`rvs_usr_id`, `user_name`) VALUES ('19801db0e652b0ef49e61f8090be3042', 'zynetsw1');
